INSERT INTO `llx_congespayes_events` VALUES (1,'Mariage','3.00');

--
-- Table structure for table `llx_congespayes_logs`
--

CREATE TABLE `llx_congespayes_logs` (
  `rowid` int(11) NOT NULL AUTO_INCREMENT,
  `date_action` datetime NOT NULL,
  `fk_user_action` int(11) NOT NULL,
  `fk_user_update` int(11) NOT NULL,
  `type_action` varchar(255) COLLATE latin1_german2_ci NOT NULL,
  `prev_solde` varchar(255) COLLATE latin1_german2_ci NOT NULL,
  `new_solde` varchar(255) COLLATE latin1_german2_ci NOT NULL,
  PRIMARY KEY (`rowid`)
) ENGINE=InnoDB DEFAULT CHARSET=latin1 COLLATE=latin1_german2_ci;

--
-- Dumping data for table `llx_congespayes_logs`
--


--
-- Table structure for table `llx_congespayes_users`
--

CREATE TABLE `llx_congespayes_users` (
  `fk_user` int(11) NOT NULL,
  `nb_conges` float NOT NULL DEFAULT '0',
  PRIMARY KEY (`fk_user`)
) ENGINE=InnoDB DEFAULT CHARSET=latin1 COLLATE=latin1_german2_ci;

--
-- Dumping data for table `llx_congespayes_users`
--

INSERT INTO `llx_congespayes_users` VALUES (1,0),(2,0),(3,0),(4,0),(5,0),(6,0),(7,0),(8,0),(9,0);

--
-- Table structure for table `llx_const`
--

CREATE TABLE `llx_const` (
  `rowid` int(11) NOT NULL AUTO_INCREMENT,
  `name` varchar(255) NOT NULL,
  `entity` int(11) NOT NULL DEFAULT '1',
  `value` text NOT NULL,
  `type` varchar(6) DEFAULT NULL,
  `visible` tinyint(4) NOT NULL DEFAULT '1',
  `note` text,
  `tms` timestamp NOT NULL DEFAULT CURRENT_TIMESTAMP ON UPDATE CURRENT_TIMESTAMP,
  PRIMARY KEY (`rowid`),
  UNIQUE KEY `uk_const` (`name`,`entity`)
) ENGINE=InnoDB AUTO_INCREMENT=5357 DEFAULT CHARSET=utf8;

--
-- Dumping data for table `llx_const`
--

INSERT INTO `llx_const` VALUES (5,'SYSLOG_LEVEL',0,'7','chaine',0,'Level of debug info to show','2010-07-08 11:17:57'),(8,'MAIN_UPLOAD_DOC',0,'2048','chaine',0,'Max size for file upload (0 means no upload allowed)','2010-07-08 11:17:57'),(9,'MAIN_SEARCHFORM_SOCIETE',0,'1','yesno',0,'Show form for quick company search','2010-07-08 11:17:57'),(10,'MAIN_SEARCHFORM_CONTACT',0,'1','yesno',0,'Show form for quick contact search','2010-07-08 11:17:57'),(11,'MAIN_SEARCHFORM_PRODUITSERVICE',0,'1','yesno',0,'Show form for quick product search','2010-07-08 11:17:58'),(12,'MAIN_SEARCHFORM_ADHERENT',0,'1','yesno',0,'Show form for quick member search','2010-07-08 11:17:58'),(16,'MAIN_SIZE_LISTE_LIMIT',0,'25','chaine',0,'Longueur maximum des listes','2010-07-08 11:17:58'),(17,'MAIN_SHOW_WORKBOARD',0,'1','yesno',0,'Affichage tableau de bord de travail Dolibarr','2010-07-08 11:17:58'),(29,'MAIN_DELAY_NOT_ACTIVATED_SERVICES',1,'0','chaine',0,'Tolérance de retard avant alerte (en jours) sur services à activer','2010-07-08 11:17:58'),(33,'SOCIETE_NOLIST_COURRIER',0,'1','yesno',0,'Liste les fichiers du repertoire courrier','2010-07-08 11:17:58'),(35,'SOCIETE_CODECOMPTA_ADDON',1,'mod_codecompta_panicum','yesno',0,'Module to control third parties codes','2010-07-08 11:17:58'),(36,'ADHERENT_MAIL_REQUIRED',1,'1','yesno',0,'EMail required to create a new member','2010-07-08 11:17:58'),(37,'ADHERENT_MAIL_FROM',1,'adherents@domain.com','chaine',0,'Sender EMail for automatic emails','2010-07-08 11:17:58'),(38,'ADHERENT_MAIL_RESIL',1,'Your subscription has been resiliated.\r\nWe hope to see you soon again','texte',0,'Mail resiliation','2010-07-08 11:17:58'),(39,'ADHERENT_MAIL_VALID',1,'Your subscription has been validated.\r\nThis is a remind of your personal information :\r\n\r\n%INFOS%\r\n\r\n','texte',0,'Mail de validation','2010-07-08 11:17:59'),(40,'ADHERENT_MAIL_COTIS',1,'Hello %PRENOM%,\r\nThanks for your subscription.\r\nThis email confirms that your subscription has been received and processed.\r\n\r\n','texte',0,'Mail de validation de cotisation','2010-07-08 11:17:59'),(41,'ADHERENT_MAIL_VALID_SUBJECT',1,'Your subscription has been validated','chaine',0,'Sujet du mail de validation','2010-07-08 11:17:59'),(42,'ADHERENT_MAIL_RESIL_SUBJECT',1,'Resiliating your subscription','chaine',0,'Sujet du mail de resiliation','2010-07-08 11:17:59'),(43,'ADHERENT_MAIL_COTIS_SUBJECT',1,'Receipt of your subscription','chaine',0,'Sujet du mail de validation de cotisation','2010-07-08 11:17:59'),(44,'MAILING_EMAIL_FROM',1,'dolibarr@domain.com','chaine',0,'EMail emmetteur pour les envois d emailings','2010-07-08 11:17:59'),(45,'ADHERENT_USE_MAILMAN',1,'0','yesno',0,'Utilisation de Mailman','2010-07-08 11:17:59'),(46,'ADHERENT_MAILMAN_UNSUB_URL',1,'http://lists.domain.com/cgi-bin/mailman/admin/%LISTE%/members?adminpw=%MAILMAN_ADMINPW%&user=%EMAIL%','chaine',0,'Url de desinscription aux listes mailman','2010-07-08 11:17:59'),(47,'ADHERENT_MAILMAN_URL',1,'http://lists.domain.com/cgi-bin/mailman/admin/%LISTE%/members?adminpw=%MAILMAN_ADMINPW%&send_welcome_msg_to_this_batch=1&subscribees=%EMAIL%','chaine',0,'Url pour les inscriptions mailman','2010-07-08 11:17:59'),(48,'ADHERENT_MAILMAN_LISTS',1,'test-test,test-test2','chaine',0,'Listes auxquelles inscrire les nouveaux adherents','2010-07-08 11:17:59'),(49,'ADHERENT_MAILMAN_ADMINPW',1,'','chaine',0,'Mot de passe Admin des liste mailman','2010-07-08 11:17:59'),(50,'ADHERENT_MAILMAN_SERVER',1,'lists.domain.com','chaine',0,'Serveur hebergeant les interfaces d Admin des listes mailman','2010-07-08 11:17:59'),(51,'ADHERENT_MAILMAN_LISTS_COTISANT',1,'','chaine',0,'Liste(s) auxquelles les nouveaux cotisants sont inscris automatiquement','2010-07-08 11:17:59'),(52,'ADHERENT_USE_SPIP',1,'0','yesno',0,'Utilisation de SPIP ?','2010-07-08 11:17:59'),(53,'ADHERENT_USE_SPIP_AUTO',1,'0','yesno',0,'Utilisation de SPIP automatiquement','2010-07-08 11:17:59'),(54,'ADHERENT_SPIP_USER',1,'user','chaine',0,'user spip','2010-07-08 11:17:59'),(55,'ADHERENT_SPIP_PASS',1,'pass','chaine',0,'Pass de connection','2010-07-08 11:17:59'),(56,'ADHERENT_SPIP_SERVEUR',1,'localhost','chaine',0,'serveur spip','2010-07-08 11:17:59'),(57,'ADHERENT_SPIP_DB',1,'spip','chaine',0,'db spip','2010-07-08 11:17:59'),(58,'ADHERENT_CARD_HEADER_TEXT',1,'%ANNEE%','chaine',0,'Texte imprime sur le haut de la carte adherent','2010-07-08 11:17:59'),(59,'ADHERENT_CARD_FOOTER_TEXT',1,'Association AZERTY','chaine',0,'Texte imprime sur le bas de la carte adherent','2010-07-08 11:17:59'),(61,'FCKEDITOR_ENABLE_USER',1,'1','yesno',0,'Activation fckeditor sur notes utilisateurs','2010-07-08 11:17:59'),(62,'FCKEDITOR_ENABLE_SOCIETE',1,'1','yesno',0,'Activation fckeditor sur notes societe','2010-07-08 11:17:59'),(63,'FCKEDITOR_ENABLE_PRODUCTDESC',1,'1','yesno',0,'Activation fckeditor sur notes produits','2010-07-08 11:17:59'),(64,'FCKEDITOR_ENABLE_MEMBER',1,'1','yesno',0,'Activation fckeditor sur notes adherent','2010-07-08 11:17:59'),(65,'FCKEDITOR_ENABLE_MAILING',1,'1','yesno',0,'Activation fckeditor sur emailing','2010-07-08 11:17:59'),(66,'OSC_DB_HOST',1,'localhost','chaine',0,'Host for OSC database for OSCommerce module 1','2010-07-08 11:17:59'),(67,'DON_ADDON_MODEL',1,'html_cerfafr','chaine',0,'','2010-07-08 11:18:00'),(68,'PROPALE_ADDON',1,'mod_propale_marbre','chaine',0,'','2010-07-08 11:18:00'),(69,'PROPALE_ADDON_PDF',1,'azur','chaine',0,'','2010-07-08 11:18:00'),(70,'COMMANDE_ADDON',1,'mod_commande_marbre','chaine',0,'','2010-07-08 11:18:00'),(71,'COMMANDE_ADDON_PDF',1,'einstein','chaine',0,'','2010-07-08 11:18:00'),(72,'COMMANDE_SUPPLIER_ADDON',1,'mod_commande_fournisseur_muguet','chaine',0,'','2010-07-08 11:18:00'),(73,'COMMANDE_SUPPLIER_ADDON_PDF',1,'muscadet','chaine',0,'','2010-07-08 11:18:00'),(74,'EXPEDITION_ADDON',1,'enlevement','chaine',0,'','2010-07-08 11:18:00'),(76,'FICHEINTER_ADDON',1,'pacific','chaine',0,'','2010-07-08 11:18:00'),(77,'FICHEINTER_ADDON_PDF',1,'soleil','chaine',0,'','2010-07-08 11:18:00'),(79,'FACTURE_ADDON_PDF',1,'crabe','chaine',0,'','2010-07-08 11:18:00'),(80,'PROPALE_VALIDITY_DURATION',1,'15','chaine',0,'Durée de validitée des propales','2010-07-08 11:18:00'),(230,'COMPANY_ADDON_PDF_ODT_PATH',1,'DOL_DATA_ROOT/doctemplates/thirdparties','chaine',0,NULL,'2010-07-08 11:26:20'),(238,'LIVRAISON_ADDON_PDF',1,'typhon','chaine',0,'Nom du gestionnaire de generation des commandes en PDF','2010-07-08 11:26:27'),(239,'LIVRAISON_ADDON_NUMBER',1,'mod_livraison_jade','chaine',0,'Nom du gestionnaire de numerotation des bons de livraison','2013-03-20 13:17:36'),(242,'MAIN_SUBMODULE_EXPEDITION',1,'1','chaine',0,'','2010-07-08 11:26:34'),(245,'FACTURE_ADDON_PDF_ODT_PATH',1,'DOL_DATA_ROOT/doctemplates/invoices','chaine',0,NULL,'2010-07-08 11:28:53'),(249,'DON_FORM',1,'fsfe.fr.php','chaine',0,'Nom du gestionnaire de formulaire de dons','2010-07-08 11:29:00'),(252,'MAIN_MODULE_ADHERENT',1,'1',NULL,0,NULL,'2010-07-08 11:29:05'),(253,'ADHERENT_BANK_USE_AUTO',1,'','yesno',0,'Insertion automatique des cotisation dans le compte banquaire','2010-07-08 11:29:05'),(254,'ADHERENT_BANK_ACCOUNT',1,'','chaine',0,'ID du Compte banquaire utilise','2010-07-08 11:29:05'),(255,'ADHERENT_BANK_CATEGORIE',1,'','chaine',0,'ID de la categorie banquaire des cotisations','2010-07-08 11:29:05'),(256,'ADHERENT_ETIQUETTE_TYPE',1,'L7163','chaine',0,'Type d etiquette (pour impression de planche d etiquette)','2010-07-08 11:29:05'),(260,'MAIN_MODULE_STOCK',1,'1',NULL,0,NULL,'2010-07-08 11:29:18'),(269,'PROJECT_ADDON_PDF',1,'baleine','chaine',0,'Nom du gestionnaire de generation des projets en PDF','2010-07-08 11:29:33'),(270,'PROJECT_ADDON',1,'mod_project_simple','chaine',0,'Nom du gestionnaire de numerotation des projets','2010-07-08 11:29:33'),(271,'MAIN_MODULE_MAILING',1,'1',NULL,0,NULL,'2010-07-08 11:29:37'),(272,'MAIN_MODULE_EXPORT',1,'1',NULL,0,NULL,'2010-07-08 11:29:41'),(273,'MAIN_MODULE_IMPORT',1,'1',NULL,0,NULL,'2010-07-08 11:29:45'),(274,'MAIN_MODULE_CATEGORIE',1,'1',NULL,0,NULL,'2010-07-08 11:29:59'),(275,'MAIN_MODULE_BOOKMARK',1,'1',NULL,0,NULL,'2010-07-08 11:30:03'),(276,'MAIN_MODULE_WEBSERVICES',1,'1',NULL,0,NULL,'2010-07-08 11:30:30'),(278,'MAIN_MODULE_GEOIPMAXMIND',1,'1',NULL,0,NULL,'2010-07-08 11:30:36'),(279,'MAIN_MODULE_EXTERNALRSS',1,'1',NULL,0,NULL,'2010-07-08 11:30:38'),(292,'MAIN_MODULE_FCKEDITOR',1,'1',NULL,0,NULL,'2010-07-08 11:56:27'),(368,'STOCK_USERSTOCK_AUTOCREATE',1,'1','chaine',0,'','2010-07-08 22:44:59'),(369,'EXPEDITION_ADDON_PDF',1,'merou','chaine',0,'','2010-07-08 22:58:07'),(370,'MAIN_SUBMODULE_LIVRAISON',1,'1','chaine',0,'','2010-07-08 23:00:29'),(377,'FACTURE_ADDON',1,'mod_facture_terre','chaine',0,'','2010-07-08 23:08:12'),(380,'ADHERENT_CARD_TEXT',1,'%TYPE% n° %ID%\r\n%PRENOM% %NOM%\r\n<%EMAIL%>\r\n%ADRESSE%\r\n%CP% %VILLE%\r\n%PAYS%','',0,'Texte imprime sur la carte adherent','2010-07-08 23:14:46'),(381,'ADHERENT_CARD_TEXT_RIGHT',1,'aaa','',0,'','2010-07-08 23:14:55'),(384,'PRODUIT_SOUSPRODUITS',1,'1','chaine',0,'','2010-07-08 23:22:12'),(385,'PRODUIT_USE_SEARCH_TO_SELECT',1,'1','chaine',0,'','2010-07-08 23:22:19'),(386,'STOCK_CALCULATE_ON_SHIPMENT',1,'1','chaine',0,'','2010-07-08 23:23:21'),(387,'STOCK_CALCULATE_ON_SUPPLIER_DISPATCH_ORDER',1,'1','chaine',0,'','2010-07-08 23:23:26'),(392,'MAIN_AGENDA_XCAL_EXPORTKEY',1,'dolibarr','chaine',0,'','2010-07-08 23:27:50'),(393,'MAIN_AGENDA_EXPORT_PAST_DELAY',1,'100','chaine',0,'','2010-07-08 23:27:50'),(523,'MAIN_AGENDA_ACTIONAUTO_COMPANY_CREATE',1,'1','chaine',0,'','2010-07-10 12:48:49'),(524,'MAIN_AGENDA_ACTIONAUTO_CONTRACT_VALIDATE',1,'1','chaine',0,'','2010-07-10 12:48:49'),(525,'MAIN_AGENDA_ACTIONAUTO_PROPAL_VALIDATE',1,'1','chaine',0,'','2010-07-10 12:48:49'),(526,'MAIN_AGENDA_ACTIONAUTO_PROPAL_SENTBYMAIL',1,'1','chaine',0,'','2010-07-10 12:48:49'),(527,'MAIN_AGENDA_ACTIONAUTO_ORDER_VALIDATE',1,'1','chaine',0,'','2010-07-10 12:48:49'),(528,'MAIN_AGENDA_ACTIONAUTO_ORDER_SENTBYMAIL',1,'1','chaine',0,'','2010-07-10 12:48:49'),(529,'MAIN_AGENDA_ACTIONAUTO_BILL_VALIDATE',1,'1','chaine',0,'','2010-07-10 12:48:49'),(530,'MAIN_AGENDA_ACTIONAUTO_BILL_PAYED',1,'1','chaine',0,'','2010-07-10 12:48:49'),(531,'MAIN_AGENDA_ACTIONAUTO_BILL_CANCEL',1,'1','chaine',0,'','2010-07-10 12:48:49'),(532,'MAIN_AGENDA_ACTIONAUTO_BILL_SENTBYMAIL',1,'1','chaine',0,'','2010-07-10 12:48:49'),(533,'MAIN_AGENDA_ACTIONAUTO_ORDER_SUPPLIER_VALIDATE',1,'1','chaine',0,'','2010-07-10 12:48:50'),(534,'MAIN_AGENDA_ACTIONAUTO_BILL_SUPPLIER_VALIDATE',1,'1','chaine',0,'','2010-07-10 12:48:50'),(602,'MAIN_MODULE_PROJET',1,'1',NULL,0,NULL,'2010-07-11 13:26:54'),(610,'CASHDESK_ID_THIRDPARTY',1,'7','chaine',0,'','2010-07-11 17:08:18'),(611,'CASHDESK_ID_BANKACCOUNT_CASH',1,'3','chaine',0,'','2010-07-11 17:08:18'),(612,'CASHDESK_ID_BANKACCOUNT_CHEQUE',1,'1','chaine',0,'','2010-07-11 17:08:18'),(613,'CASHDESK_ID_BANKACCOUNT_CB',1,'1','chaine',0,'','2010-07-11 17:08:18'),(614,'CASHDESK_ID_WAREHOUSE',1,'2','chaine',0,'','2010-07-11 17:08:18'),(660,'LDAP_USER_DN',1,'ou=users,dc=my-domain,dc=com','chaine',0,NULL,'2010-07-18 10:25:27'),(661,'LDAP_GROUP_DN',1,'ou=groups,dc=my-domain,dc=com','chaine',0,NULL,'2010-07-18 10:25:27'),(662,'LDAP_FILTER_CONNECTION',1,'&(objectClass=user)(objectCategory=person)','chaine',0,NULL,'2010-07-18 10:25:27'),(663,'LDAP_FIELD_LOGIN',1,'uid','chaine',0,NULL,'2010-07-18 10:25:27'),(664,'LDAP_FIELD_FULLNAME',1,'cn','chaine',0,NULL,'2010-07-18 10:25:27'),(665,'LDAP_FIELD_NAME',1,'sn','chaine',0,NULL,'2010-07-18 10:25:27'),(666,'LDAP_FIELD_FIRSTNAME',1,'givenname','chaine',0,NULL,'2010-07-18 10:25:27'),(667,'LDAP_FIELD_MAIL',1,'mail','chaine',0,NULL,'2010-07-18 10:25:27'),(668,'LDAP_FIELD_PHONE',1,'telephonenumber','chaine',0,NULL,'2010-07-18 10:25:27'),(669,'LDAP_FIELD_FAX',1,'facsimiletelephonenumber','chaine',0,NULL,'2010-07-18 10:25:27'),(670,'LDAP_FIELD_MOBILE',1,'mobile','chaine',0,NULL,'2010-07-18 10:25:27'),(671,'LDAP_SERVER_TYPE',1,'openldap','chaine',0,'','2010-07-18 10:25:46'),(672,'LDAP_SERVER_PROTOCOLVERSION',1,'3','chaine',0,'','2010-07-18 10:25:47'),(673,'LDAP_SERVER_HOST',1,'localhost','chaine',0,'','2010-07-18 10:25:47'),(674,'LDAP_SERVER_PORT',1,'389','chaine',0,'','2010-07-18 10:25:47'),(675,'LDAP_SERVER_USE_TLS',1,'0','chaine',0,'','2010-07-18 10:25:47'),(676,'LDAP_SYNCHRO_ACTIVE',1,'dolibarr2ldap','chaine',0,'','2010-07-18 10:25:47'),(677,'LDAP_CONTACT_ACTIVE',1,'1','chaine',0,'','2010-07-18 10:25:47'),(678,'LDAP_MEMBER_ACTIVE',1,'1','chaine',0,'','2010-07-18 10:25:47'),(807,'MAIN_AGENDA_ACTIONAUTO_SHIPPING_VALIDATE',1,'1','chaine',0,NULL,'2011-07-18 17:27:52'),(808,'MAIN_AGENDA_ACTIONAUTO_SHIPPING_SENTBYMAIL',1,'1','chaine',0,NULL,'2011-07-18 17:27:52'),(834,'MAIN_MODULE_CASHDESK',1,'1',NULL,0,NULL,'2011-07-18 17:30:24'),(969,'MAIN_MODULE_PRELEVEMENT',1,'1',NULL,0,NULL,'2011-07-18 18:01:59'),(973,'MAIN_MODULE_WORKFLOW',1,'1',NULL,0,NULL,'2011-07-18 18:02:20'),(974,'MAIN_MODULE_WORKFLOW_TRIGGERS',1,'1','chaine',0,NULL,'2011-07-18 18:02:20'),(975,'WORKFLOW_PROPAL_AUTOCREATE_ORDER',1,'1','chaine',0,'','2011-07-18 18:02:24'),(978,'MAIN_MODULE_NOTIFICATION',1,'1',NULL,0,NULL,'2011-07-18 18:03:06'),(979,'PRELEVEMENT_USER',1,'1','chaine',0,'','2011-07-18 18:05:50'),(980,'PRELEVEMENT_NUMERO_NATIONAL_EMETTEUR',1,'1234567','chaine',0,'','2011-07-18 18:05:50'),(981,'PRELEVEMENT_ID_BANKACCOUNT',1,'1','chaine',0,'','2011-07-18 18:05:50'),(983,'FACTURE_RIB_NUMBER',1,'1','chaine',0,'','2011-07-18 18:35:14'),(984,'FACTURE_CHQ_NUMBER',1,'1','chaine',0,'','2011-07-18 18:35:14'),(1016,'GOOGLE_DUPLICATE_INTO_GCAL',1,'1','chaine',0,'','2011-07-18 21:40:20'),(1018,'MAIN_MODULE_SYSLOG',0,'1',NULL,0,NULL,'2011-07-20 11:36:47'),(1098,'MAIN_INFO_SOCIETE_LOGO',1,'dolibarr_125x125.png','chaine',0,'','2011-07-28 18:42:09'),(1099,'MAIN_INFO_SOCIETE_LOGO_SMALL',1,'dolibarr_125x125_small.png','chaine',0,'','2011-07-28 18:42:09'),(1100,'MAIN_INFO_SOCIETE_LOGO_MINI',1,'dolibarr_125x125_mini.png','chaine',0,'','2011-07-28 18:42:09'),(1138,'MAIN_VERSION_LAST_INSTALL',0,'3.1.0-beta','chaine',0,'Dolibarr version when install','2011-07-28 23:05:02'),(1152,'SOCIETE_CODECLIENT_ADDON',1,'mod_codeclient_monkey','chaine',0,'','2011-07-29 20:50:02'),(1231,'MAIN_UPLOAD_DOC',1,'2048','chaine',0,'','2011-07-29 21:04:00'),(1234,'MAIN_UMASK',1,'0664','chaine',0,'','2011-07-29 21:04:11'),(1240,'MAIN_LOGEVENTS_USER_LOGIN',1,'1','chaine',0,'','2011-07-29 21:05:01'),(1241,'MAIN_LOGEVENTS_USER_LOGIN_FAILED',1,'1','chaine',0,'','2011-07-29 21:05:01'),(1242,'MAIN_LOGEVENTS_USER_LOGOUT',1,'1','chaine',0,'','2011-07-29 21:05:01'),(1243,'MAIN_LOGEVENTS_USER_CREATE',1,'1','chaine',0,'','2011-07-29 21:05:01'),(1244,'MAIN_LOGEVENTS_USER_MODIFY',1,'1','chaine',0,'','2011-07-29 21:05:01'),(1245,'MAIN_LOGEVENTS_USER_NEW_PASSWORD',1,'1','chaine',0,'','2011-07-29 21:05:01'),(1246,'MAIN_LOGEVENTS_USER_ENABLEDISABLE',1,'1','chaine',0,'','2011-07-29 21:05:01'),(1247,'MAIN_LOGEVENTS_USER_DELETE',1,'1','chaine',0,'','2011-07-29 21:05:01'),(1248,'MAIN_LOGEVENTS_GROUP_CREATE',1,'1','chaine',0,'','2011-07-29 21:05:01'),(1249,'MAIN_LOGEVENTS_GROUP_MODIFY',1,'1','chaine',0,'','2011-07-29 21:05:01'),(1250,'MAIN_LOGEVENTS_GROUP_DELETE',1,'1','chaine',0,'','2011-07-29 21:05:01'),(1251,'MAIN_BOXES_MAXLINES',1,'5','',0,'','2011-07-29 21:05:42'),(1379,'CABINETMED_RHEUMATOLOGY_ON',1,'1','chaine',1,'Enable features for rheumatology','2011-08-01 21:47:53'),(1482,'EXPEDITION_ADDON_NUMBER',1,'mod_expedition_safor','chaine',0,'Nom du gestionnaire de numerotation des expeditions','2011-08-05 17:53:11'),(1490,'CONTRACT_ADDON',1,'mod_contract_serpis','chaine',0,'Nom du gestionnaire de numerotation des contrats','2011-08-05 18:11:58'),(1677,'COMMANDE_ADDON_PDF_ODT_PATH',1,'DOL_DATA_ROOT/doctemplates/orders','chaine',0,NULL,'2012-12-08 13:11:02'),(1698,'PRODUCT_CODEPRODUCT_ADDON',1,'mod_codeproduct_leopard','yesno',0,'Module to control product codes','2012-12-08 13:11:25'),(1718,'MAIN_MODULE_TAX',1,'1',NULL,0,NULL,'2012-12-08 13:12:41'),(1719,'ACCOUNTING_USEDICTTOEDIT',1,'1','chaine',1,'','2012-12-08 13:15:00'),(1724,'PROPALE_ADDON_PDF_ODT_PATH',1,'DOL_DATA_ROOT/doctemplates/proposals','chaine',0,NULL,'2012-12-08 13:17:14'),(1730,'OPENSTREETMAP_ENABLE_MAPS',1,'1','chaine',0,'','2012-12-08 13:22:47'),(1731,'OPENSTREETMAP_ENABLE_MAPS_CONTACTS',1,'1','chaine',0,'','2012-12-08 13:22:47'),(1732,'OPENSTREETMAP_ENABLE_MAPS_MEMBERS',1,'1','chaine',0,'','2012-12-08 13:22:47'),(1733,'OPENSTREETMAP_MAPS_ZOOM_LEVEL',1,'15','chaine',0,'','2012-12-08 13:22:47'),(1737,'MAIN_INFO_SOCIETE_COUNTRY',2,'1:FR:France','chaine',0,'','2013-02-26 21:56:28'),(1738,'MAIN_INFO_SOCIETE_NOM',2,'aaa','chaine',0,'','2012-12-08 14:08:14'),(1739,'MAIN_INFO_SOCIETE_STATE',2,'0','chaine',0,'','2013-02-27 14:20:27'),(1740,'MAIN_MONNAIE',2,'EUR','chaine',0,'','2012-12-08 14:08:14'),(1741,'MAIN_LANG_DEFAULT',2,'auto','chaine',0,'','2012-12-08 14:08:14'),(1742,'MAIN_MAIL_EMAIL_FROM',2,'dolibarr-robot@domain.com','chaine',0,'EMail emetteur pour les emails automatiques Dolibarr','2012-12-08 14:08:14'),(1743,'MAIN_MENU_STANDARD',2,'eldy_menu.php','chaine',0,'Module de gestion de la barre de menu du haut pour utilisateurs internes','2013-02-11 19:43:54'),(1744,'MAIN_MENUFRONT_STANDARD',2,'eldy_menu.php','chaine',0,'Module de gestion de la barre de menu du haut pour utilisateurs externes','2013-02-11 19:43:54'),(1745,'MAIN_MENU_SMARTPHONE',2,'iphone_backoffice.php','chaine',0,'Module de gestion de la barre de menu smartphone pour utilisateurs internes','2012-12-08 14:08:14'),(1746,'MAIN_MENUFRONT_SMARTPHONE',2,'iphone_frontoffice.php','chaine',0,'Module de gestion de la barre de menu smartphone pour utilisateurs externes','2012-12-08 14:08:14'),(1747,'MAIN_THEME',2,'eldy','chaine',0,'Default theme','2012-12-08 14:08:14'),(1748,'MAIN_DELAY_ACTIONS_TODO',2,'7','chaine',0,'Tolérance de retard avant alerte (en jours) sur actions planifiées non réalisées','2012-12-08 14:08:14'),(1749,'MAIN_DELAY_ORDERS_TO_PROCESS',2,'2','chaine',0,'Tolérance de retard avant alerte (en jours) sur commandes clients non traitées','2012-12-08 14:08:14'),(1750,'MAIN_DELAY_SUPPLIER_ORDERS_TO_PROCESS',2,'7','chaine',0,'Tolérance de retard avant alerte (en jours) sur commandes fournisseurs non traitées','2012-12-08 14:08:14'),(1751,'MAIN_DELAY_PROPALS_TO_CLOSE',2,'31','chaine',0,'Tolérance de retard avant alerte (en jours) sur propales à cloturer','2012-12-08 14:08:14'),(1752,'MAIN_DELAY_PROPALS_TO_BILL',2,'7','chaine',0,'Tolérance de retard avant alerte (en jours) sur propales non facturées','2012-12-08 14:08:14'),(1753,'MAIN_DELAY_CUSTOMER_BILLS_UNPAYED',2,'31','chaine',0,'Tolérance de retard avant alerte (en jours) sur factures client impayées','2012-12-08 14:08:14'),(1754,'MAIN_DELAY_SUPPLIER_BILLS_TO_PAY',2,'2','chaine',0,'Tolérance de retard avant alerte (en jours) sur factures fournisseur impayées','2012-12-08 14:08:14'),(1755,'MAIN_DELAY_NOT_ACTIVATED_SERVICES',2,'0','chaine',0,'Tolérance de retard avant alerte (en jours) sur services à activer','2012-12-08 14:08:14'),(1756,'MAIN_DELAY_RUNNING_SERVICES',2,'0','chaine',0,'Tolérance de retard avant alerte (en jours) sur services expirés','2012-12-08 14:08:14'),(1757,'MAIN_DELAY_MEMBERS',2,'31','chaine',0,'Tolérance de retard avant alerte (en jours) sur cotisations adhérent en retard','2012-12-08 14:08:14'),(1758,'MAIN_DELAY_TRANSACTIONS_TO_CONCILIATE',2,'62','chaine',0,'Tolérance de retard avant alerte (en jours) sur rapprochements bancaires à faire','2012-12-08 14:08:14'),(1759,'MAILING_EMAIL_FROM',2,'dolibarr@domain.com','chaine',0,'EMail emmetteur pour les envois d emailings','2012-12-08 14:08:14'),(1760,'MAIN_INFO_SOCIETE_COUNTRY',3,'1:FR:France','chaine',0,'','2013-02-26 21:56:28'),(1761,'MAIN_INFO_SOCIETE_NOM',3,'bbb','chaine',0,'','2012-12-08 14:08:20'),(1762,'MAIN_INFO_SOCIETE_STATE',3,'0','chaine',0,'','2013-02-27 14:20:27'),(1763,'MAIN_MONNAIE',3,'EUR','chaine',0,'','2012-12-08 14:08:20'),(1764,'MAIN_LANG_DEFAULT',3,'auto','chaine',0,'','2012-12-08 14:08:20'),(1765,'MAIN_MAIL_EMAIL_FROM',3,'dolibarr-robot@domain.com','chaine',0,'EMail emetteur pour les emails automatiques Dolibarr','2012-12-08 14:08:20'),(1766,'MAIN_MENU_STANDARD',3,'eldy_menu.php','chaine',0,'Module de gestion de la barre de menu du haut pour utilisateurs internes','2013-02-11 19:43:54'),(1767,'MAIN_MENUFRONT_STANDARD',3,'eldy_menu.php','chaine',0,'Module de gestion de la barre de menu du haut pour utilisateurs externes','2013-02-11 19:43:54'),(1768,'MAIN_MENU_SMARTPHONE',3,'iphone_backoffice.php','chaine',0,'Module de gestion de la barre de menu smartphone pour utilisateurs internes','2012-12-08 14:08:20'),(1769,'MAIN_MENUFRONT_SMARTPHONE',3,'iphone_frontoffice.php','chaine',0,'Module de gestion de la barre de menu smartphone pour utilisateurs externes','2012-12-08 14:08:20'),(1770,'MAIN_THEME',3,'eldy','chaine',0,'Default theme','2012-12-08 14:08:20'),(1771,'MAIN_DELAY_ACTIONS_TODO',3,'7','chaine',0,'Tolérance de retard avant alerte (en jours) sur actions planifiées non réalisées','2012-12-08 14:08:20'),(1772,'MAIN_DELAY_ORDERS_TO_PROCESS',3,'2','chaine',0,'Tolérance de retard avant alerte (en jours) sur commandes clients non traitées','2012-12-08 14:08:20'),(1773,'MAIN_DELAY_SUPPLIER_ORDERS_TO_PROCESS',3,'7','chaine',0,'Tolérance de retard avant alerte (en jours) sur commandes fournisseurs non traitées','2012-12-08 14:08:20'),(1774,'MAIN_DELAY_PROPALS_TO_CLOSE',3,'31','chaine',0,'Tolérance de retard avant alerte (en jours) sur propales à cloturer','2012-12-08 14:08:20'),(1775,'MAIN_DELAY_PROPALS_TO_BILL',3,'7','chaine',0,'Tolérance de retard avant alerte (en jours) sur propales non facturées','2012-12-08 14:08:20'),(1776,'MAIN_DELAY_CUSTOMER_BILLS_UNPAYED',3,'31','chaine',0,'Tolérance de retard avant alerte (en jours) sur factures client impayées','2012-12-08 14:08:20'),(1777,'MAIN_DELAY_SUPPLIER_BILLS_TO_PAY',3,'2','chaine',0,'Tolérance de retard avant alerte (en jours) sur factures fournisseur impayées','2012-12-08 14:08:20'),(1778,'MAIN_DELAY_NOT_ACTIVATED_SERVICES',3,'0','chaine',0,'Tolérance de retard avant alerte (en jours) sur services à activer','2012-12-08 14:08:20'),(1779,'MAIN_DELAY_RUNNING_SERVICES',3,'0','chaine',0,'Tolérance de retard avant alerte (en jours) sur services expirés','2012-12-08 14:08:20'),(1780,'MAIN_DELAY_MEMBERS',3,'31','chaine',0,'Tolérance de retard avant alerte (en jours) sur cotisations adhérent en retard','2012-12-08 14:08:20'),(1781,'MAIN_DELAY_TRANSACTIONS_TO_CONCILIATE',3,'62','chaine',0,'Tolérance de retard avant alerte (en jours) sur rapprochements bancaires à faire','2012-12-08 14:08:20'),(1782,'MAILING_EMAIL_FROM',3,'dolibarr@domain.com','chaine',0,'EMail emmetteur pour les envois d emailings','2012-12-08 14:08:20'),(1803,'SYSLOG_FILE',1,'DOL_DATA_ROOT/dolibarr.log','chaine',0,'','2012-12-08 14:15:08'),(1804,'SYSLOG_HANDLERS',1,'[\"mod_syslog_file\"]','chaine',0,'','2012-12-08 14:15:08'),(1805,'MAIN_MODULE_SKINCOLOREDITOR',3,'1',NULL,0,NULL,'2012-12-08 14:35:40'),(1806,'MAIN_MODULE_SKINCOLOREDITOR_TABS_0',3,'user:+tabskincoloreditors:ColorEditor:skincoloreditor@skincoloreditor:/skincoloreditor/usercolors.php?id=__ID__','chaine',0,NULL,'2012-12-08 14:35:40'),(1867,'MAIN_MODULE_PAYPAL',1,'1',NULL,0,NULL,'2012-12-11 22:53:56'),(1922,'PAYPAL_API_SANDBOX',1,'1','chaine',0,'','2012-12-12 12:11:05'),(1923,'PAYPAL_API_USER',1,'seller_1355312017_biz_api1.nltechno.com','chaine',0,'','2012-12-12 12:11:05'),(1924,'PAYPAL_API_PASSWORD',1,'1355312040','chaine',0,'','2012-12-12 12:11:05'),(1925,'PAYPAL_API_SIGNATURE',1,'AXqqdsWBzvfn0q5iNmbuiDv1y.3EAXIMWyl4C5KvDReR9HDwwAd6dQ4Q','chaine',0,'','2012-12-12 12:11:05'),(1926,'PAYPAL_API_INTEGRAL_OR_PAYPALONLY',1,'integral','chaine',0,'','2012-12-12 12:11:05'),(1927,'PAYPAL_SECURITY_TOKEN',1,'50c82fab36bb3b6aa83e2a50691803b2','chaine',0,'','2012-12-12 12:11:05'),(1928,'PAYPAL_SECURITY_TOKEN_UNIQUE',1,'0','chaine',0,'','2012-12-12 12:11:05'),(1929,'PAYPAL_ADD_PAYMENT_URL',1,'1','chaine',0,'','2012-12-12 12:11:05'),(1980,'MAIN_PDF_FORMAT',1,'EUA4','chaine',0,'','2012-12-12 19:58:05'),(1981,'MAIN_PROFID1_IN_ADDRESS',1,'0','chaine',0,'','2012-12-12 19:58:05'),(1982,'MAIN_PROFID2_IN_ADDRESS',1,'0','chaine',0,'','2012-12-12 19:58:05'),(1983,'MAIN_PROFID3_IN_ADDRESS',1,'0','chaine',0,'','2012-12-12 19:58:05'),(1984,'MAIN_PROFID4_IN_ADDRESS',1,'0','chaine',0,'','2012-12-12 19:58:05'),(1985,'MAIN_GENERATE_DOCUMENTS_WITHOUT_VAT',1,'0','chaine',0,'','2012-12-12 19:58:05'),(1990,'MAIN_SMS_SENDMODE',1,'ovh','chaine',0,'This is to enable OVH SMS engine','2012-12-17 21:19:01'),(2040,'MAIN_MAIL_SMTP_PORT',0,'465','chaine',0,'','2012-12-19 12:58:10'),(2041,'MAIN_MAIL_SMTP_SERVER',0,'smtp.gmail.com','chaine',0,'','2012-12-19 12:58:10'),(2044,'MAIN_MAIL_EMAIL_TLS',0,'1','chaine',0,'','2012-12-19 12:58:10'),(2251,'FCKEDITOR_TEST',1,'Test<br />\r\n<img alt=\"\" src=\"/dolibarrnew/viewimage.php?modulepart=fckeditor&amp;file=image/Julien-Lavergne_reference_medium.jpg\" style=\"width: 200px; height: 172px;\" />fdfs','chaine',0,'','2012-12-19 19:12:24'),(2293,'SYSTEMTOOLS_MYSQLDUMP',1,'/usr/bin/mysqldump','chaine',0,'','2012-12-27 02:02:00'),(2305,'MAIN_MODULE_PROPALE',1,'1',NULL,0,NULL,'2013-01-02 20:33:16'),(2307,'MAIN_MODULE_CONTRAT',1,'1',NULL,0,NULL,'2013-01-02 20:33:17'),(2310,'MAIN_MODULE_EXPEDITION',1,'1',NULL,0,NULL,'2013-01-02 20:33:18'),(2313,'MAIN_MODULE_FILEMANAGER',1,'1',NULL,0,NULL,'2013-01-02 20:33:20'),(2314,'MAIN_MODULE_FILEMANAGER_CSS',1,'/filemanager/css/filemanager.css.php','chaine',0,NULL,'2013-01-02 20:33:20'),(2315,'MAIN_MODULE_FICHEINTER',1,'1',NULL,0,NULL,'2013-01-02 20:33:21'),(2321,'MAIN_MODULE_HOLIDAY',1,'1',NULL,0,NULL,'2013-01-02 20:33:24'),(2322,'MAIN_MODULE_HOLIDAY_TABS_0',1,'user:+paidholidays:CPTitreMenu:holiday:$user->rights->holiday->write:/holiday/index.php?mainmenu=holiday&id=__ID__','chaine',0,NULL,'2013-01-02 20:33:24'),(2786,'MAIN_SOAP_DEBUG',1,'1','chaine',1,'','2013-01-13 12:37:21'),(2835,'MAIN_USE_CONNECT_TIMEOUT',1,'10','chaine',0,'','2013-01-16 19:28:50'),(2836,'MAIN_USE_RESPONSE_TIMEOUT',1,'30','chaine',0,'','2013-01-16 19:28:50'),(2837,'MAIN_PROXY_USE',1,'0','chaine',0,'','2013-01-16 19:28:50'),(2838,'MAIN_PROXY_HOST',1,'localhost','chaine',0,'','2013-01-16 19:28:50'),(2839,'MAIN_PROXY_PORT',1,'8080','chaine',0,'','2013-01-16 19:28:50'),(2840,'MAIN_PROXY_USER',1,'aaa','chaine',0,'','2013-01-16 19:28:50'),(2841,'MAIN_PROXY_PASS',1,'bbb','chaine',0,'','2013-01-16 19:28:50'),(2848,'OVHSMS_NICK',1,'BN196-OVH','chaine',0,'','2013-01-16 19:32:36'),(2849,'OVHSMS_PASS',1,'bigone-10','chaine',0,'','2013-01-16 19:32:36'),(2850,'OVHSMS_SOAPURL',1,'https://www.ovh.com/soapi/soapi-re-1.55.wsdl','chaine',0,'','2013-01-16 19:32:36'),(2854,'THEME_ELDY_RGB',1,'bfbf00','chaine',0,'','2013-01-18 10:02:53'),(2855,'THEME_ELDY_ENABLE_PERSONALIZED',1,'0','chaine',0,'','2013-01-18 10:02:55'),(2858,'MAIN_SESSION_TIMEOUT',1,'2000','chaine',0,'','2013-01-19 17:01:53'),(2862,'TICKET_ADDON',1,'mod_ticket_avenc','chaine',0,'Nom du gestionnaire de numerotation des tickets','2013-01-19 17:16:10'),(2866,'MAIN_MODULE_PRODUCT',1,'1',NULL,0,NULL,'2013-01-19 17:16:10'),(2867,'FACSIM_ADDON',1,'mod_facsim_alcoy','chaine',0,'','2013-01-19 17:16:25'),(2868,'POS_SERVICES',1,'0','chaine',0,'','2013-01-19 17:16:51'),(2869,'POS_USE_TICKETS',1,'1','chaine',0,'','2013-01-19 17:16:51'),(2870,'POS_MAX_TTC',1,'100','chaine',0,'','2013-01-19 17:16:51'),(3190,'MAIN_MODULE_HOLIDAY',2,'1',NULL,0,NULL,'2013-02-01 08:52:34'),(3191,'MAIN_MODULE_HOLIDAY_TABS_0',2,'user:+paidholidays:CPTitreMenu:holiday:$user->rights->holiday->write:/holiday/index.php?mainmenu=holiday&id=__ID__','chaine',0,NULL,'2013-02-01 08:52:34'),(3195,'INVOICE_SUPPLIER_ADDON_PDF',1,'canelle','chaine',0,'','2013-02-10 19:50:27'),(3199,'MAIN_FORCE_RELOAD_PAGE',1,'1','chaine',0,NULL,'2013-02-12 16:22:55'),(3217,'MAIN_PDF_TITLE_BACKGROUND_COLOR',1,'240,240,240','chaine',1,'','2013-02-13 15:18:02'),(3223,'OVH_THIRDPARTY_IMPORT',1,'2','chaine',0,'','2013-02-13 16:20:18'),(3241,'COMPANY_USE_SEARCH_TO_SELECT',1,'2','chaine',0,'','2013-02-17 14:33:39'),(3409,'AGENDA_USE_EVENT_TYPE',1,'1','chaine',0,'','2013-02-27 18:12:24'),(3886,'MAIN_REMOVE_INSTALL_WARNING',1,'1','chaine',1,'','2013-03-02 18:32:50'),(4013,'MAIN_DELAY_ACTIONS_TODO',1,'7','chaine',0,'','2013-03-06 08:59:12'),(4014,'MAIN_DELAY_PROPALS_TO_CLOSE',1,'31','chaine',0,'','2013-03-06 08:59:12'),(4015,'MAIN_DELAY_PROPALS_TO_BILL',1,'7','chaine',0,'','2013-03-06 08:59:12'),(4016,'MAIN_DELAY_ORDERS_TO_PROCESS',1,'2','chaine',0,'','2013-03-06 08:59:12'),(4017,'MAIN_DELAY_CUSTOMER_BILLS_UNPAYED',1,'31','chaine',0,'','2013-03-06 08:59:12'),(4018,'MAIN_DELAY_SUPPLIER_ORDERS_TO_PROCESS',1,'7','chaine',0,'','2013-03-06 08:59:12'),(4019,'MAIN_DELAY_SUPPLIER_BILLS_TO_PAY',1,'2','chaine',0,'','2013-03-06 08:59:12'),(4020,'MAIN_DELAY_RUNNING_SERVICES',1,'-15','chaine',0,'','2013-03-06 08:59:12'),(4021,'MAIN_DELAY_TRANSACTIONS_TO_CONCILIATE',1,'62','chaine',0,'','2013-03-06 08:59:13'),(4022,'MAIN_DELAY_MEMBERS',1,'31','chaine',0,'','2013-03-06 08:59:13'),(4023,'MAIN_DISABLE_METEO',1,'0','chaine',0,'','2013-03-06 08:59:13'),(4044,'ADHERENT_VAT_FOR_SUBSCRIPTIONS',1,'0','',0,'','2013-03-06 16:06:38'),(4047,'ADHERENT_BANK_USE',1,'bankviainvoice','',0,'','2013-03-06 16:12:30'),(4049,'PHPSANE_SCANIMAGE',1,'/usr/bin/scanimage','chaine',0,'','2013-03-06 21:54:13'),(4050,'PHPSANE_PNMTOJPEG',1,'/usr/bin/pnmtojpeg','chaine',0,'','2013-03-06 21:54:13'),(4051,'PHPSANE_PNMTOTIFF',1,'/usr/bin/pnmtotiff','chaine',0,'','2013-03-06 21:54:13'),(4052,'PHPSANE_OCR',1,'/usr/bin/gocr','chaine',0,'','2013-03-06 21:54:13'),(4548,'ECM_AUTO_TREE_ENABLED',1,'1','chaine',0,'','2013-03-10 15:57:21'),(4555,'WEBSERVICES_KEY',1,'dolibarrkey','chaine',0,'','2013-03-13 10:19:31'),(4579,'MAIN_MODULE_AGENDA',2,'1',NULL,0,NULL,'2013-03-13 15:29:19'),(4580,'MAIN_AGENDA_ACTIONAUTO_COMPANY_CREATE',2,'1','chaine',0,NULL,'2013-03-13 15:29:19'),(4581,'MAIN_AGENDA_ACTIONAUTO_CONTRACT_VALIDATE',2,'1','chaine',0,NULL,'2013-03-13 15:29:19'),(4582,'MAIN_AGENDA_ACTIONAUTO_PROPAL_VALIDATE',2,'1','chaine',0,NULL,'2013-03-13 15:29:19'),(4583,'MAIN_AGENDA_ACTIONAUTO_PROPAL_SENTBYMAIL',2,'1','chaine',0,NULL,'2013-03-13 15:29:19'),(4584,'MAIN_AGENDA_ACTIONAUTO_ORDER_VALIDATE',2,'1','chaine',0,NULL,'2013-03-13 15:29:19'),(4585,'MAIN_AGENDA_ACTIONAUTO_ORDER_SENTBYMAIL',2,'1','chaine',0,NULL,'2013-03-13 15:29:19'),(4586,'MAIN_AGENDA_ACTIONAUTO_BILL_VALIDATE',2,'1','chaine',0,NULL,'2013-03-13 15:29:19'),(4587,'MAIN_AGENDA_ACTIONAUTO_BILL_PAYED',2,'1','chaine',0,NULL,'2013-03-13 15:29:19'),(4588,'MAIN_AGENDA_ACTIONAUTO_BILL_CANCEL',2,'1','chaine',0,NULL,'2013-03-13 15:29:19'),(4589,'MAIN_AGENDA_ACTIONAUTO_BILL_SENTBYMAIL',2,'1','chaine',0,NULL,'2013-03-13 15:29:19'),(4590,'MAIN_AGENDA_ACTIONAUTO_ORDER_SUPPLIER_VALIDATE',2,'1','chaine',0,NULL,'2013-03-13 15:29:19'),(4591,'MAIN_AGENDA_ACTIONAUTO_BILL_SUPPLIER_VALIDATE',2,'1','chaine',0,NULL,'2013-03-13 15:29:19'),(4592,'MAIN_AGENDA_ACTIONAUTO_SHIPPING_VALIDATE',2,'1','chaine',0,NULL,'2013-03-13 15:29:19'),(4593,'MAIN_AGENDA_ACTIONAUTO_SHIPPING_SENTBYMAIL',2,'1','chaine',0,NULL,'2013-03-13 15:29:19'),(4594,'MAIN_AGENDA_ACTIONAUTO_BILL_UNVALIDATE',2,'1','chaine',0,NULL,'2013-03-13 15:29:19'),(4595,'MAIN_MODULE_GOOGLE',2,'1',NULL,0,NULL,'2013-03-13 15:29:47'),(4596,'MAIN_MODULE_GOOGLE_TABS_0',2,'agenda:+gcal:MenuAgendaGoogle:google@google:$conf->google->enabled && $conf->global->GOOGLE_ENABLE_AGENDA:/google/index.php','chaine',0,NULL,'2013-03-13 15:29:47'),(4597,'MAIN_MODULE_GOOGLE_TABS_1',2,'user:+gsetup:GoogleUserConf:google@google:$conf->google->enabled && $conf->global->GOOGLE_DUPLICATE_INTO_GCAL:/google/admin/google_calsync_user.php?id=__ID__','chaine',0,NULL,'2013-03-13 15:29:47'),(4598,'MAIN_MODULE_GOOGLE_TRIGGERS',2,'1','chaine',0,NULL,'2013-03-13 15:29:47'),(4599,'MAIN_MODULE_GOOGLE_HOOKS',2,'[\"toprightmenu\"]','chaine',0,NULL,'2013-03-13 15:29:47'),(4688,'GOOGLE_ENABLE_AGENDA',2,'1','chaine',0,'','2013-03-13 15:36:29'),(4689,'GOOGLE_AGENDA_NAME1',2,'eldy','chaine',0,'','2013-03-13 15:36:29'),(4690,'GOOGLE_AGENDA_SRC1',2,'eldy10@gmail.com','chaine',0,'','2013-03-13 15:36:29'),(4691,'GOOGLE_AGENDA_COLOR1',2,'BE6D00','chaine',0,'','2013-03-13 15:36:29'),(4692,'GOOGLE_AGENDA_COLOR2',2,'7A367A','chaine',0,'','2013-03-13 15:36:29'),(4693,'GOOGLE_AGENDA_COLOR3',2,'7A367A','chaine',0,'','2013-03-13 15:36:29'),(4694,'GOOGLE_AGENDA_COLOR4',2,'7A367A','chaine',0,'','2013-03-13 15:36:29'),(4695,'GOOGLE_AGENDA_COLOR5',2,'7A367A','chaine',0,'','2013-03-13 15:36:29'),(4696,'GOOGLE_AGENDA_TIMEZONE',2,'Europe/Paris','chaine',0,'','2013-03-13 15:36:29'),(4697,'GOOGLE_AGENDA_NB',2,'5','chaine',0,'','2013-03-13 15:36:29'),(4702,'MAIN_FEATURES_LEVEL',0,'1','chaine',1,'Level of features to show (0=stable only, 1=stable+experimental, 2=stable+experimental+development','2013-03-13 18:41:52'),(4711,'GOOGLE_ENABLE_AGENDA',1,'1','chaine',0,'','2013-03-13 19:37:38'),(4712,'GOOGLE_AGENDA_NAME1',1,'asso master','chaine',0,'','2013-03-13 19:37:38'),(4713,'GOOGLE_AGENDA_SRC1',1,'assodolibarr@gmail.com','chaine',0,'','2013-03-13 19:37:38'),(4714,'GOOGLE_AGENDA_COLOR1',1,'1B887A','chaine',0,'','2013-03-13 19:37:38'),(4715,'GOOGLE_AGENDA_COLOR2',1,'7A367A','chaine',0,'','2013-03-13 19:37:38'),(4716,'GOOGLE_AGENDA_COLOR3',1,'7A367A','chaine',0,'','2013-03-13 19:37:38'),(4717,'GOOGLE_AGENDA_COLOR4',1,'7A367A','chaine',0,'','2013-03-13 19:37:38'),(4718,'GOOGLE_AGENDA_COLOR5',1,'7A367A','chaine',0,'','2013-03-13 19:37:38'),(4719,'GOOGLE_AGENDA_TIMEZONE',1,'Europe/Paris','chaine',0,'','2013-03-13 19:37:38'),(4720,'GOOGLE_AGENDA_NB',1,'5','chaine',0,'','2013-03-13 19:37:38'),(4725,'SOCIETE_CODECLIENT_ADDON',2,'mod_codeclient_leopard','chaine',0,'Module to control third parties codes','2013-03-13 20:21:35'),(4726,'SOCIETE_CODECOMPTA_ADDON',2,'mod_codecompta_panicum','chaine',0,'Module to control third parties codes','2013-03-13 20:21:35'),(4727,'SOCIETE_FISCAL_MONTH_START',2,'','chaine',0,'Mettre le numero du mois du debut d\\\'annee fiscale, ex: 9 pour septembre','2013-03-13 20:21:35'),(4728,'MAIN_SEARCHFORM_SOCIETE',2,'1','yesno',0,'Show form for quick company search','2013-03-13 20:21:35'),(4729,'MAIN_SEARCHFORM_CONTACT',2,'1','yesno',0,'Show form for quick contact search','2013-03-13 20:21:35'),(4730,'COMPANY_ADDON_PDF_ODT_PATH',2,'DOL_DATA_ROOT/doctemplates/thirdparties','chaine',0,NULL,'2013-03-13 20:21:35'),(4743,'MAIN_MODULE_CLICKTODIAL',2,'1',NULL,0,NULL,'2013-03-13 20:30:28'),(4744,'MAIN_MODULE_NOTIFICATION',2,'1',NULL,0,NULL,'2013-03-13 20:30:34'),(4745,'MAIN_MODULE_WEBSERVICES',2,'1',NULL,0,NULL,'2013-03-13 20:30:41'),(4746,'MAIN_MODULE_PROPALE',2,'1',NULL,0,NULL,'2013-03-13 20:32:38'),(4747,'PROPALE_ADDON_PDF',2,'azur','chaine',0,'Nom du gestionnaire de generation des propales en PDF','2013-03-13 20:32:38'),(4748,'PROPALE_ADDON',2,'mod_propale_marbre','chaine',0,'Nom du gestionnaire de numerotation des propales','2013-03-13 20:32:38'),(4749,'PROPALE_VALIDITY_DURATION',2,'15','chaine',0,'Duration of validity of business proposals','2013-03-13 20:32:38'),(4750,'PROPALE_ADDON_PDF_ODT_PATH',2,'DOL_DATA_ROOT/doctemplates/proposals','chaine',0,NULL,'2013-03-13 20:32:38'),(4752,'MAIN_MODULE_TAX',2,'1',NULL,0,NULL,'2013-03-13 20:32:47'),(4753,'MAIN_MODULE_DON',2,'1',NULL,0,NULL,'2013-03-13 20:32:54'),(4754,'DON_ADDON_MODEL',2,'html_cerfafr','chaine',0,'Nom du gestionnaire de generation de recu de dons','2013-03-13 20:32:54'),(4755,'POS_USE_TICKETS',2,'1','chaine',0,'','2013-03-13 20:33:09'),(4756,'POS_MAX_TTC',2,'100','chaine',0,'','2013-03-13 20:33:09'),(4757,'MAIN_MODULE_POS',2,'1',NULL,0,NULL,'2013-03-13 20:33:09'),(4758,'TICKET_ADDON',2,'mod_ticket_avenc','chaine',0,'Nom du gestionnaire de numerotation des tickets','2013-03-13 20:33:09'),(4759,'MAIN_MODULE_BANQUE',2,'1',NULL,0,NULL,'2013-03-13 20:33:09'),(4760,'MAIN_MODULE_FACTURE',2,'1',NULL,0,NULL,'2013-03-13 20:33:09'),(4761,'FACTURE_ADDON_PDF',2,'crabe','chaine',0,'Name of PDF model of invoice','2013-03-13 20:33:09'),(4762,'FACTURE_ADDON',2,'mod_facture_terre','chaine',0,'Name of numbering numerotation rules of invoice','2013-03-13 20:33:09'),(4763,'FACTURE_ADDON_PDF_ODT_PATH',2,'DOL_DATA_ROOT/doctemplates/invoices','chaine',0,NULL,'2013-03-13 20:33:09'),(4764,'MAIN_MODULE_SOCIETE',2,'1',NULL,0,NULL,'2013-03-13 20:33:09'),(4765,'MAIN_MODULE_PRODUCT',2,'1',NULL,0,NULL,'2013-03-13 20:33:09'),(4766,'PRODUCT_CODEPRODUCT_ADDON',2,'mod_codeproduct_leopard','chaine',0,'Module to control product codes','2013-03-13 20:33:09'),(4767,'MAIN_SEARCHFORM_PRODUITSERVICE',2,'1','yesno',0,'Show form for quick product search','2013-03-13 20:33:09'),(4772,'FACSIM_ADDON',2,'mod_facsim_alcoy','chaine',0,'','2013-03-13 20:33:32'),(4773,'MAIN_MODULE_MAILING',2,'1',NULL,0,NULL,'2013-03-13 20:33:37'),(4774,'MAIN_MODULE_OPENSURVEY',2,'1',NULL,0,NULL,'2013-03-13 20:33:42'),(4782,'AGENDA_USE_EVENT_TYPE',2,'1','chaine',0,'','2013-03-13 20:53:36'),(4884,'AGENDA_DISABLE_EXT',2,'1','chaine',0,'','2013-03-13 22:03:40'),(4919,'MAIN_MODULE_COMPTABILITE',1,'1',NULL,0,NULL,'2013-03-20 20:04:28'),(4922,'MAIN_MODULE_BANQUE',1,'1',NULL,0,NULL,'2013-03-20 20:04:28'),(4928,'COMMANDE_SUPPLIER_ADDON_NUMBER',1,'mod_commande_fournisseur_muguet','chaine',0,'Nom du gestionnaire de numerotation des commandes fournisseur','2013-03-22 09:24:29'),(4929,'INVOICE_SUPPLIER_ADDON_NUMBER',1,'mod_facture_fournisseur_cactus','chaine',0,'Nom du gestionnaire de numerotation des factures fournisseur','2013-03-22 09:24:29'),(4986,'MAIN_MODULE_CRON',1,'1',NULL,0,NULL,'2013-03-23 17:24:25'),(5001,'MAIN_CRON_KEY',0,'bc54582fe30d5d4a830c6f582ec28810','chaine',0,'','2013-03-23 17:54:53'),(5009,'CRON_KEY',0,'2c2e755c20be2014098f629865598006','chaine',0,'','2013-03-23 18:06:24'),(5075,'MAIN_MENU_STANDARD',1,'eldy_menu.php','chaine',0,'','2013-03-24 02:51:13'),(5076,'MAIN_MENU_SMARTPHONE',1,'eldy_menu.php','chaine',0,'','2013-03-24 02:51:13'),(5077,'MAIN_MENUFRONT_STANDARD',1,'eldy_menu.php','chaine',0,'','2013-03-24 02:51:13'),(5078,'MAIN_MENUFRONT_SMARTPHONE',1,'eldy_menu.php','chaine',0,'','2013-03-24 02:51:13'),(5079,'MAIN_MODULE_OPENSURVEY',1,'1',NULL,0,NULL,'2013-03-24 02:57:18'),(5083,'FCKEDITOR_ENABLE_USERSIGN',1,'1','chaine',1,'','2013-03-24 15:59:39'),(5102,'MAIN_INFO_SOCIETE_COUNTRY',1,'1:FR:France','chaine',0,'','2013-03-24 18:34:54'),(5103,'MAIN_INFO_SOCIETE_NOM',1,'MyBigCompany','chaine',0,'','2013-03-24 18:34:54'),(5104,'MAIN_INFO_SOCIETE_ADDRESS',1,'21 Jump street','chaine',0,'','2013-03-24 18:34:54'),(5105,'MAIN_INFO_SOCIETE_TOWN',1,'MyTown','chaine',0,'','2013-03-24 18:34:54'),(5106,'MAIN_INFO_SOCIETE_ZIP',1,'75500','chaine',0,'','2013-03-24 18:34:54'),(5107,'MAIN_INFO_SOCIETE_STATE',1,'0','chaine',0,'','2013-03-24 18:34:54'),(5108,'MAIN_MONNAIE',1,'EUR','chaine',0,'','2013-03-24 18:34:54'),(5109,'MAIN_INFO_SOCIETE_TEL',1,'09123123','chaine',0,'','2013-03-24 18:34:54'),(5110,'MAIN_INFO_SOCIETE_FAX',1,'09123124','chaine',0,'','2013-03-24 18:34:54'),(5111,'MAIN_INFO_SOCIETE_MAIL',1,'myemail@mybigcompany.com','chaine',0,'','2013-03-24 18:34:54'),(5112,'MAIN_INFO_SOCIETE_WEB',1,'http://www.dolibarr.org','chaine',0,'','2013-03-24 18:34:54'),(5113,'MAIN_INFO_SOCIETE_NOTE',1,'This is note about my company','chaine',0,'','2013-03-24 18:34:54'),(5114,'MAIN_INFO_CAPITAL',1,'10000','chaine',0,'','2013-03-24 18:34:54'),(5115,'MAIN_INFO_SOCIETE_FORME_JURIDIQUE',1,'0','chaine',0,'','2013-03-24 18:34:54'),(5116,'MAIN_INFO_TVAINTRA',1,'IN1234567','chaine',0,'','2013-03-24 18:34:54'),(5117,'SOCIETE_FISCAL_MONTH_START',1,'0','chaine',0,'','2013-03-24 18:34:54'),(5118,'FACTURE_TVAOPTION',1,'reel','chaine',0,'','2013-03-24 18:34:54'),(5119,'MAIN_LANG_DEFAULT',1,'en_US','chaine',0,'','2013-03-24 18:35:07'),(5120,'MAIN_MULTILANGS',1,'1','chaine',0,'','2013-03-24 18:35:07'),(5121,'MAIN_SIZE_LISTE_LIMIT',1,'25','chaine',0,'','2013-03-24 18:35:07'),(5122,'MAIN_DISABLE_JAVASCRIPT',1,'0','chaine',0,'','2013-03-24 18:35:07'),(5123,'MAIN_BUTTON_HIDE_UNAUTHORIZED',1,'0','chaine',0,'','2013-03-24 18:35:07'),(5124,'MAIN_START_WEEK',1,'1','chaine',0,'','2013-03-24 18:35:07'),(5125,'MAIN_SHOW_LOGO',1,'0','chaine',0,'','2013-03-24 18:35:07'),(5126,'MAIN_FIRSTNAME_NAME_POSITION',1,'0','chaine',0,'','2013-03-24 18:35:07'),(5127,'MAIN_THEME',1,'eldy','chaine',0,'','2013-03-24 18:35:07'),(5128,'MAIN_SEARCHFORM_CONTACT',1,'1','chaine',0,'','2013-03-24 18:35:07'),(5129,'MAIN_SEARCHFORM_SOCIETE',1,'1','chaine',0,'','2013-03-24 18:35:07'),(5130,'MAIN_SEARCHFORM_PRODUITSERVICE',1,'1','chaine',0,'','2013-03-24 18:35:07'),(5131,'MAIN_SEARCHFORM_ADHERENT',1,'1','chaine',0,'','2013-03-24 18:35:07'),(5132,'MAIN_HELPCENTER_DISABLELINK',0,'1','chaine',0,'','2013-03-24 18:35:07'),(5133,'MAIN_HOME',1,'<span style=\"font-size:11px;\">__(NoteSomeFeaturesAreDisabled)__<br />\r\n<br />\r\n__(SomeTranslationAreUncomplete)__</span>','chaine',0,'','2013-03-24 18:35:07'),(5134,'MAIN_HELP_DISABLELINK',0,'0','chaine',0,'','2013-03-24 18:35:07'),(5135,'MAIN_BUGTRACK_ENABLELINK',1,'0','chaine',0,'','2013-03-24 18:35:07'),(5137,'MAIN_AGENDA_ACTIONAUTO_BILL_UNVALIDATE',1,'1','chaine',0,NULL,'2013-09-08 23:06:08'),(5139,'SOCIETE_ADD_REF_IN_LIST',1,'','yesno',0,'Display customer ref into select list','2013-09-08 23:06:08'),(5150,'PROJECT_TASK_ADDON_PDF',1,'','chaine',0,'Name of PDF/ODT tasks manager class','2013-09-08 23:06:14'),(5151,'PROJECT_TASK_ADDON',1,'mod_task_simple','chaine',0,'Name of Numbering Rule task manager class','2013-09-08 23:06:14'),(5152,'PROJECT_TASK_ADDON_PDF_ODT_PATH',1,'DOL_DATA_ROOT/doctemplates/tasks','chaine',0,'','2013-09-08 23:06:14'),(5164,'MAIN_AGENDA_ACTIONAUTO_COMPANY_SENTBYMAIL',1,'1','chaine',0,NULL,'2013-11-06 23:35:12'),(5190,'MAIN_MODULE_GOOGLE',1,'1',NULL,0,NULL,'2013-11-07 00:01:39'),(5191,'MAIN_MODULE_GOOGLE_TABS_0',1,'agenda:+gcal:MenuAgendaGoogle:google@google:$conf->google->enabled && $conf->global->GOOGLE_ENABLE_AGENDA:/google/index.php','chaine',0,NULL,'2013-11-07 00:01:39'),(5192,'MAIN_MODULE_GOOGLE_TABS_1',1,'user:+gsetup:GoogleUserConf:google@google:$conf->google->enabled && $conf->global->GOOGLE_DUPLICATE_INTO_GCAL:/google/admin/google_calsync_user.php?id=__ID__','chaine',0,NULL,'2013-11-07 00:01:39'),(5193,'MAIN_MODULE_GOOGLE_TRIGGERS',1,'1','chaine',0,NULL,'2013-11-07 00:01:39'),(5194,'MAIN_MODULE_GOOGLE_HOOKS',1,'[\"toprightmenu\"]','chaine',0,NULL,'2013-11-07 00:01:39'),(5195,'GOOGLE_DUPLICATE_INTO_THIRDPARTIES',1,'1','chaine',0,'','2013-11-07 00:02:34'),(5196,'GOOGLE_DUPLICATE_INTO_CONTACTS',1,'0','chaine',0,'','2013-11-07 00:02:34'),(5197,'GOOGLE_DUPLICATE_INTO_MEMBERS',1,'0','chaine',0,'','2013-11-07 00:02:34'),(5198,'GOOGLE_CONTACT_LOGIN',1,'eldy10@gmail.com','chaine',0,'','2013-11-07 00:02:34'),(5199,'GOOGLE_CONTACT_PASSWORD',1,'ld101010-ge','chaine',0,'','2013-11-07 00:02:34'),(5200,'GOOGLE_TAG_PREFIX',1,'Dolibarr (Thirdparties)','chaine',0,'','2013-11-07 00:02:34'),(5201,'GOOGLE_TAG_PREFIX_CONTACTS',1,'Dolibarr (Contacts/Addresses)','chaine',0,'','2013-11-07 00:02:34'),(5202,'GOOGLE_TAG_PREFIX_MEMBERS',1,'Dolibarr (Members)','chaine',0,'','2013-11-07 00:02:34'),(5203,'MODULE_GOOGLE_DEBUG',1,'1','chaine',1,'','2013-11-07 00:16:31'),(5221,'MAIN_MODULE_AGENDA',1,'1',NULL,0,NULL,'2014-04-05 14:19:21'),(5222,'MAIN_MODULE_SOCIETE',1,'1',NULL,0,NULL,'2014-04-05 14:19:21'),(5223,'MAIN_MODULE_SERVICE',1,'1',NULL,0,NULL,'2014-04-05 14:19:22'),(5224,'MAIN_MODULE_COMMANDE',1,'1',NULL,0,NULL,'2014-04-05 14:19:22'),(5225,'MAIN_MODULE_FACTURE',1,'1',NULL,0,NULL,'2014-04-05 14:19:22'),(5226,'MAIN_MODULE_FOURNISSEUR',1,'1',NULL,0,NULL,'2014-04-05 14:19:22'),(5227,'MAIN_MODULE_USER',0,'1',NULL,0,NULL,'2014-04-05 14:19:22'),(5228,'MAIN_MODULE_DEPLACEMENT',1,'1',NULL,0,NULL,'2014-04-05 14:19:22'),(5229,'MAIN_MODULE_DON',1,'1',NULL,0,NULL,'2014-04-05 14:19:22'),(5230,'MAIN_MODULE_ECM',1,'1',NULL,0,NULL,'2014-04-05 14:19:22'),(5231,'MAIN_VERSION_LAST_UPGRADE',0,'3.5.2','chaine',0,'Dolibarr version for last upgrade','2014-04-05 14:19:24'),(5233,'MAIN_DISABLE_ALL_MAILS',1,'1','chaine',0,'','2014-04-05 14:20:25'),(5234,'MAIN_MAIL_SENDMODE',0,'mail','chaine',0,'','2014-04-05 14:20:25'),(5235,'MAIN_MAIL_SMTPS_ID',0,'eldy10@gmail.com','chaine',0,'','2014-04-05 14:20:25'),(5236,'MAIN_MAIL_SMTPS_PW',0,'ld101010-ge','chaine',0,'','2014-04-05 14:20:25');

--
-- Table structure for table `llx_contrat`
--

CREATE TABLE `llx_contrat` (
  `rowid` int(11) NOT NULL AUTO_INCREMENT,
  `ref` varchar(30) DEFAULT NULL,
  `entity` int(11) NOT NULL DEFAULT '1',
  `tms` timestamp NOT NULL DEFAULT CURRENT_TIMESTAMP ON UPDATE CURRENT_TIMESTAMP,
  `datec` datetime DEFAULT NULL,
  `date_contrat` datetime DEFAULT NULL,
  `statut` smallint(6) DEFAULT '0',
  `mise_en_service` datetime DEFAULT NULL,
  `fin_validite` datetime DEFAULT NULL,
  `date_cloture` datetime DEFAULT NULL,
  `fk_soc` int(11) NOT NULL,
  `fk_projet` int(11) DEFAULT NULL,
  `fk_commercial_signature` int(11) NOT NULL,
  `fk_commercial_suivi` int(11) NOT NULL,
  `fk_user_author` int(11) NOT NULL DEFAULT '0',
  `fk_user_mise_en_service` int(11) DEFAULT NULL,
  `fk_user_cloture` int(11) DEFAULT NULL,
  `note_private` text,
  `note_public` text,
  `import_key` varchar(14) DEFAULT NULL,
  `extraparams` varchar(255) DEFAULT NULL,
  PRIMARY KEY (`rowid`),
  UNIQUE KEY `uk_contrat_ref` (`ref`,`entity`),
  KEY `idx_contrat_fk_soc` (`fk_soc`),
  KEY `idx_contrat_fk_user_author` (`fk_user_author`),
  CONSTRAINT `fk_contrat_fk_soc` FOREIGN KEY (`fk_soc`) REFERENCES `llx_societe` (`rowid`),
  CONSTRAINT `fk_contrat_user_author` FOREIGN KEY (`fk_user_author`) REFERENCES `llx_user` (`rowid`)
) ENGINE=InnoDB AUTO_INCREMENT=7 DEFAULT CHARSET=utf8;

--
-- Dumping data for table `llx_contrat`
--

INSERT INTO `llx_contrat` VALUES (1,'CONTRACT1',1,'2010-07-08 23:53:55','2010-07-09 01:53:25','2010-07-09 00:00:00',1,NULL,NULL,NULL,3,NULL,2,2,1,NULL,NULL,NULL,NULL,NULL,NULL),(2,'CONTRAT1',1,'2010-07-10 16:18:16','2010-07-10 18:13:37','2010-07-10 00:00:00',1,NULL,NULL,NULL,2,NULL,2,2,1,NULL,NULL,NULL,NULL,NULL,NULL),(3,'CT1303-0001',1,'2013-03-06 09:05:07','2013-03-06 10:04:57','2013-03-06 00:00:00',1,NULL,NULL,NULL,19,NULL,1,1,1,NULL,NULL,NULL,NULL,NULL,NULL);

--
-- Table structure for table `llx_contrat_extrafields`
--

CREATE TABLE `llx_contrat_extrafields` (
  `rowid` int(11) NOT NULL AUTO_INCREMENT,
  `tms` timestamp NOT NULL DEFAULT CURRENT_TIMESTAMP ON UPDATE CURRENT_TIMESTAMP,
  `fk_object` int(11) NOT NULL,
  `import_key` varchar(14) DEFAULT NULL,
  PRIMARY KEY (`rowid`)
) ENGINE=InnoDB DEFAULT CHARSET=utf8;

--
-- Dumping data for table `llx_contrat_extrafields`
--


--
-- Table structure for table `llx_contratdet`
--

CREATE TABLE `llx_contratdet` (
  `rowid` int(11) NOT NULL AUTO_INCREMENT,
  `tms` timestamp NOT NULL DEFAULT CURRENT_TIMESTAMP ON UPDATE CURRENT_TIMESTAMP,
  `fk_contrat` int(11) NOT NULL,
  `fk_product` int(11) DEFAULT NULL,
  `statut` smallint(6) DEFAULT '0',
  `label` text,
  `description` text,
  `fk_remise_except` int(11) DEFAULT NULL,
  `date_commande` datetime DEFAULT NULL,
  `date_ouverture_prevue` datetime DEFAULT NULL,
  `date_ouverture` datetime DEFAULT NULL,
  `date_fin_validite` datetime DEFAULT NULL,
  `date_cloture` datetime DEFAULT NULL,
  `tva_tx` double(6,3) DEFAULT '0.000',
  `localtax1_tx` double(6,3) DEFAULT '0.000',
  `localtax1_type` varchar(10) NOT NULL DEFAULT '0',
  `localtax2_tx` double(6,3) DEFAULT '0.000',
  `localtax2_type` varchar(10) NOT NULL DEFAULT '0',
  `qty` double NOT NULL,
  `remise_percent` double DEFAULT '0',
  `subprice` double(24,8) DEFAULT '0.00000000',
  `price_ht` double DEFAULT NULL,
  `remise` double DEFAULT '0',
  `total_ht` double(24,8) DEFAULT '0.00000000',
  `total_tva` double(24,8) DEFAULT '0.00000000',
  `total_localtax1` double(24,8) DEFAULT '0.00000000',
  `total_localtax2` double(24,8) DEFAULT '0.00000000',
  `total_ttc` double(24,8) DEFAULT '0.00000000',
  `product_type` int(11) DEFAULT '1',
  `info_bits` int(11) DEFAULT '0',
  `fk_product_fournisseur_price` int(11) DEFAULT NULL,
  `buy_price_ht` double(24,8) DEFAULT '0.00000000',
  `fk_user_author` int(11) NOT NULL DEFAULT '0',
  `fk_user_ouverture` int(11) DEFAULT NULL,
  `fk_user_cloture` int(11) DEFAULT NULL,
  `commentaire` text,
  PRIMARY KEY (`rowid`),
  KEY `idx_contratdet_fk_contrat` (`fk_contrat`),
  KEY `idx_contratdet_fk_product` (`fk_product`),
  KEY `idx_contratdet_date_ouverture_prevue` (`date_ouverture_prevue`),
  KEY `idx_contratdet_date_ouverture` (`date_ouverture`),
  KEY `idx_contratdet_date_fin_validite` (`date_fin_validite`),
  CONSTRAINT `fk_contratdet_fk_contrat` FOREIGN KEY (`fk_contrat`) REFERENCES `llx_contrat` (`rowid`),
  CONSTRAINT `fk_contratdet_fk_product` FOREIGN KEY (`fk_product`) REFERENCES `llx_product` (`rowid`)
) ENGINE=InnoDB AUTO_INCREMENT=6 DEFAULT CHARSET=utf8;

--
-- Dumping data for table `llx_contratdet`
--

INSERT INTO `llx_contratdet` VALUES (1,'2013-03-06 09:00:00',1,3,4,'','',NULL,NULL,'2010-07-09 00:00:00','2010-07-09 12:00:00','2013-03-15 00:00:00',NULL,0.000,0.000,'',0.000,'',1,0,0.00000000,0,NULL,0.00000000,0.00000000,0.00000000,0.00000000,0.00000000,1,0,0,0.00000000,0,1,1,''),(2,'2010-07-10 16:14:14',2,NULL,0,'','Abonnement annuel assurance',NULL,NULL,'2010-07-10 00:00:00',NULL,'2011-07-10 00:00:00',NULL,1.000,0.000,'',0.000,'',1,0,10.00000000,10,0,10.00000000,0.10000000,0.00000000,0.00000000,10.10000000,1,0,NULL,0.00000000,0,NULL,NULL,NULL),(3,'2013-03-05 10:20:58',2,3,5,'','gdfg',NULL,NULL,'2010-07-10 00:00:00','2010-07-10 12:00:00','2011-07-09 00:00:00','2013-03-06 12:00:00',4.000,0.000,'',0.000,'',1,0,0.00000000,0,NULL,0.00000000,0.00000000,0.00000000,0.00000000,0.00000000,1,0,0,0.00000000,0,1,1,''),(4,'2012-12-08 13:11:17',2,3,0,'','',NULL,NULL,'2010-07-10 00:00:00',NULL,NULL,NULL,0.000,0.000,'',0.000,'',1,10,40.00000000,40,NULL,36.00000000,0.00000000,0.00000000,0.00000000,36.00000000,1,0,NULL,0.00000000,0,NULL,1,''),(5,'2013-03-06 09:05:40',3,NULL,4,'','gfdg',NULL,NULL,NULL,'2013-03-06 12:00:00','2013-03-07 12:00:00',NULL,0.000,0.000,'',0.000,'',1,0,10.00000000,10,NULL,10.00000000,0.00000000,0.00000000,0.00000000,10.00000000,1,0,0,0.00000000,0,1,1,'');

--
-- Table structure for table `llx_contratdet_log`
--

CREATE TABLE `llx_contratdet_log` (
  `rowid` int(11) NOT NULL AUTO_INCREMENT,
  `tms` timestamp NOT NULL DEFAULT CURRENT_TIMESTAMP ON UPDATE CURRENT_TIMESTAMP,
  `fk_contratdet` int(11) NOT NULL,
  `date` datetime NOT NULL,
  `statut` smallint(6) NOT NULL,
  `fk_user_author` int(11) NOT NULL,
  `commentaire` text,
  PRIMARY KEY (`rowid`),
  KEY `idx_contratdet_log_fk_contratdet` (`fk_contratdet`),
  KEY `idx_contratdet_log_date` (`date`),
  CONSTRAINT `fk_contratdet_log_fk_contratdet` FOREIGN KEY (`fk_contratdet`) REFERENCES `llx_contratdet` (`rowid`)
) ENGINE=InnoDB DEFAULT CHARSET=utf8;

--
-- Dumping data for table `llx_contratdet_log`
--


--
-- Table structure for table `llx_cotisation`
--

CREATE TABLE `llx_cotisation` (
  `rowid` int(11) NOT NULL AUTO_INCREMENT,
  `tms` timestamp NOT NULL DEFAULT CURRENT_TIMESTAMP ON UPDATE CURRENT_TIMESTAMP,
  `datec` datetime DEFAULT NULL,
  `fk_adherent` int(11) DEFAULT NULL,
  `dateadh` datetime DEFAULT NULL,
  `datef` date DEFAULT NULL,
  `cotisation` double DEFAULT NULL,
  `fk_bank` int(11) DEFAULT NULL,
  `note` text,
  PRIMARY KEY (`rowid`),
  UNIQUE KEY `uk_cotisation` (`fk_adherent`,`dateadh`)
) ENGINE=InnoDB AUTO_INCREMENT=11 DEFAULT CHARSET=utf8;

--
-- Dumping data for table `llx_cotisation`
--

INSERT INTO `llx_cotisation` VALUES (1,'2010-07-10 13:05:30','2010-07-10 15:05:30',2,'2010-07-10 00:00:00','2011-07-10',20,NULL,'Adhésion/cotisation 2010'),(2,'2010-07-11 14:20:00','2010-07-11 16:20:00',2,'2011-07-11 00:00:00','2012-07-10',10,NULL,'Adhésion/cotisation 2011'),(3,'2010-07-18 10:20:33','2010-07-18 12:20:33',2,'2012-07-11 00:00:00','2013-07-17',10,NULL,'Adhésion/cotisation 2012'),(4,'2013-03-06 15:43:37','2013-03-06 16:43:37',2,'2013-07-18 00:00:00','2014-07-17',10,NULL,'Adhésion/cotisation 2013'),(5,'2013-03-06 15:44:12','2013-03-06 16:44:12',2,'2014-07-18 00:00:00','2015-07-17',11,NULL,'Adhésion/cotisation 2014'),(6,'2013-03-06 15:47:48','2013-03-06 16:47:48',2,'2015-07-18 00:00:00','2016-07-17',10,NULL,'Adhésion/cotisation 2015'),(7,'2013-03-06 15:48:16','2013-03-06 16:48:16',2,'2016-07-18 00:00:00','2017-07-17',20,22,'Adhésion/cotisation 2016'),(8,'2013-03-20 13:17:57','2013-03-20 14:17:57',1,'2010-07-10 00:00:00','2011-07-09',10,NULL,'Adhésion/cotisation 2010'),(10,'2013-03-20 13:30:11','2013-03-20 14:30:11',1,'2011-07-10 00:00:00','2012-07-09',10,23,'Adhésion/cotisation 2011');

--
-- Table structure for table `llx_cronjob`
--

CREATE TABLE `llx_cronjob` (
  `rowid` int(11) NOT NULL AUTO_INCREMENT,
  `tms` timestamp NOT NULL DEFAULT CURRENT_TIMESTAMP ON UPDATE CURRENT_TIMESTAMP,
  `datec` datetime DEFAULT NULL,
  `jobtype` varchar(10) NOT NULL,
  `label` text NOT NULL,
  `command` varchar(255) DEFAULT NULL,
  `classesname` varchar(255) DEFAULT NULL,
  `objectname` varchar(255) DEFAULT NULL,
  `methodename` varchar(255) DEFAULT NULL,
  `params` text NOT NULL,
  `md5params` varchar(32) DEFAULT NULL,
  `module_name` varchar(255) DEFAULT NULL,
  `priority` int(11) DEFAULT '0',
  `datelastrun` datetime DEFAULT NULL,
  `datenextrun` datetime DEFAULT NULL,
  `datestart` datetime DEFAULT NULL,
  `dateend` datetime DEFAULT NULL,
  `datelastresult` datetime DEFAULT NULL,
  `lastresult` text,
  `lastoutput` text,
  `unitfrequency` int(11) NOT NULL DEFAULT '0',
  `frequency` int(11) NOT NULL DEFAULT '0',
  `nbrun` int(11) DEFAULT NULL,
  `status` int(11) NOT NULL DEFAULT '1',
  `fk_user_author` int(11) DEFAULT NULL,
  `fk_user_mod` int(11) DEFAULT NULL,
  `note` text,
  `libname` varchar(255) DEFAULT NULL,
  PRIMARY KEY (`rowid`)
) ENGINE=InnoDB AUTO_INCREMENT=2 DEFAULT CHARSET=utf8;

--
-- Dumping data for table `llx_cronjob`
--

INSERT INTO `llx_cronjob` VALUES (1,'2013-03-23 18:18:39','2013-03-23 19:18:39','command','aaa','aaaa','','','','','','',0,NULL,NULL,'2013-03-23 19:18:00',NULL,NULL,NULL,NULL,3600,3600,0,0,1,1,'',NULL);

--
-- Table structure for table `llx_deplacement`
--

CREATE TABLE `llx_deplacement` (
  `rowid` int(11) NOT NULL AUTO_INCREMENT,
  `ref` varchar(30) DEFAULT NULL,
  `entity` int(11) NOT NULL DEFAULT '1',
  `datec` datetime NOT NULL,
  `tms` timestamp NOT NULL DEFAULT CURRENT_TIMESTAMP ON UPDATE CURRENT_TIMESTAMP,
  `dated` datetime DEFAULT NULL,
  `fk_user` int(11) NOT NULL,
  `fk_user_author` int(11) DEFAULT NULL,
  `fk_user_modif` int(11) DEFAULT NULL,
  `type` varchar(12) NOT NULL,
  `fk_statut` int(11) NOT NULL DEFAULT '1',
  `km` double DEFAULT NULL,
  `fk_soc` int(11) DEFAULT NULL,
  `fk_projet` int(11) DEFAULT '0',
  `note_private` text,
  `note_public` text,
  `extraparams` varchar(255) DEFAULT NULL,
  PRIMARY KEY (`rowid`)
) ENGINE=InnoDB AUTO_INCREMENT=2 DEFAULT CHARSET=utf8;

--
-- Dumping data for table `llx_deplacement`
--

INSERT INTO `llx_deplacement` VALUES (1,NULL,1,'2010-07-09 01:58:04','2010-07-08 23:58:18','2010-07-09 12:00:00',2,1,NULL,'TF_LUNCH',1,10,2,1,NULL,NULL,NULL);

--
-- Table structure for table `llx_document_generator`
--

CREATE TABLE `llx_document_generator` (
  `rowid` int(10) unsigned NOT NULL,
  `name` varchar(255) NOT NULL,
  `classfile` varchar(255) NOT NULL,
  `class` varchar(255) NOT NULL,
  PRIMARY KEY (`rowid`)
) ENGINE=InnoDB DEFAULT CHARSET=utf8;

--
-- Dumping data for table `llx_document_generator`
--


--
-- Table structure for table `llx_document_model`
--

CREATE TABLE `llx_document_model` (
  `rowid` int(11) NOT NULL AUTO_INCREMENT,
  `nom` varchar(50) DEFAULT NULL,
  `entity` int(11) NOT NULL DEFAULT '1',
  `type` varchar(20) NOT NULL,
  `libelle` varchar(255) DEFAULT NULL,
  `description` text,
  PRIMARY KEY (`rowid`),
  UNIQUE KEY `uk_document_model` (`nom`,`type`,`entity`)
) ENGINE=InnoDB AUTO_INCREMENT=242 DEFAULT CHARSET=utf8;

--
-- Dumping data for table `llx_document_model`
--

INSERT INTO `llx_document_model` VALUES (9,'merou',1,'shipping',NULL,NULL),(15,'fsfe.fr.php',1,'donation',NULL,NULL),(21,'baleine',1,'project',NULL,NULL),(174,'azur',1,'propal',NULL,NULL),(175,'rouget',1,'shipping',NULL,NULL),(176,'typhon',1,'delivery',NULL,NULL),(178,'soleil',1,'ficheinter',NULL,NULL),(181,'generic_invoice_odt',1,'invoice','ODT templates','FACTURE_ADDON_PDF_ODT_PATH'),(193,'canelle2',1,'invoice_supplier','canelle2',NULL),(195,'canelle',1,'invoice_supplier','canelle',NULL),(198,'azur',2,'propal',NULL,NULL),(199,'html_cerfafr',2,'donation',NULL,NULL),(200,'crabe',2,'invoice',NULL,NULL),(201,'generic_odt',1,'company','ODT templates','COMPANY_ADDON_PDF_ODT_PATH'),(220,'einstein',1,'order',NULL,NULL),(221,'crabe',1,'invoice',NULL,NULL),(222,'muscadet',1,'order_supplier',NULL,NULL),(223,'html_cerfafr',1,'donation',NULL,NULL);

--
-- Table structure for table `llx_dolicloud_emailstemplates`
--

CREATE TABLE `llx_dolicloud_emailstemplates` (
  `rowid` int(11) NOT NULL AUTO_INCREMENT,
  `emailtype` varchar(128) NOT NULL,
  `lang` varchar(12) NOT NULL,
  `topic` varchar(256) NOT NULL,
  `content` text NOT NULL,
  PRIMARY KEY (`rowid`),
  UNIQUE KEY `uk_dolicloud_emailstemplates` (`emailtype`,`lang`)
) ENGINE=InnoDB AUTO_INCREMENT=11 DEFAULT CHARSET=utf8;

--
-- Dumping data for table `llx_dolicloud_emailstemplates`
--



--
-- Table structure for table `llx_domain`
--

CREATE TABLE `llx_domain` (
  `rowid` int(11) NOT NULL AUTO_INCREMENT,
  `datec` datetime DEFAULT NULL,
  `label` varchar(255) DEFAULT NULL,
  `note` text,
  PRIMARY KEY (`rowid`)
) ENGINE=InnoDB DEFAULT CHARSET=utf8;

--
-- Dumping data for table `llx_domain`
--


--
-- Table structure for table `llx_don`
--

CREATE TABLE `llx_don` (
  `rowid` int(11) NOT NULL AUTO_INCREMENT,
  `ref` varchar(30) DEFAULT NULL,
  `entity` int(11) NOT NULL DEFAULT '1',
  `tms` timestamp NOT NULL DEFAULT CURRENT_TIMESTAMP ON UPDATE CURRENT_TIMESTAMP,
  `fk_statut` smallint(6) NOT NULL DEFAULT '0',
  `datec` datetime DEFAULT NULL,
  `datedon` datetime DEFAULT NULL,
  `amount` double DEFAULT '0',
  `fk_paiement` int(11) DEFAULT NULL,
  `firstname` varchar(50) DEFAULT NULL,
  `lastname` varchar(50) DEFAULT NULL,
  `societe` varchar(50) DEFAULT NULL,
  `address` text,
  `zip` varchar(10) DEFAULT NULL,
  `town` varchar(50) DEFAULT NULL,
  `country` varchar(50) DEFAULT NULL,
  `email` varchar(255) DEFAULT NULL,
  `phone` varchar(24) DEFAULT NULL,
  `phone_mobile` varchar(24) DEFAULT NULL,
  `public` smallint(6) NOT NULL DEFAULT '1',
  `fk_don_projet` int(11) DEFAULT NULL,
  `fk_user_author` int(11) NOT NULL,
  `fk_user_valid` int(11) DEFAULT NULL,
  `note_private` text,
  `note_public` text,
  `model_pdf` varchar(255) DEFAULT NULL,
  `import_key` varchar(14) DEFAULT NULL,
  PRIMARY KEY (`rowid`)
) ENGINE=InnoDB AUTO_INCREMENT=2 DEFAULT CHARSET=utf8;

--
-- Dumping data for table `llx_don`
--

INSERT INTO `llx_don` VALUES (1,NULL,1,'2010-07-08 23:57:17',1,'2010-07-09 01:55:33','2010-07-09 12:00:00',10,1,'Donator','','Guest company','','','','France','',NULL,NULL,1,1,1,1,'',NULL,'html_cerfafr',NULL);

--
-- Table structure for table `llx_ecm_directories`
--

CREATE TABLE `llx_ecm_directories` (
  `rowid` int(11) NOT NULL AUTO_INCREMENT,
  `label` varchar(64) NOT NULL,
  `entity` int(11) NOT NULL DEFAULT '1',
  `fk_parent` int(11) DEFAULT NULL,
  `description` varchar(255) NOT NULL,
  `cachenbofdoc` int(11) NOT NULL DEFAULT '0',
  `fullpath` varchar(255) DEFAULT NULL,
  `extraparams` varchar(255) DEFAULT NULL,
  `date_c` datetime DEFAULT NULL,
  `date_m` timestamp NOT NULL DEFAULT CURRENT_TIMESTAMP ON UPDATE CURRENT_TIMESTAMP,
  `fk_user_c` int(11) DEFAULT NULL,
  `fk_user_m` int(11) DEFAULT NULL,
  `acl` text,
  PRIMARY KEY (`rowid`),
  UNIQUE KEY `idx_ecm_directories` (`label`,`fk_parent`,`entity`),
  KEY `idx_ecm_directories_fk_user_c` (`fk_user_c`),
  KEY `idx_ecm_directories_fk_user_m` (`fk_user_m`),
  CONSTRAINT `fk_ecm_directories_fk_user_c` FOREIGN KEY (`fk_user_c`) REFERENCES `llx_user` (`rowid`),
  CONSTRAINT `fk_ecm_directories_fk_user_m` FOREIGN KEY (`fk_user_m`) REFERENCES `llx_user` (`rowid`)
) ENGINE=InnoDB AUTO_INCREMENT=8 DEFAULT CHARSET=utf8;

--
-- Dumping data for table `llx_ecm_directories`
--

INSERT INTO `llx_ecm_directories` VALUES (1,'Répertoire_1',1,0,'',1,NULL,NULL,'2010-07-11 16:27:26','2010-07-11 14:27:44',1,NULL,NULL),(2,'dddd',1,0,'',3,NULL,NULL,'2013-02-20 19:11:05','2013-02-20 18:11:05',1,NULL,NULL),(3,'bbb',1,2,'',0,NULL,NULL,'2013-02-20 19:11:05','2013-02-20 18:11:06',1,NULL,NULL),(4,'aaa',1,2,'',1,NULL,NULL,'2013-02-20 19:11:05','2013-02-20 18:11:06',1,NULL,NULL),(5,'gggggg',1,0,'',2,NULL,NULL,'2013-02-20 19:11:05','2013-02-20 18:11:05',1,NULL,NULL),(6,'mmm',1,0,'',0,NULL,NULL,'2013-02-20 19:11:05','2013-02-20 18:11:05',1,NULL,NULL),(7,'aaa',1,0,'',1,NULL,NULL,'2013-02-20 19:11:05','2013-02-20 18:11:05',1,NULL,NULL);

--
-- Table structure for table `llx_ecm_documents`
--

CREATE TABLE `llx_ecm_documents` (
  `rowid` int(11) NOT NULL AUTO_INCREMENT,
  `ref` varchar(16) NOT NULL,
  `entity` int(11) NOT NULL DEFAULT '1',
  `filename` varchar(255) NOT NULL,
  `filesize` int(11) NOT NULL,
  `filemime` varchar(32) NOT NULL,
  `fullpath_dol` varchar(255) NOT NULL,
  `fullpath_orig` varchar(255) NOT NULL,
  `description` text,
  `manualkeyword` text,
  `fk_create` int(11) NOT NULL,
  `fk_update` int(11) DEFAULT NULL,
  `date_c` datetime NOT NULL,
  `date_u` timestamp NOT NULL DEFAULT CURRENT_TIMESTAMP ON UPDATE CURRENT_TIMESTAMP,
  `fk_directory` int(11) DEFAULT NULL,
  `fk_status` smallint(6) DEFAULT '0',
  `private` smallint(6) DEFAULT '0',
  `crc` varchar(32) NOT NULL DEFAULT '',
  `cryptkey` varchar(50) NOT NULL DEFAULT '',
  `cipher` varchar(50) NOT NULL DEFAULT 'twofish',
  PRIMARY KEY (`rowid`),
  UNIQUE KEY `idx_ecm_documents` (`fullpath_dol`)
) ENGINE=InnoDB DEFAULT CHARSET=utf8;

--
-- Dumping data for table `llx_ecm_documents`
--


--
-- Table structure for table `llx_element_contact`
--

CREATE TABLE `llx_element_contact` (
  `rowid` int(11) NOT NULL AUTO_INCREMENT,
  `datecreate` datetime DEFAULT NULL,
  `statut` smallint(6) DEFAULT '5',
  `element_id` int(11) NOT NULL,
  `fk_c_type_contact` int(11) NOT NULL,
  `fk_socpeople` int(11) NOT NULL,
  PRIMARY KEY (`rowid`),
  UNIQUE KEY `idx_element_contact_idx1` (`element_id`,`fk_c_type_contact`,`fk_socpeople`),
  KEY `fk_element_contact_fk_c_type_contact` (`fk_c_type_contact`),
  KEY `idx_element_contact_fk_socpeople` (`fk_socpeople`),
  CONSTRAINT `fk_element_contact_fk_c_type_contact` FOREIGN KEY (`fk_c_type_contact`) REFERENCES `llx_c_type_contact` (`rowid`)
) ENGINE=InnoDB AUTO_INCREMENT=24 DEFAULT CHARSET=utf8;

--
-- Dumping data for table `llx_element_contact`
--

INSERT INTO `llx_element_contact` VALUES (1,'2010-07-09 00:49:43',4,1,160,1),(2,'2010-07-09 00:49:56',4,2,160,1),(3,'2010-07-09 00:50:19',4,3,160,1),(4,'2010-07-09 00:50:42',4,4,160,1),(5,'2010-07-09 01:52:36',4,1,120,1),(6,'2010-07-09 01:53:25',4,1,10,2),(7,'2010-07-09 01:53:25',4,1,11,2),(8,'2010-07-10 18:13:37',4,2,10,2),(9,'2010-07-10 18:13:37',4,2,11,2),(10,'2010-07-11 15:15:55',4,1,180,1),(11,'2010-07-11 16:22:36',4,5,160,1),(12,'2010-07-11 16:23:53',4,2,180,1),(13,'2013-01-23 15:04:27',4,19,200,5),(14,'2013-01-23 16:06:37',4,19,210,2),(15,'2013-01-23 16:12:43',4,19,220,2),(16,'2013-03-06 10:04:57',4,3,10,1),(17,'2013-03-06 10:04:57',4,3,11,1);

--
-- Table structure for table `llx_element_element`
--

CREATE TABLE `llx_element_element` (
  `rowid` int(11) NOT NULL AUTO_INCREMENT,
  `fk_source` int(11) NOT NULL,
  `sourcetype` varchar(32) NOT NULL,
  `fk_target` int(11) NOT NULL,
  `targettype` varchar(32) NOT NULL,
  PRIMARY KEY (`rowid`),
  UNIQUE KEY `idx_element_element_idx1` (`fk_source`,`sourcetype`,`fk_target`,`targettype`),
  KEY `idx_element_element_fk_target` (`fk_target`)
) ENGINE=InnoDB AUTO_INCREMENT=17 DEFAULT CHARSET=utf8;

--
-- Dumping data for table `llx_element_element`
--

INSERT INTO `llx_element_element` VALUES (7,1,'shipping',154,'facture'),(8,1,'shipping',155,'facture'),(9,1,'shipping',156,'facture'),(1,2,'contrat',2,'facture'),(2,2,'propal',1,'commande'),(11,2,'shipping',157,'facture'),(3,5,'commande',1,'shipping'),(6,5,'commande',153,'facture'),(10,7,'commande',2,'shipping'),(4,9,'propal',6,'commande'),(5,11,'propal',7,'commande'),(12,12,'propal',8,'commande'),(13,12,'propal',162,'facture');

--
-- Table structure for table `llx_element_lock`
--

CREATE TABLE `llx_element_lock` (
  `rowid` int(11) NOT NULL AUTO_INCREMENT,
  `fk_element` int(11) NOT NULL,
  `elementtype` varchar(32) NOT NULL,
  `datel` datetime DEFAULT NULL,
  `datem` datetime DEFAULT NULL,
  `sessionid` varchar(255) DEFAULT NULL,
  PRIMARY KEY (`rowid`)
) ENGINE=InnoDB DEFAULT CHARSET=utf8;

--
-- Dumping data for table `llx_element_lock`
--


--
-- Table structure for table `llx_element_rang`
--

CREATE TABLE `llx_element_rang` (
  `rowid` int(11) NOT NULL AUTO_INCREMENT,
  `fk_parent` int(11) NOT NULL,
  `parenttype` varchar(16) NOT NULL,
  `fk_child` int(11) NOT NULL,
  `childtype` varchar(16) NOT NULL,
  `rang` int(11) DEFAULT '0',
  PRIMARY KEY (`rowid`),
  UNIQUE KEY `idx_element_rang_idx1` (`fk_parent`,`parenttype`,`fk_child`,`childtype`),
  KEY `idx_element_rang_fk_parent` (`fk_parent`)
) ENGINE=InnoDB DEFAULT CHARSET=utf8;

--
-- Dumping data for table `llx_element_rang`
--


--
-- Table structure for table `llx_element_tag`
--

CREATE TABLE `llx_element_tag` (
  `rowid` int(11) NOT NULL AUTO_INCREMENT,
  `entity` int(11) NOT NULL DEFAULT '1',
  `lang` varchar(5) NOT NULL,
  `tag` varchar(255) NOT NULL,
  `fk_element` int(11) NOT NULL,
  `element` varchar(64) NOT NULL,
  PRIMARY KEY (`rowid`),
  UNIQUE KEY `uk_element_tag` (`entity`,`lang`,`tag`,`fk_element`,`element`)
) ENGINE=InnoDB DEFAULT CHARSET=utf8;

--
-- Dumping data for table `llx_element_tag`
--


--
-- Table structure for table `llx_entity`
--

CREATE TABLE `llx_entity` (
  `rowid` int(11) NOT NULL AUTO_INCREMENT,
  `tms` timestamp NOT NULL DEFAULT CURRENT_TIMESTAMP ON UPDATE CURRENT_TIMESTAMP,
  `label` varchar(255) NOT NULL,
  `description` text,
  `datec` datetime DEFAULT NULL,
  `fk_user_creat` int(11) DEFAULT NULL,
  `options` text,
  `visible` tinyint(4) NOT NULL DEFAULT '1',
  `active` tinyint(4) NOT NULL DEFAULT '1',
  PRIMARY KEY (`rowid`),
  KEY `idx_entity_fk_user_creat` (`fk_user_creat`),
  CONSTRAINT `fk_entity_fk_user_creat` FOREIGN KEY (`fk_user_creat`) REFERENCES `llx_user` (`rowid`)
) ENGINE=InnoDB AUTO_INCREMENT=4 DEFAULT CHARSET=utf8;

--
-- Dumping data for table `llx_entity`
--

INSERT INTO `llx_entity` VALUES (1,'2012-12-08 14:07:29','Master entity','Master entity, can not be deleted','2012-12-08 15:07:29',1,NULL,1,1),(2,'2012-12-08 14:08:27','aaa','','2012-12-08 15:08:14',1,'{\"referent\":null,\"sharings\":{\"product\":null,\"societe\":null,\"category\":null}}',1,1),(3,'2012-12-08 14:08:26','bbb','','2012-12-08 15:08:20',1,'{\"referent\":null,\"sharings\":{\"product\":null,\"societe\":null,\"category\":null}}',1,1);

--
-- Table structure for table `llx_entrepot`
--

CREATE TABLE `llx_entrepot` (
  `rowid` int(11) NOT NULL AUTO_INCREMENT,
  `datec` datetime DEFAULT NULL,
  `tms` timestamp NOT NULL DEFAULT CURRENT_TIMESTAMP ON UPDATE CURRENT_TIMESTAMP,
  `label` varchar(255) NOT NULL,
  `entity` int(11) NOT NULL DEFAULT '1',
  `description` text,
  `lieu` varchar(64) DEFAULT NULL,
  `address` varchar(255) DEFAULT NULL,
  `zip` varchar(10) DEFAULT NULL,
  `town` varchar(50) DEFAULT NULL,
  `fk_departement` int(11) DEFAULT NULL,
  `fk_pays` int(11) DEFAULT '0',
  `statut` tinyint(4) DEFAULT '1',
  `valo_pmp` float(12,4) DEFAULT NULL,
  `fk_user_author` int(11) DEFAULT NULL,
  `import_key` varchar(14) DEFAULT NULL,
  PRIMARY KEY (`rowid`),
  UNIQUE KEY `uk_entrepot_label` (`label`,`entity`)
) ENGINE=InnoDB AUTO_INCREMENT=12 DEFAULT CHARSET=utf8;

--
-- Dumping data for table `llx_entrepot`
--

INSERT INTO `llx_entrepot` VALUES (1,'2010-07-09 00:31:22','2010-07-08 22:40:36','WAREHOUSEHOUSTON',1,'Warehouse located at Houston','Warehouse houston','','','Houston',NULL,11,1,NULL,1,NULL),(2,'2010-07-09 00:41:03','2010-07-08 22:41:03','WAREHOUSEPARIS',1,'<br />','Warehouse Paris','','75000','Paris',NULL,1,1,NULL,1,NULL),(3,'2010-07-11 16:18:59','2010-07-11 14:18:59','Stock personnel Dupont',1,'Cet entrep&ocirc;t repr&eacute;sente le stock personnel de Alain Dupont','','','','',NULL,0,1,NULL,1,NULL),(4,'2013-01-23 17:52:27','2013-01-23 16:52:27','Stock personnel aaa',1,'Cet entrep&ocirc;t repr&eacute;sente le stock personnel de aaa','','','','',NULL,81,1,NULL,1,NULL),(5,'2013-01-23 17:52:37','2013-01-23 16:52:37','Stock personnel bbb',1,'Cet entrep&ocirc;t repr&eacute;sente le stock personnel de bbb','','','','',NULL,81,1,NULL,1,NULL),(6,'2013-02-16 20:22:40','2013-02-16 19:22:40','Stock personnel aaab',1,'Cet entrep&ocirc;t repr&eacute;sente le stock personnel de aaab','','','','',NULL,1,1,NULL,1,NULL),(7,'2013-02-16 20:48:15','2013-02-16 19:48:15','Stock personnel zzz',1,'Cet entrep&ocirc;t repr&eacute;sente le stock personnel de zzz','','','','',NULL,1,1,NULL,1,NULL),(8,'2013-02-16 20:50:07','2013-02-16 19:50:07','Stock personnel zzzg',1,'Cet entrep&ocirc;t repr&eacute;sente le stock personnel de zzzg','','','','',NULL,1,1,NULL,1,NULL);

--
-- Table structure for table `llx_event_element`
--

CREATE TABLE `llx_event_element` (
  `rowid` int(11) NOT NULL AUTO_INCREMENT,
  `fk_source` int(11) NOT NULL,
  `fk_target` int(11) NOT NULL,
  `targettype` varchar(32) NOT NULL,
  PRIMARY KEY (`rowid`)
) ENGINE=InnoDB DEFAULT CHARSET=utf8;

--
-- Dumping data for table `llx_event_element`
--


--
-- Table structure for table `llx_events`
--

CREATE TABLE `llx_events` (
  `rowid` int(11) NOT NULL AUTO_INCREMENT,
  `tms` timestamp NOT NULL DEFAULT CURRENT_TIMESTAMP ON UPDATE CURRENT_TIMESTAMP,
  `type` varchar(32) NOT NULL,
  `entity` int(11) NOT NULL DEFAULT '1',
  `dateevent` datetime DEFAULT NULL,
  `fk_user` int(11) DEFAULT NULL,
  `description` varchar(250) NOT NULL,
  `ip` varchar(32) NOT NULL,
  `user_agent` varchar(255) DEFAULT NULL,
  `fk_object` int(11) DEFAULT NULL,
  PRIMARY KEY (`rowid`),
  KEY `idx_events_dateevent` (`dateevent`)
) ENGINE=InnoDB AUTO_INCREMENT=573 DEFAULT CHARSET=utf8;

--
-- Dumping data for table `llx_events`
--

INSERT INTO `llx_events` VALUES (30,'2011-07-18 18:23:06','USER_LOGOUT',1,'2011-07-18 20:23:06',1,'(UserLogoff,admin)','127.0.0.1','Mozilla/5.0 (X11; Linux i686; rv:5.0) Gecko/20100101 Firefox/5.0',NULL),(31,'2011-07-18 18:23:12','USER_LOGIN_FAILED',1,'2011-07-18 20:23:12',NULL,'Identifiants login ou mot de passe incorrects - login=admin','127.0.0.1','Mozilla/5.0 (X11; Linux i686; rv:5.0) Gecko/20100101 Firefox/5.0',NULL),(32,'2011-07-18 18:23:17','USER_LOGIN',1,'2011-07-18 20:23:17',1,'(UserLogged,admin)','127.0.0.1','Mozilla/5.0 (X11; Linux i686; rv:5.0) Gecko/20100101 Firefox/5.0',NULL),(33,'2011-07-18 20:10:51','USER_LOGIN_FAILED',1,'2011-07-18 22:10:51',NULL,'Identifiants login ou mot de passe incorrects - login=admin','127.0.0.1','Mozilla/5.0 (X11; Linux i686; rv:5.0) Gecko/20100101 Firefox/5.0',NULL),(34,'2011-07-18 20:10:55','USER_LOGIN',1,'2011-07-18 22:10:55',1,'(UserLogged,admin)','127.0.0.1','Mozilla/5.0 (X11; Linux i686; rv:5.0) Gecko/20100101 Firefox/5.0',NULL),(35,'2011-07-18 21:18:57','USER_LOGIN',1,'2011-07-18 23:18:57',1,'(UserLogged,admin)','127.0.0.1','Mozilla/5.0 (X11; Linux i686; rv:5.0) Gecko/20100101 Firefox/5.0',NULL),(36,'2011-07-20 10:34:10','USER_LOGIN',1,'2011-07-20 12:34:10',1,'(UserLogged,admin)','::1','Mozilla/5.0 (X11; Linux i686; rv:5.0) Gecko/20100101 Firefox/5.0',NULL),(37,'2011-07-20 12:36:44','USER_LOGIN',1,'2011-07-20 14:36:44',1,'(UserLogged,admin)','::1','Mozilla/5.0 (X11; Linux i686; rv:5.0) Gecko/20100101 Firefox/5.0',NULL),(38,'2011-07-20 13:20:51','USER_LOGIN_FAILED',1,'2011-07-20 15:20:51',NULL,'Identifiants login ou mot de passe incorrects - login=admin','127.0.0.1','Mozilla/5.0 (X11; Linux i686; rv:5.0) Gecko/20100101 Firefox/5.0',NULL),(39,'2011-07-20 13:20:54','USER_LOGIN',1,'2011-07-20 15:20:54',1,'(UserLogged,admin)','127.0.0.1','Mozilla/5.0 (X11; Linux i686; rv:5.0) Gecko/20100101 Firefox/5.0',NULL),(40,'2011-07-20 15:03:46','USER_LOGIN_FAILED',1,'2011-07-20 17:03:46',NULL,'Identifiants login ou mot de passe incorrects - login=admin','127.0.0.1','Mozilla/5.0 (X11; Linux i686; rv:5.0) Gecko/20100101 Firefox/5.0',NULL),(41,'2011-07-20 15:03:55','USER_LOGIN',1,'2011-07-20 17:03:55',1,'(UserLogged,admin)','127.0.0.1','Mozilla/5.0 (X11; Linux i686; rv:5.0) Gecko/20100101 Firefox/5.0',NULL),(42,'2011-07-20 18:05:05','USER_LOGIN_FAILED',1,'2011-07-20 20:05:05',NULL,'Identifiants login ou mot de passe incorrects - login=admin','127.0.0.1','Mozilla/5.0 (X11; Linux i686; rv:5.0) Gecko/20100101 Firefox/5.0',NULL),(43,'2011-07-20 18:05:08','USER_LOGIN',1,'2011-07-20 20:05:08',1,'(UserLogged,admin)','127.0.0.1','Mozilla/5.0 (X11; Linux i686; rv:5.0) Gecko/20100101 Firefox/5.0',NULL),(44,'2011-07-20 21:08:53','USER_LOGIN_FAILED',1,'2011-07-20 23:08:53',NULL,'Identifiants login ou mot de passe incorrects - login=admin','127.0.0.1','Mozilla/5.0 (X11; Linux i686; rv:5.0) Gecko/20100101 Firefox/5.0',NULL),(45,'2011-07-20 21:08:56','USER_LOGIN',1,'2011-07-20 23:08:56',1,'(UserLogged,admin)','127.0.0.1','Mozilla/5.0 (X11; Linux i686; rv:5.0) Gecko/20100101 Firefox/5.0',NULL),(46,'2011-07-21 01:26:12','USER_LOGIN',1,'2011-07-21 03:26:12',1,'(UserLogged,admin)','::1','Mozilla/5.0 (X11; Linux i686; rv:5.0) Gecko/20100101 Firefox/5.0',NULL),(47,'2011-07-21 22:35:45','USER_LOGIN_FAILED',1,'2011-07-22 00:35:45',NULL,'Identifiants login ou mot de passe incorrects - login=admin','127.0.0.1','Mozilla/5.0 (X11; Linux i686; rv:5.0) Gecko/20100101 Firefox/5.0',NULL),(48,'2011-07-21 22:35:49','USER_LOGIN',1,'2011-07-22 00:35:49',1,'(UserLogged,admin)','127.0.0.1','Mozilla/5.0 (X11; Linux i686; rv:5.0) Gecko/20100101 Firefox/5.0',NULL),(49,'2011-07-26 23:09:47','USER_LOGIN_FAILED',1,'2011-07-27 01:09:47',NULL,'Identifiants login ou mot de passe incorrects - login=admin','127.0.0.1','Mozilla/5.0 (X11; Linux i686; rv:5.0) Gecko/20100101 Firefox/5.0',NULL),(50,'2011-07-26 23:09:50','USER_LOGIN',1,'2011-07-27 01:09:50',1,'(UserLogged,admin)','127.0.0.1','Mozilla/5.0 (X11; Linux i686; rv:5.0) Gecko/20100101 Firefox/5.0',NULL),(51,'2011-07-27 17:02:27','USER_LOGIN_FAILED',1,'2011-07-27 19:02:27',NULL,'Identifiants login ou mot de passe incorrects - login=admin','127.0.0.1','Mozilla/5.0 (X11; Linux i686; rv:5.0) Gecko/20100101 Firefox/5.0',NULL),(52,'2011-07-27 17:02:32','USER_LOGIN',1,'2011-07-27 19:02:32',1,'(UserLogged,admin)','127.0.0.1','Mozilla/5.0 (X11; Linux i686; rv:5.0) Gecko/20100101 Firefox/5.0',NULL),(53,'2011-07-27 23:33:37','USER_LOGIN_FAILED',1,'2011-07-28 01:33:37',NULL,'Identifiants login ou mot de passe incorrects - login=admin','127.0.0.1','Mozilla/5.0 (X11; Linux i686; rv:5.0) Gecko/20100101 Firefox/5.0',NULL),(54,'2011-07-27 23:33:41','USER_LOGIN',1,'2011-07-28 01:33:41',1,'(UserLogged,admin)','127.0.0.1','Mozilla/5.0 (X11; Linux i686; rv:5.0) Gecko/20100101 Firefox/5.0',NULL),(55,'2011-07-28 18:20:36','USER_LOGIN_FAILED',1,'2011-07-28 20:20:36',NULL,'Identifiants login ou mot de passe incorrects - login=admin','127.0.0.1','Mozilla/5.0 (X11; Linux i686; rv:5.0) Gecko/20100101 Firefox/5.0',NULL),(56,'2011-07-28 18:20:38','USER_LOGIN',1,'2011-07-28 20:20:38',1,'(UserLogged,admin)','127.0.0.1','Mozilla/5.0 (X11; Linux i686; rv:5.0) Gecko/20100101 Firefox/5.0',NULL),(57,'2011-07-28 20:13:30','USER_LOGIN_FAILED',1,'2011-07-28 22:13:30',NULL,'Identifiants login ou mot de passe incorrects - login=admin','127.0.0.1','Mozilla/5.0 (X11; Linux i686; rv:5.0) Gecko/20100101 Firefox/5.0',NULL),(58,'2011-07-28 20:13:34','USER_LOGIN',1,'2011-07-28 22:13:34',1,'(UserLogged,admin)','127.0.0.1','Mozilla/5.0 (X11; Linux i686; rv:5.0) Gecko/20100101 Firefox/5.0',NULL),(59,'2011-07-28 20:22:51','USER_LOGIN',1,'2011-07-28 22:22:51',1,'(UserLogged,admin)','127.0.0.1','Mozilla/5.0 (X11; Linux i686; rv:5.0) Gecko/20100101 Firefox/5.0',NULL),(60,'2011-07-28 23:05:06','USER_LOGIN',1,'2011-07-29 01:05:06',1,'(UserLogged,admin)','::1','Mozilla/5.0 (X11; Linux i686; rv:5.0) Gecko/20100101 Firefox/5.0',NULL),(61,'2011-07-29 20:15:50','USER_LOGIN_FAILED',1,'2011-07-29 22:15:50',NULL,'Identifiants login ou mot de passe incorrects - login=admin','127.0.0.1','Mozilla/5.0 (X11; Linux i686; rv:5.0) Gecko/20100101 Firefox/5.0',NULL),(62,'2011-07-29 20:15:53','USER_LOGIN',1,'2011-07-29 22:15:53',1,'(UserLogged,admin)','127.0.0.1','Mozilla/5.0 (X11; Linux i686; rv:5.0) Gecko/20100101 Firefox/5.0',NULL),(68,'2011-07-29 20:51:01','USER_LOGOUT',1,'2011-07-29 22:51:01',1,'(UserLogoff,admin)','127.0.0.1','Mozilla/5.0 (X11; Linux i686; rv:5.0) Gecko/20100101 Firefox/5.0',NULL),(69,'2011-07-29 20:51:05','USER_LOGIN',1,'2011-07-29 22:51:05',1,'(UserLogged,admin)','127.0.0.1','Mozilla/5.0 (X11; Linux i686; rv:5.0) Gecko/20100101 Firefox/5.0',NULL),(70,'2011-07-30 08:46:20','USER_LOGIN_FAILED',1,'2011-07-30 10:46:20',NULL,'Identifiants login ou mot de passe incorrects - login=admin','127.0.0.1','Mozilla/5.0 (X11; Linux i686; rv:5.0) Gecko/20100101 Firefox/5.0',NULL),(71,'2011-07-30 08:46:38','USER_LOGIN_FAILED',1,'2011-07-30 10:46:38',NULL,'Identifiants login ou mot de passe incorrects - login=admin','127.0.0.1','Mozilla/5.0 (X11; Linux i686; rv:5.0) Gecko/20100101 Firefox/5.0',NULL),(72,'2011-07-30 08:46:42','USER_LOGIN',1,'2011-07-30 10:46:42',1,'(UserLogged,admin)','127.0.0.1','Mozilla/5.0 (X11; Linux i686; rv:5.0) Gecko/20100101 Firefox/5.0',NULL),(73,'2011-07-30 10:05:12','USER_LOGIN_FAILED',1,'2011-07-30 12:05:12',NULL,'Identifiants login ou mot de passe incorrects - login=admin','127.0.0.1','Mozilla/5.0 (X11; Linux i686; rv:5.0) Gecko/20100101 Firefox/5.0',NULL),(74,'2011-07-30 10:05:15','USER_LOGIN',1,'2011-07-30 12:05:15',1,'(UserLogged,admin)','127.0.0.1','Mozilla/5.0 (X11; Linux i686; rv:5.0) Gecko/20100101 Firefox/5.0',NULL),(75,'2011-07-30 12:15:46','USER_LOGIN',1,'2011-07-30 14:15:46',1,'(UserLogged,admin)','127.0.0.1','Mozilla/5.0 (X11; Linux i686; rv:5.0) Gecko/20100101 Firefox/5.0',NULL),(76,'2011-07-31 22:19:30','USER_LOGIN',1,'2011-08-01 00:19:30',1,'(UserLogged,admin)','::1','Mozilla/5.0 (X11; Linux i686; rv:5.0) Gecko/20100101 Firefox/5.0',NULL),(77,'2011-07-31 23:32:52','USER_LOGIN',1,'2011-08-01 01:32:52',1,'(UserLogged,admin)','::1','Mozilla/5.0 (X11; Linux i686; rv:5.0) Gecko/20100101 Firefox/5.0',NULL),(78,'2011-08-01 01:24:50','USER_LOGIN_FAILED',1,'2011-08-01 03:24:50',NULL,'Identifiants login ou mot de passe incorrects - login=admin','127.0.0.1','Mozilla/5.0 (X11; Linux i686; rv:5.0) Gecko/20100101 Firefox/5.0',NULL),(79,'2011-08-01 01:24:54','USER_LOGIN',1,'2011-08-01 03:24:54',1,'(UserLogged,admin)','127.0.0.1','Mozilla/5.0 (X11; Linux i686; rv:5.0) Gecko/20100101 Firefox/5.0',NULL),(80,'2011-08-01 19:31:36','USER_LOGIN_FAILED',1,'2011-08-01 21:31:35',NULL,'Identifiants login ou mot de passe incorrects - login=admin','127.0.0.1','Mozilla/5.0 (X11; Linux i686; rv:5.0) Gecko/20100101 Firefox/5.0',NULL),(81,'2011-08-01 19:31:39','USER_LOGIN',1,'2011-08-01 21:31:39',1,'(UserLogged,admin)','127.0.0.1','Mozilla/5.0 (X11; Linux i686; rv:5.0) Gecko/20100101 Firefox/5.0',NULL),(82,'2011-08-01 20:01:36','USER_LOGIN',1,'2011-08-01 22:01:36',1,'(UserLogged,admin)','127.0.0.1','Mozilla/5.0 (X11; Linux i686; rv:5.0) Gecko/20100101 Firefox/5.0',NULL),(83,'2011-08-01 20:52:54','USER_LOGIN_FAILED',1,'2011-08-01 22:52:54',NULL,'Identifiants login ou mot de passe incorrects - login=admin','127.0.0.1','Mozilla/5.0 (X11; Linux i686; rv:5.0) Gecko/20100101 Firefox/5.0',NULL),(84,'2011-08-01 20:52:58','USER_LOGIN',1,'2011-08-01 22:52:58',1,'(UserLogged,admin)','127.0.0.1','Mozilla/5.0 (X11; Linux i686; rv:5.0) Gecko/20100101 Firefox/5.0',NULL),(85,'2011-08-01 21:17:28','USER_LOGIN_FAILED',1,'2011-08-01 23:17:28',NULL,'Identifiants login ou mot de passe incorrects - login=admin','127.0.0.1','Mozilla/5.0 (X11; Linux i686; rv:5.0) Gecko/20100101 Firefox/5.0',NULL),(86,'2011-08-01 21:17:31','USER_LOGIN',1,'2011-08-01 23:17:31',1,'(UserLogged,admin)','127.0.0.1','Mozilla/5.0 (X11; Linux i686; rv:5.0) Gecko/20100101 Firefox/5.0',NULL),(87,'2011-08-04 11:55:17','USER_LOGIN',1,'2011-08-04 13:55:17',1,'(UserLogged,admin)','::1','Mozilla/5.0 (X11; Linux i686; rv:5.0) Gecko/20100101 Firefox/5.0',NULL),(88,'2011-08-04 20:19:03','USER_LOGIN_FAILED',1,'2011-08-04 22:19:03',NULL,'Identifiants login ou mot de passe incorrects - login=admin','127.0.0.1','Mozilla/5.0 (X11; Linux i686; rv:5.0) Gecko/20100101 Firefox/5.0',NULL),(89,'2011-08-04 20:19:07','USER_LOGIN',1,'2011-08-04 22:19:07',1,'(UserLogged,admin)','127.0.0.1','Mozilla/5.0 (X11; Linux i686; rv:5.0) Gecko/20100101 Firefox/5.0',NULL),(90,'2011-08-05 17:51:42','USER_LOGIN_FAILED',1,'2011-08-05 19:51:42',NULL,'Identifiants login ou mot de passe incorrects - login=admin','127.0.0.1','Mozilla/5.0 (X11; Linux i686; rv:5.0) Gecko/20100101 Firefox/5.0',NULL),(91,'2011-08-05 17:51:47','USER_LOGIN',1,'2011-08-05 19:51:47',1,'(UserLogged,admin)','127.0.0.1','Mozilla/5.0 (X11; Linux i686; rv:5.0) Gecko/20100101 Firefox/5.0',NULL),(92,'2011-08-05 17:56:03','USER_LOGIN',1,'2011-08-05 19:56:03',1,'(UserLogged,admin)','127.0.0.1','Mozilla/5.0 (X11; Linux i686; rv:5.0) Gecko/20100101 Firefox/5.0',NULL),(93,'2011-08-05 17:59:10','USER_LOGIN',1,'2011-08-05 19:59:10',1,'(UserLogged,admin)','127.0.0.1','Mozilla/5.0 (X11; Linux i686) AppleWebKit/534.30 (KHTML, like Gecko) Chrome/12.0.742.100 Safari/534.30',NULL),(94,'2011-08-05 18:01:58','USER_LOGIN',1,'2011-08-05 20:01:58',1,'(UserLogged,admin)','127.0.0.1','Mozilla/5.0 (X11; Linux i686) AppleWebKit/534.30 (KHTML, like Gecko) Chrome/12.0.742.100 Safari/534.30',NULL),(95,'2011-08-05 19:59:56','USER_LOGIN',1,'2011-08-05 21:59:56',1,'(UserLogged,admin)','127.0.0.1','Mozilla/5.0 (X11; Linux i686; rv:5.0) Gecko/20100101 Firefox/5.0',NULL),(96,'2011-08-06 18:33:22','USER_LOGIN',1,'2011-08-06 20:33:22',1,'(UserLogged,admin)','::1','Mozilla/5.0 (X11; Linux i686; rv:5.0) Gecko/20100101 Firefox/5.0',NULL),(97,'2011-08-07 00:56:59','USER_LOGIN',1,'2011-08-07 02:56:59',1,'(UserLogged,admin)','::1','Mozilla/5.0 (X11; Linux i686; rv:5.0) Gecko/20100101 Firefox/5.0',NULL),(98,'2011-08-07 22:49:14','USER_LOGIN',1,'2011-08-08 00:49:14',1,'(UserLogged,admin)','::1','Mozilla/5.0 (X11; Linux i686; rv:5.0) Gecko/20100101 Firefox/5.0',NULL),(99,'2011-08-07 23:05:18','USER_LOGOUT',1,'2011-08-08 01:05:18',1,'(UserLogoff,admin)','::1','Mozilla/5.0 (X11; Linux i686; rv:5.0) Gecko/20100101 Firefox/5.0',NULL),(105,'2011-08-08 00:41:09','USER_LOGIN',1,'2011-08-08 02:41:09',1,'(UserLogged,admin)','127.0.0.1','Mozilla/5.0 (X11; Linux i686; rv:5.0) Gecko/20100101 Firefox/5.0',NULL),(106,'2011-08-08 11:58:55','USER_LOGIN',1,'2011-08-08 13:58:55',1,'(UserLogged,admin)','::1','Mozilla/5.0 (X11; Linux i686; rv:5.0) Gecko/20100101 Firefox/5.0',NULL),(107,'2011-08-08 14:35:48','USER_LOGIN',1,'2011-08-08 16:35:48',1,'(UserLogged,admin)','::1','Mozilla/5.0 (X11; Linux i686; rv:5.0) Gecko/20100101 Firefox/5.0',NULL),(108,'2011-08-08 14:36:31','USER_LOGOUT',1,'2011-08-08 16:36:31',1,'(UserLogoff,admin)','::1','Mozilla/5.0 (X11; Linux i686; rv:5.0) Gecko/20100101 Firefox/5.0',NULL),(109,'2011-08-08 14:38:28','USER_LOGIN',1,'2011-08-08 16:38:28',1,'(UserLogged,admin)','::1','Mozilla/5.0 (X11; Linux i686; rv:5.0) Gecko/20100101 Firefox/5.0',NULL),(110,'2011-08-08 14:39:02','USER_LOGOUT',1,'2011-08-08 16:39:02',1,'(UserLogoff,admin)','::1','Mozilla/5.0 (X11; Linux i686; rv:5.0) Gecko/20100101 Firefox/5.0',NULL),(111,'2011-08-08 14:39:10','USER_LOGIN',1,'2011-08-08 16:39:10',1,'(UserLogged,admin)','::1','Mozilla/5.0 (X11; Linux i686; rv:5.0) Gecko/20100101 Firefox/5.0',NULL),(112,'2011-08-08 14:39:28','USER_LOGOUT',1,'2011-08-08 16:39:28',1,'(UserLogoff,admin)','::1','Mozilla/5.0 (X11; Linux i686; rv:5.0) Gecko/20100101 Firefox/5.0',NULL),(113,'2011-08-08 14:39:37','USER_LOGIN',1,'2011-08-08 16:39:37',1,'(UserLogged,admin)','::1','Mozilla/5.0 (X11; Linux i686; rv:5.0) Gecko/20100101 Firefox/5.0',NULL),(114,'2011-08-08 14:50:02','USER_LOGOUT',1,'2011-08-08 16:50:02',1,'(UserLogoff,admin)','::1','Mozilla/5.0 (X11; Linux i686; rv:5.0) Gecko/20100101 Firefox/5.0',NULL),(115,'2011-08-08 14:51:45','USER_LOGIN_FAILED',1,'2011-08-08 16:51:45',NULL,'Identifiants login ou mot de passe incorrects - login=','::1','Mozilla/5.0 (X11; Linux i686; rv:5.0) Gecko/20100101 Firefox/5.0',NULL),(116,'2011-08-08 14:51:52','USER_LOGIN',1,'2011-08-08 16:51:52',1,'(UserLogged,admin)','::1','Mozilla/5.0 (X11; Linux i686; rv:5.0) Gecko/20100101 Firefox/5.0',NULL),(117,'2011-08-08 15:09:54','USER_LOGOUT',1,'2011-08-08 17:09:54',1,'(UserLogoff,admin)','::1','Mozilla/5.0 (X11; Linux i686; rv:5.0) Gecko/20100101 Firefox/5.0',NULL),(118,'2011-08-08 15:10:19','USER_LOGIN_FAILED',1,'2011-08-08 17:10:19',NULL,'Identifiants login ou mot de passe incorrects - login=','::1','Mozilla/5.0 (X11; Linux i686; rv:5.0) Gecko/20100101 Firefox/5.0',NULL),(119,'2011-08-08 15:10:28','USER_LOGIN',1,'2011-08-08 17:10:28',1,'(UserLogged,admin)','::1','Mozilla/5.0 (X11; Linux i686; rv:5.0) Gecko/20100101 Firefox/5.0',NULL),(121,'2011-08-08 15:14:58','USER_LOGOUT',1,'2011-08-08 17:14:58',1,'(UserLogoff,admin)','::1','Mozilla/5.0 (X11; Linux i686; rv:5.0) Gecko/20100101 Firefox/5.0',NULL),(122,'2011-08-08 15:15:00','USER_LOGIN_FAILED',1,'2011-08-08 17:15:00',NULL,'Identifiants login ou mot de passe incorrects - login=','::1','Mozilla/5.0 (X11; Linux i686; rv:5.0) Gecko/20100101 Firefox/5.0',NULL),(123,'2011-08-08 15:17:57','USER_LOGIN',1,'2011-08-08 17:17:57',1,'(UserLogged,admin)','::1','Mozilla/5.0 (X11; Linux i686; rv:5.0) Gecko/20100101 Firefox/5.0',NULL),(124,'2011-08-08 15:35:56','USER_LOGOUT',1,'2011-08-08 17:35:56',1,'(UserLogoff,admin)','::1','Mozilla/5.0 (X11; Linux i686; rv:5.0) Gecko/20100101 Firefox/5.0',NULL),(125,'2011-08-08 15:36:05','USER_LOGIN',1,'2011-08-08 17:36:05',1,'(UserLogged,admin)','::1','Mozilla/5.0 (X11; Linux i686; rv:5.0) Gecko/20100101 Firefox/5.0',NULL),(126,'2011-08-08 17:32:42','USER_LOGIN',1,'2011-08-08 19:32:42',1,'(UserLogged,admin)','::1','Mozilla/5.0 (X11; Linux i686; rv:5.0) Gecko/20100101 Firefox/5.0',NULL),(127,'2012-12-08 13:49:37','USER_LOGOUT',1,'2012-12-08 14:49:37',1,'(UserLogoff,admin)','::1','Mozilla/5.0 (X11; Linux x86_64) AppleWebKit/537.11 (KHTML, like Gecko) Chrome/23.0.1271.95 Safari/537.11',NULL),(128,'2012-12-08 13:49:42','USER_LOGIN',1,'2012-12-08 14:49:42',1,'(UserLogged,admin)','::1','Mozilla/5.0 (X11; Linux x86_64) AppleWebKit/537.11 (KHTML, like Gecko) Chrome/23.0.1271.95 Safari/537.11',NULL),(129,'2012-12-08 13:50:12','USER_LOGOUT',1,'2012-12-08 14:50:12',1,'(UserLogoff,admin)','::1','Mozilla/5.0 (X11; Linux x86_64) AppleWebKit/537.11 (KHTML, like Gecko) Chrome/23.0.1271.95 Safari/537.11',NULL),(130,'2012-12-08 13:50:14','USER_LOGIN',1,'2012-12-08 14:50:14',1,'(UserLogged,admin)','::1','Mozilla/5.0 (X11; Linux x86_64) AppleWebKit/537.11 (KHTML, like Gecko) Chrome/23.0.1271.95 Safari/537.11',NULL),(131,'2012-12-08 13:50:17','USER_LOGOUT',1,'2012-12-08 14:50:17',1,'(UserLogoff,admin)','::1','Mozilla/5.0 (X11; Linux x86_64) AppleWebKit/537.11 (KHTML, like Gecko) Chrome/23.0.1271.95 Safari/537.11',NULL),(132,'2012-12-08 13:52:47','USER_LOGIN',1,'2012-12-08 14:52:47',1,'(UserLogged,admin)','::1','Mozilla/5.0 (X11; Linux x86_64) AppleWebKit/537.11 (KHTML, like Gecko) Chrome/23.0.1271.95 Safari/537.11',NULL),(133,'2012-12-08 13:53:08','USER_MODIFY',1,'2012-12-08 14:53:08',1,'User admin modified','::1','Mozilla/5.0 (X11; Linux x86_64) AppleWebKit/537.11 (KHTML, like Gecko) Chrome/23.0.1271.95 Safari/537.11',NULL),(134,'2012-12-08 14:08:45','USER_LOGOUT',1,'2012-12-08 15:08:45',1,'(UserLogoff,admin)','::1','Mozilla/5.0 (X11; Linux x86_64) AppleWebKit/537.11 (KHTML, like Gecko) Chrome/23.0.1271.95 Safari/537.11',NULL),(135,'2012-12-08 14:09:09','USER_LOGIN',1,'2012-12-08 15:09:09',1,'(UserLogged,admin)','::1','Mozilla/5.0 (X11; Linux x86_64) AppleWebKit/537.11 (KHTML, like Gecko) Chrome/23.0.1271.95 Safari/537.11',NULL),(136,'2012-12-08 14:11:43','USER_LOGOUT',1,'2012-12-08 15:11:43',1,'(UserLogoff,admin)','::1','Mozilla/5.0 (X11; Linux x86_64) AppleWebKit/537.11 (KHTML, like Gecko) Chrome/23.0.1271.95 Safari/537.11',NULL),(137,'2012-12-08 14:11:45','USER_LOGIN',1,'2012-12-08 15:11:45',1,'(UserLogged,admin)','::1','Mozilla/5.0 (X11; Linux x86_64) AppleWebKit/537.11 (KHTML, like Gecko) Chrome/23.0.1271.95 Safari/537.11',NULL),(138,'2012-12-08 14:22:53','USER_LOGOUT',1,'2012-12-08 15:22:53',1,'(UserLogoff,admin)','::1','Mozilla/5.0 (X11; Linux x86_64) AppleWebKit/537.11 (KHTML, like Gecko) Chrome/23.0.1271.95 Safari/537.11',NULL),(139,'2012-12-08 14:22:54','USER_LOGIN',1,'2012-12-08 15:22:54',1,'(UserLogged,admin)','::1','Mozilla/5.0 (X11; Linux x86_64) AppleWebKit/537.11 (KHTML, like Gecko) Chrome/23.0.1271.95 Safari/537.11',NULL),(140,'2012-12-08 14:23:10','USER_LOGOUT',1,'2012-12-08 15:23:10',1,'(UserLogoff,admin)','::1','Mozilla/5.0 (X11; Linux x86_64) AppleWebKit/537.11 (KHTML, like Gecko) Chrome/23.0.1271.95 Safari/537.11',NULL),(141,'2012-12-08 14:23:11','USER_LOGIN',1,'2012-12-08 15:23:11',1,'(UserLogged,admin)','::1','Mozilla/5.0 (X11; Linux x86_64) AppleWebKit/537.11 (KHTML, like Gecko) Chrome/23.0.1271.95 Safari/537.11',NULL),(142,'2012-12-08 14:23:49','USER_LOGOUT',1,'2012-12-08 15:23:49',1,'(UserLogoff,admin)','::1','Mozilla/5.0 (X11; Linux x86_64) AppleWebKit/537.11 (KHTML, like Gecko) Chrome/23.0.1271.95 Safari/537.11',NULL),(143,'2012-12-08 14:23:50','USER_LOGIN',1,'2012-12-08 15:23:50',1,'(UserLogged,admin)','::1','Mozilla/5.0 (X11; Linux x86_64) AppleWebKit/537.11 (KHTML, like Gecko) Chrome/23.0.1271.95 Safari/537.11',NULL),(144,'2012-12-08 14:28:08','USER_LOGOUT',1,'2012-12-08 15:28:08',1,'(UserLogoff,admin)','::1','Mozilla/5.0 (X11; Linux x86_64) AppleWebKit/537.11 (KHTML, like Gecko) Chrome/23.0.1271.95 Safari/537.11',NULL),(145,'2012-12-08 14:35:15','USER_LOGIN',1,'2012-12-08 15:35:15',1,'(UserLogged,admin)','::1','Mozilla/5.0 (X11; Linux x86_64) AppleWebKit/537.11 (KHTML, like Gecko) Chrome/23.0.1271.95 Safari/537.11',NULL),(146,'2012-12-08 14:35:18','USER_LOGOUT',1,'2012-12-08 15:35:18',1,'(UserLogoff,admin)','::1','Mozilla/5.0 (X11; Linux x86_64) AppleWebKit/537.11 (KHTML, like Gecko) Chrome/23.0.1271.95 Safari/537.11',NULL),(147,'2012-12-08 14:36:07','USER_LOGIN',1,'2012-12-08 15:36:07',1,'(UserLogged,admin)','::1','Mozilla/5.0 (X11; Linux x86_64) AppleWebKit/537.11 (KHTML, like Gecko) Chrome/23.0.1271.95 Safari/537.11',NULL),(148,'2012-12-08 14:36:09','USER_LOGOUT',1,'2012-12-08 15:36:09',1,'(UserLogoff,admin)','::1','Mozilla/5.0 (X11; Linux x86_64) AppleWebKit/537.11 (KHTML, like Gecko) Chrome/23.0.1271.95 Safari/537.11',NULL),(149,'2012-12-08 14:36:41','USER_LOGIN',1,'2012-12-08 15:36:41',1,'(UserLogged,admin)','::1','Mozilla/5.0 (X11; Linux x86_64) AppleWebKit/537.11 (KHTML, like Gecko) Chrome/23.0.1271.95 Safari/537.11',NULL),(150,'2012-12-08 15:59:13','USER_LOGIN',1,'2012-12-08 16:59:13',1,'(UserLogged,admin)','::1','Mozilla/5.0 (X11; Linux x86_64) AppleWebKit/537.11 (KHTML, like Gecko) Chrome/23.0.1271.95 Safari/537.11',NULL),(151,'2012-12-09 11:49:52','USER_LOGIN',1,'2012-12-09 12:49:52',1,'(UserLogged,admin)','::1','Mozilla/5.0 (X11; Linux x86_64) AppleWebKit/537.11 (KHTML, like Gecko) Chrome/23.0.1271.95 Safari/537.11',NULL),(152,'2012-12-09 13:46:31','USER_LOGIN',1,'2012-12-09 14:46:31',1,'(UserLogged,admin)','::1','Mozilla/5.0 (X11; Linux x86_64) AppleWebKit/537.11 (KHTML, like Gecko) Chrome/23.0.1271.95 Safari/537.11',NULL),(153,'2012-12-09 19:03:14','USER_LOGIN',1,'2012-12-09 20:03:14',1,'(UserLogged,admin)','::1','Mozilla/5.0 (X11; Linux x86_64) AppleWebKit/537.11 (KHTML, like Gecko) Chrome/23.0.1271.95 Safari/537.11',NULL),(154,'2012-12-10 00:16:31','USER_LOGIN',1,'2012-12-10 01:16:31',1,'(UserLogged,admin)','::1','Mozilla/5.0 (X11; Linux x86_64) AppleWebKit/537.11 (KHTML, like Gecko) Chrome/23.0.1271.95 Safari/537.11',NULL),(170,'2012-12-11 22:03:31','USER_LOGIN',1,'2012-12-11 23:03:31',1,'(UserLogged,admin)','::1','Mozilla/5.0 (X11; Linux x86_64) AppleWebKit/537.11 (KHTML, like Gecko) Chrome/23.0.1271.95 Safari/537.11',NULL),(171,'2012-12-12 00:32:39','USER_LOGIN',1,'2012-12-12 01:32:39',1,'(UserLogged,admin)','::1','Mozilla/5.0 (X11; Linux x86_64) AppleWebKit/537.11 (KHTML, like Gecko) Chrome/23.0.1271.95 Safari/537.11',NULL),(172,'2012-12-12 10:49:59','USER_LOGIN',1,'2012-12-12 11:49:59',1,'(UserLogged,admin)','::1','Mozilla/5.0 (X11; Linux x86_64) AppleWebKit/537.11 (KHTML, like Gecko) Chrome/23.0.1271.95 Safari/537.11',NULL),(175,'2012-12-12 10:57:40','USER_MODIFY',1,'2012-12-12 11:57:40',1,'Modification utilisateur admin','::1','Mozilla/5.0 (X11; Linux x86_64) AppleWebKit/537.11 (KHTML, like Gecko) Chrome/23.0.1271.95 Safari/537.11',NULL),(176,'2012-12-12 13:29:15','USER_LOGIN',1,'2012-12-12 14:29:15',1,'(UserLogged,admin)','::1','Mozilla/5.0 (X11; Linux x86_64) AppleWebKit/537.11 (KHTML, like Gecko) Chrome/23.0.1271.95 Safari/537.11',NULL),(177,'2012-12-12 13:30:15','USER_LOGIN',1,'2012-12-12 14:30:15',1,'(UserLogged,admin)','127.0.0.1','Mozilla/5.0 (X11; Linux x86_64) AppleWebKit/537.11 (KHTML, like Gecko) Chrome/23.0.1271.95 Safari/537.11',NULL),(178,'2012-12-12 13:40:08','USER_LOGOUT',1,'2012-12-12 14:40:08',1,'(UserLogoff,admin)','127.0.0.1','Mozilla/5.0 (X11; Linux x86_64) AppleWebKit/537.11 (KHTML, like Gecko) Chrome/23.0.1271.95 Safari/537.11',NULL),(179,'2012-12-12 13:40:10','USER_LOGIN',1,'2012-12-12 14:40:10',1,'(UserLogged,admin)','127.0.0.1','Mozilla/5.0 (X11; Linux x86_64) AppleWebKit/537.11 (KHTML, like Gecko) Chrome/23.0.1271.95 Safari/537.11',NULL),(180,'2012-12-12 13:40:26','USER_MODIFY',1,'2012-12-12 14:40:26',1,'Modification utilisateur admin','127.0.0.1','Mozilla/5.0 (X11; Linux x86_64) AppleWebKit/537.11 (KHTML, like Gecko) Chrome/23.0.1271.95 Safari/537.11',NULL),(181,'2012-12-12 13:40:34','USER_LOGOUT',1,'2012-12-12 14:40:34',1,'(UserLogoff,admin)','127.0.0.1','Mozilla/5.0 (X11; Linux x86_64) AppleWebKit/537.11 (KHTML, like Gecko) Chrome/23.0.1271.95 Safari/537.11',NULL),(182,'2012-12-12 13:42:23','USER_LOGIN',1,'2012-12-12 14:42:23',1,'(UserLogged,admin)','127.0.0.1','Mozilla/5.0 (X11; Linux x86_64) AppleWebKit/537.11 (KHTML, like Gecko) Chrome/23.0.1271.95 Safari/537.11',NULL),(183,'2012-12-12 13:43:02','USER_NEW_PASSWORD',1,'2012-12-12 14:43:02',NULL,'Changement mot de passe de admin','127.0.0.1','Mozilla/5.0 (X11; Linux x86_64) AppleWebKit/537.11 (KHTML, like Gecko) Chrome/23.0.1271.95 Safari/537.11',NULL),(184,'2012-12-12 13:43:25','USER_LOGOUT',1,'2012-12-12 14:43:25',1,'(UserLogoff,admin)','127.0.0.1','Mozilla/5.0 (X11; Linux x86_64) AppleWebKit/537.11 (KHTML, like Gecko) Chrome/23.0.1271.95 Safari/537.11',NULL),(185,'2012-12-12 13:43:27','USER_LOGIN_FAILED',1,'2012-12-12 14:43:27',NULL,'Identifiants login ou mot de passe incorrects - login=admin','127.0.0.1','Mozilla/5.0 (X11; Linux x86_64) AppleWebKit/537.11 (KHTML, like Gecko) Chrome/23.0.1271.95 Safari/537.11',NULL),(186,'2012-12-12 13:43:30','USER_LOGIN',1,'2012-12-12 14:43:30',1,'(UserLogged,admin)','127.0.0.1','Mozilla/5.0 (X11; Linux x86_64) AppleWebKit/537.11 (KHTML, like Gecko) Chrome/23.0.1271.95 Safari/537.11',NULL),(187,'2012-12-12 14:52:11','USER_LOGIN',1,'2012-12-12 15:52:11',1,'(UserLogged,admin)','127.0.0.1','Mozilla/5.0 (X11; Linux x86_64) AppleWebKit/537.11 (KHTML, like Gecko) Chrome/23.0.1271.95 Safari/537.11',NULL),(188,'2012-12-12 17:53:00','USER_LOGIN_FAILED',1,'2012-12-12 18:53:00',NULL,'Identifiants login ou mot de passe incorrects - login=admin','127.0.0.1','Mozilla/5.0 (X11; Linux x86_64) AppleWebKit/537.11 (KHTML, like Gecko) Chrome/23.0.1271.97 Safari/537.11',NULL),(189,'2012-12-12 17:53:07','USER_LOGIN_FAILED',1,'2012-12-12 18:53:07',NULL,'Identifiants login ou mot de passe incorrects - login=admin','127.0.0.1','Mozilla/5.0 (X11; Linux x86_64) AppleWebKit/537.11 (KHTML, like Gecko) Chrome/23.0.1271.97 Safari/537.11',NULL),(190,'2012-12-12 17:53:51','USER_NEW_PASSWORD',1,'2012-12-12 18:53:51',NULL,'Changement mot de passe de admin','127.0.0.1','Mozilla/5.0 (X11; Linux x86_64) AppleWebKit/537.11 (KHTML, like Gecko) Chrome/23.0.1271.97 Safari/537.11',NULL),(191,'2012-12-12 17:54:00','USER_LOGIN',1,'2012-12-12 18:54:00',1,'(UserLogged,admin)','127.0.0.1','Mozilla/5.0 (X11; Linux x86_64) AppleWebKit/537.11 (KHTML, like Gecko) Chrome/23.0.1271.97 Safari/537.11',NULL),(192,'2012-12-12 17:54:10','USER_NEW_PASSWORD',1,'2012-12-12 18:54:10',1,'Changement mot de passe de admin','127.0.0.1','Mozilla/5.0 (X11; Linux x86_64) AppleWebKit/537.11 (KHTML, like Gecko) Chrome/23.0.1271.97 Safari/537.11',NULL),(193,'2012-12-12 17:54:10','USER_MODIFY',1,'2012-12-12 18:54:10',1,'Modification utilisateur admin','127.0.0.1','Mozilla/5.0 (X11; Linux x86_64) AppleWebKit/537.11 (KHTML, like Gecko) Chrome/23.0.1271.97 Safari/537.11',NULL),(194,'2012-12-12 18:57:09','USER_LOGIN',1,'2012-12-12 19:57:09',1,'(UserLogged,admin)','127.0.0.1','Mozilla/5.0 (X11; Linux x86_64) AppleWebKit/537.11 (KHTML, like Gecko) Chrome/23.0.1271.97 Safari/537.11',NULL),(195,'2012-12-12 23:04:08','USER_LOGIN',1,'2012-12-13 00:04:08',1,'(UserLogged,admin)','127.0.0.1','Mozilla/5.0 (X11; Linux x86_64) AppleWebKit/537.11 (KHTML, like Gecko) Chrome/23.0.1271.97 Safari/537.11',NULL),(196,'2012-12-17 20:03:14','USER_LOGIN',1,'2012-12-17 21:03:14',1,'(UserLogged,admin)','::1','Mozilla/5.0 (X11; Linux x86_64) AppleWebKit/537.11 (KHTML, like Gecko) Chrome/23.0.1271.97 Safari/537.11',NULL),(197,'2012-12-17 21:18:45','USER_LOGIN',1,'2012-12-17 22:18:45',1,'(UserLogged,admin)','::1','Mozilla/5.0 (X11; Linux x86_64) AppleWebKit/537.11 (KHTML, like Gecko) Chrome/23.0.1271.97 Safari/537.11',NULL),(198,'2012-12-17 22:30:08','USER_LOGIN',1,'2012-12-17 23:30:08',1,'(UserLogged,admin)','::1','Mozilla/5.0 (X11; Linux x86_64) AppleWebKit/537.11 (KHTML, like Gecko) Chrome/23.0.1271.97 Safari/537.11',NULL),(199,'2012-12-18 23:32:03','USER_LOGIN',1,'2012-12-19 00:32:03',1,'(UserLogged,admin)','::1','Mozilla/5.0 (X11; Linux x86_64) AppleWebKit/537.11 (KHTML, like Gecko) Chrome/23.0.1271.97 Safari/537.11',NULL),(200,'2012-12-19 09:38:03','USER_LOGIN',1,'2012-12-19 10:38:03',1,'(UserLogged,admin)','::1','Mozilla/5.0 (X11; Linux x86_64) AppleWebKit/537.11 (KHTML, like Gecko) Chrome/23.0.1271.97 Safari/537.11',NULL),(201,'2012-12-19 11:23:35','USER_LOGIN',1,'2012-12-19 12:23:35',1,'(UserLogged,admin)','::1','Mozilla/5.0 (X11; Linux x86_64) AppleWebKit/537.11 (KHTML, like Gecko) Chrome/23.0.1271.97 Safari/537.11',NULL),(202,'2012-12-19 12:46:22','USER_LOGIN',1,'2012-12-19 13:46:22',1,'(UserLogged,admin)','::1','Mozilla/5.0 (X11; Linux x86_64) AppleWebKit/537.11 (KHTML, like Gecko) Chrome/23.0.1271.97 Safari/537.11',NULL),(214,'2012-12-19 19:11:31','USER_LOGIN',1,'2012-12-19 20:11:31',1,'(UserLogged,admin)','::1','Mozilla/5.0 (X11; Linux x86_64) AppleWebKit/537.11 (KHTML, like Gecko) Chrome/23.0.1271.97 Safari/537.11',NULL),(215,'2012-12-21 16:36:57','USER_LOGIN',1,'2012-12-21 17:36:57',1,'(UserLogged,admin)','::1','Mozilla/5.0 (X11; Linux x86_64) AppleWebKit/537.11 (KHTML, like Gecko) Chrome/23.0.1271.97 Safari/537.11',NULL),(216,'2012-12-21 16:38:43','USER_NEW_PASSWORD',1,'2012-12-21 17:38:43',1,'Changement mot de passe de adupont','::1','Mozilla/5.0 (X11; Linux x86_64) AppleWebKit/537.11 (KHTML, like Gecko) Chrome/23.0.1271.97 Safari/537.11',NULL),(217,'2012-12-21 16:38:43','USER_MODIFY',1,'2012-12-21 17:38:43',1,'Modification utilisateur adupont','::1','Mozilla/5.0 (X11; Linux x86_64) AppleWebKit/537.11 (KHTML, like Gecko) Chrome/23.0.1271.97 Safari/537.11',NULL),(218,'2012-12-21 16:38:51','USER_LOGOUT',1,'2012-12-21 17:38:51',1,'(UserLogoff,admin)','::1','Mozilla/5.0 (X11; Linux x86_64) AppleWebKit/537.11 (KHTML, like Gecko) Chrome/23.0.1271.97 Safari/537.11',NULL),(219,'2012-12-21 16:38:55','USER_LOGIN',1,'2012-12-21 17:38:55',3,'(UserLogged,adupont)','::1','Mozilla/5.0 (X11; Linux x86_64) AppleWebKit/537.11 (KHTML, like Gecko) Chrome/23.0.1271.97 Safari/537.11',NULL),(220,'2012-12-21 16:48:18','USER_LOGOUT',1,'2012-12-21 17:48:18',3,'(UserLogoff,adupont)','::1','Mozilla/5.0 (X11; Linux x86_64) AppleWebKit/537.11 (KHTML, like Gecko) Chrome/23.0.1271.97 Safari/537.11',NULL),(221,'2012-12-21 16:48:20','USER_LOGIN',1,'2012-12-21 17:48:20',1,'(UserLogged,admin)','::1','Mozilla/5.0 (X11; Linux x86_64) AppleWebKit/537.11 (KHTML, like Gecko) Chrome/23.0.1271.97 Safari/537.11',NULL),(222,'2012-12-26 18:28:18','USER_LOGIN',1,'2012-12-26 19:28:18',1,'(UserLogged,admin)','127.0.0.1','Mozilla/5.0 (X11; Linux x86_64) AppleWebKit/537.11 (KHTML, like Gecko) Chrome/23.0.1271.97 Safari/537.11',NULL),(223,'2012-12-26 20:00:24','USER_LOGIN',1,'2012-12-26 21:00:24',1,'(UserLogged,admin)','127.0.0.1','Mozilla/5.0 (X11; Linux x86_64) AppleWebKit/537.11 (KHTML, like Gecko) Chrome/23.0.1271.97 Safari/537.11',NULL),(224,'2012-12-27 01:10:27','USER_LOGIN',1,'2012-12-27 02:10:27',1,'(UserLogged,admin)','127.0.0.1','Mozilla/5.0 (X11; Linux x86_64) AppleWebKit/537.11 (KHTML, like Gecko) Chrome/23.0.1271.97 Safari/537.11',NULL),(225,'2012-12-28 19:12:08','USER_LOGIN',1,'2012-12-28 20:12:08',1,'(UserLogged,admin)','127.0.0.1','Mozilla/5.0 (X11; Linux x86_64) AppleWebKit/537.11 (KHTML, like Gecko) Chrome/23.0.1271.97 Safari/537.11',NULL),(226,'2012-12-28 20:16:58','USER_LOGIN',1,'2012-12-28 21:16:58',1,'(UserLogged,admin)','127.0.0.1','Mozilla/5.0 (X11; Linux x86_64) AppleWebKit/537.11 (KHTML, like Gecko) Chrome/23.0.1271.97 Safari/537.11',NULL),(227,'2012-12-29 14:35:46','USER_LOGIN',1,'2012-12-29 15:35:46',1,'(UserLogged,admin)','::1','Mozilla/5.0 (X11; Linux x86_64) AppleWebKit/537.11 (KHTML, like Gecko) Chrome/23.0.1271.97 Safari/537.11',NULL),(228,'2012-12-29 14:37:59','USER_LOGOUT',1,'2012-12-29 15:37:59',1,'(UserLogoff,admin)','::1','Mozilla/5.0 (X11; Linux x86_64) AppleWebKit/537.11 (KHTML, like Gecko) Chrome/23.0.1271.97 Safari/537.11',NULL),(229,'2012-12-29 14:38:00','USER_LOGIN',1,'2012-12-29 15:38:00',1,'(UserLogged,admin)','::1','Mozilla/5.0 (X11; Linux x86_64) AppleWebKit/537.11 (KHTML, like Gecko) Chrome/23.0.1271.97 Safari/537.11',NULL),(230,'2012-12-29 17:16:48','USER_LOGIN',1,'2012-12-29 18:16:48',1,'(UserLogged,admin)','127.0.0.1','Mozilla/5.0 (X11; Linux x86_64) AppleWebKit/537.11 (KHTML, like Gecko) Chrome/23.0.1271.97 Safari/537.11',NULL),(231,'2012-12-31 12:02:59','USER_LOGIN',1,'2012-12-31 13:02:59',1,'(UserLogged,admin)','::1','Mozilla/5.0 (X11; Linux x86_64) AppleWebKit/537.11 (KHTML, like Gecko) Chrome/23.0.1271.97 Safari/537.11',NULL),(232,'2013-01-02 20:32:51','USER_LOGIN',1,'2013-01-02 21:32:51',1,'(UserLogged,admin)','::1','Mozilla/5.0 (X11; Ubuntu; Linux x86_64; rv:17.0) Gecko/20100101 Firefox/17.0',NULL),(233,'2013-01-02 20:58:59','USER_LOGIN',1,'2013-01-02 21:58:59',1,'(UserLogged,admin)','::1','Mozilla/5.0 (X11; Linux x86_64) AppleWebKit/537.11 (KHTML, like Gecko) Chrome/23.0.1271.97 Safari/537.11',NULL),(234,'2013-01-03 09:25:07','USER_LOGIN',1,'2013-01-03 10:25:07',1,'(UserLogged,admin)','::1','Mozilla/5.0 (X11; Linux x86_64) AppleWebKit/537.11 (KHTML, like Gecko) Chrome/23.0.1271.97 Safari/537.11',NULL),(235,'2013-01-03 19:39:31','USER_LOGIN',1,'2013-01-03 20:39:31',1,'(UserLogged,admin)','::1','Mozilla/5.0 (X11; Linux x86_64) AppleWebKit/537.11 (KHTML, like Gecko) Chrome/23.0.1271.97 Safari/537.11',NULL),(236,'2013-01-04 22:40:19','USER_LOGIN',1,'2013-01-04 23:40:19',1,'(UserLogged,admin)','::1','Mozilla/5.0 (X11; Linux x86_64) AppleWebKit/537.11 (KHTML, like Gecko) Chrome/23.0.1271.97 Safari/537.11',NULL),(237,'2013-01-05 12:59:59','USER_LOGIN',1,'2013-01-05 13:59:59',1,'(UserLogged,admin)','::1','Mozilla/5.0 (X11; Linux x86_64) AppleWebKit/537.11 (KHTML, like Gecko) Chrome/23.0.1271.97 Safari/537.11',NULL),(238,'2013-01-05 15:28:52','USER_LOGIN',1,'2013-01-05 16:28:52',1,'(UserLogged,admin)','::1','Mozilla/5.0 (X11; Linux x86_64) AppleWebKit/537.11 (KHTML, like Gecko) Chrome/23.0.1271.97 Safari/537.11',NULL),(239,'2013-01-05 17:02:08','USER_LOGIN',1,'2013-01-05 18:02:08',1,'(UserLogged,admin)','::1','Mozilla/5.0 (X11; Linux x86_64) AppleWebKit/537.11 (KHTML, like Gecko) Chrome/23.0.1271.97 Safari/537.11',NULL),(240,'2013-01-06 12:13:33','USER_LOGIN',1,'2013-01-06 13:13:33',1,'(UserLogged,admin)','::1','Mozilla/5.0 (X11; Linux x86_64) AppleWebKit/537.11 (KHTML, like Gecko) Chrome/23.0.1271.97 Safari/537.11',NULL),(241,'2013-01-07 01:21:15','USER_LOGIN',1,'2013-01-07 02:21:15',1,'(UserLogged,admin)','::1','Mozilla/5.0 (X11; Linux x86_64) AppleWebKit/537.11 (KHTML, like Gecko) Chrome/23.0.1271.97 Safari/537.11',NULL),(242,'2013-01-07 01:46:31','USER_LOGOUT',1,'2013-01-07 02:46:31',1,'(UserLogoff,admin)','::1','Mozilla/5.0 (X11; Linux x86_64) AppleWebKit/537.11 (KHTML, like Gecko) Chrome/23.0.1271.97 Safari/537.11',NULL),(243,'2013-01-07 19:54:50','USER_LOGIN',1,'2013-01-07 20:54:50',1,'(UserLogged,admin)','::1','Mozilla/5.0 (X11; Linux x86_64) AppleWebKit/537.11 (KHTML, like Gecko) Chrome/23.0.1271.97 Safari/537.11',NULL),(244,'2013-01-08 21:55:01','USER_LOGIN',1,'2013-01-08 22:55:01',1,'(UserLogged,admin)','::1','Mozilla/5.0 (X11; Linux x86_64) AppleWebKit/537.11 (KHTML, like Gecko) Chrome/23.0.1271.97 Safari/537.11',NULL),(245,'2013-01-09 11:13:28','USER_LOGIN',1,'2013-01-09 12:13:28',1,'(UserLogged,admin)','::1','Mozilla/5.0 (X11; Linux x86_64) AppleWebKit/537.11 (KHTML, like Gecko) Chrome/23.0.1271.97 Safari/537.11',NULL),(246,'2013-01-10 18:30:46','USER_LOGIN',1,'2013-01-10 19:30:46',1,'(UserLogged,admin)','::1','Mozilla/5.0 (X11; Linux x86_64) AppleWebKit/537.11 (KHTML, like Gecko) Chrome/23.0.1271.97 Safari/537.11',NULL),(247,'2013-01-11 18:03:26','USER_LOGIN',1,'2013-01-11 19:03:26',1,'(UserLogged,admin)','::1','Mozilla/5.0 (X11; Linux x86_64) AppleWebKit/537.11 (KHTML, like Gecko) Chrome/23.0.1271.97 Safari/537.11',NULL),(248,'2013-01-12 11:15:04','USER_LOGIN',1,'2013-01-12 12:15:04',1,'(UserLogged,admin)','::1','Mozilla/5.0 (X11; Linux x86_64) AppleWebKit/537.11 (KHTML, like Gecko) Chrome/23.0.1271.97 Safari/537.11',NULL),(249,'2013-01-12 14:42:44','USER_LOGIN',1,'2013-01-12 15:42:44',1,'(UserLogged,admin)','::1','Mozilla/5.0 (X11; Linux x86_64) AppleWebKit/537.11 (KHTML, like Gecko) Chrome/23.0.1271.97 Safari/537.11',NULL),(250,'2013-01-13 12:07:17','USER_LOGIN',1,'2013-01-13 13:07:17',1,'(UserLogged,admin)','::1','Mozilla/5.0 (X11; Linux x86_64) AppleWebKit/537.11 (KHTML, like Gecko) Chrome/23.0.1271.97 Safari/537.11',NULL),(251,'2013-01-13 17:37:58','USER_LOGIN',1,'2013-01-13 18:37:58',1,'(UserLogged,admin)','::1','Mozilla/5.0 (X11; Linux x86_64) AppleWebKit/537.11 (KHTML, like Gecko) Chrome/23.0.1271.97 Safari/537.11',NULL),(252,'2013-01-13 19:24:21','USER_LOGIN',1,'2013-01-13 20:24:21',1,'(UserLogged,admin)','::1','Mozilla/5.0 (X11; Linux x86_64) AppleWebKit/537.11 (KHTML, like Gecko) Chrome/23.0.1271.97 Safari/537.11',NULL),(253,'2013-01-13 19:29:19','USER_LOGOUT',1,'2013-01-13 20:29:19',1,'(UserLogoff,admin)','::1','Mozilla/5.0 (X11; Linux x86_64) AppleWebKit/537.11 (KHTML, like Gecko) Chrome/23.0.1271.97 Safari/537.11',NULL),(254,'2013-01-13 21:39:39','USER_LOGIN',1,'2013-01-13 22:39:39',1,'(UserLogged,admin)','::1','Mozilla/5.0 (X11; Linux x86_64) AppleWebKit/537.11 (KHTML, like Gecko) Chrome/23.0.1271.97 Safari/537.11',NULL),(255,'2013-01-14 00:52:21','USER_LOGIN',1,'2013-01-14 01:52:21',1,'(UserLogged,admin)','::1','Mozilla/5.0 (X11; Linux x86_64) AppleWebKit/537.11 (KHTML, like Gecko) Chrome/23.0.1271.97 Safari/537.11',NULL),(256,'2013-01-16 11:34:31','USER_LOGIN',1,'2013-01-16 12:34:31',1,'(UserLogged,admin)','::1','Mozilla/5.0 (X11; Linux x86_64) AppleWebKit/537.17 (KHTML, like Gecko) Chrome/24.0.1312.52 Safari/537.17',NULL),(257,'2013-01-16 15:36:21','USER_LOGIN',1,'2013-01-16 16:36:21',1,'(UserLogged,admin)','::1','Mozilla/5.0 (X11; Linux x86_64) AppleWebKit/537.17 (KHTML, like Gecko) Chrome/24.0.1312.52 Safari/537.17',NULL),(258,'2013-01-16 19:17:36','USER_LOGIN',1,'2013-01-16 20:17:36',1,'(UserLogged,admin)','::1','Mozilla/5.0 (X11; Linux x86_64) AppleWebKit/537.17 (KHTML, like Gecko) Chrome/24.0.1312.52 Safari/537.17',NULL),(259,'2013-01-16 19:48:08','GROUP_CREATE',1,'2013-01-16 20:48:08',1,'Création groupe ggg','::1','Mozilla/5.0 (X11; Linux x86_64) AppleWebKit/537.17 (KHTML, like Gecko) Chrome/24.0.1312.52 Safari/537.17',NULL),(260,'2013-01-16 21:48:53','USER_LOGIN',1,'2013-01-16 22:48:53',1,'(UserLogged,admin)','::1','Mozilla/5.0 (X11; Linux x86_64) AppleWebKit/537.17 (KHTML, like Gecko) Chrome/24.0.1312.52 Safari/537.17',NULL),(261,'2013-01-17 19:55:53','USER_LOGIN',1,'2013-01-17 20:55:53',1,'(UserLogged,admin)','::1','Mozilla/5.0 (X11; Linux x86_64) AppleWebKit/537.17 (KHTML, like Gecko) Chrome/24.0.1312.52 Safari/537.17',NULL),(262,'2013-01-18 09:48:01','USER_LOGIN',1,'2013-01-18 10:48:01',1,'(UserLogged,admin)','::1','Mozilla/5.0 (X11; Linux x86_64) AppleWebKit/537.17 (KHTML, like Gecko) Chrome/24.0.1312.52 Safari/537.17',NULL),(263,'2013-01-18 13:22:36','USER_LOGIN',1,'2013-01-18 14:22:36',1,'(UserLogged,admin)','::1','Mozilla/5.0 (X11; Linux x86_64) AppleWebKit/537.17 (KHTML, like Gecko) Chrome/24.0.1312.52 Safari/537.17',NULL),(264,'2013-01-18 16:10:23','USER_LOGIN',1,'2013-01-18 17:10:22',1,'(UserLogged,admin)','::1','Mozilla/5.0 (X11; Linux x86_64) AppleWebKit/537.17 (KHTML, like Gecko) Chrome/24.0.1312.52 Safari/537.17',NULL),(265,'2013-01-18 17:41:40','USER_LOGIN',1,'2013-01-18 18:41:40',1,'(UserLogged,admin)','::1','Mozilla/5.0 (X11; Linux x86_64) AppleWebKit/537.17 (KHTML, like Gecko) Chrome/24.0.1312.52 Safari/537.17',NULL),(266,'2013-01-19 14:33:48','USER_LOGIN',1,'2013-01-19 15:33:48',1,'(UserLogged,admin)','::1','Mozilla/5.0 (X11; Linux x86_64) AppleWebKit/537.17 (KHTML, like Gecko) Chrome/24.0.1312.52 Safari/537.17',NULL),(267,'2013-01-19 16:47:43','USER_LOGIN',1,'2013-01-19 17:47:43',1,'(UserLogged,admin)','::1','Mozilla/5.0 (X11; Linux x86_64) AppleWebKit/537.17 (KHTML, like Gecko) Chrome/24.0.1312.52 Safari/537.17',NULL),(268,'2013-01-19 16:59:43','USER_LOGIN',1,'2013-01-19 17:59:43',1,'(UserLogged,admin)','::1','Mozilla/5.0 (X11; Linux x86_64) AppleWebKit/537.17 (KHTML, like Gecko) Chrome/24.0.1312.52 Safari/537.17',NULL),(269,'2013-01-19 17:00:22','USER_LOGIN',1,'2013-01-19 18:00:22',1,'(UserLogged,admin)','::1','Mozilla/5.0 (X11; Linux x86_64) AppleWebKit/537.17 (KHTML, like Gecko) Chrome/24.0.1312.52 Safari/537.17',NULL),(270,'2013-01-19 17:04:16','USER_LOGOUT',1,'2013-01-19 18:04:16',1,'(UserLogoff,admin)','::1','Mozilla/5.0 (X11; Linux x86_64) AppleWebKit/537.17 (KHTML, like Gecko) Chrome/24.0.1312.52 Safari/537.17',NULL),(271,'2013-01-19 17:04:18','USER_LOGIN',1,'2013-01-19 18:04:18',1,'(UserLogged,admin)','::1','Mozilla/5.0 (X11; Linux x86_64) AppleWebKit/537.17 (KHTML, like Gecko) Chrome/24.0.1312.52 Safari/537.17',NULL),(272,'2013-01-20 00:34:19','USER_LOGIN',1,'2013-01-20 01:34:19',1,'(UserLogged,admin)','::1','Mozilla/5.0 (X11; Linux x86_64) AppleWebKit/537.17 (KHTML, like Gecko) Chrome/24.0.1312.52 Safari/537.17',NULL),(273,'2013-01-21 11:54:17','USER_LOGIN',1,'2013-01-21 12:54:17',1,'(UserLogged,admin)','::1','Mozilla/5.0 (X11; Linux x86_64) AppleWebKit/537.17 (KHTML, like Gecko) Chrome/24.0.1312.52 Safari/537.17',NULL),(274,'2013-01-21 13:48:15','USER_LOGIN',1,'2013-01-21 14:48:15',1,'(UserLogged,admin)','::1','Mozilla/5.0 (X11; Linux x86_64) AppleWebKit/537.17 (KHTML, like Gecko) Chrome/24.0.1312.52 Safari/537.17',NULL),(275,'2013-01-21 14:30:22','USER_LOGIN',1,'2013-01-21 15:30:22',1,'(UserLogged,admin)','127.0.0.1','Mozilla/5.0 (X11; Linux x86_64) AppleWebKit/537.17 (KHTML, like Gecko) Chrome/24.0.1312.52 Safari/537.17',NULL),(276,'2013-01-21 15:10:46','USER_LOGIN',1,'2013-01-21 16:10:46',1,'(UserLogged,admin)','::1','Mozilla/5.0 (X11; Linux x86_64) AppleWebKit/537.17 (KHTML, like Gecko) Chrome/24.0.1312.52 Safari/537.17',NULL),(277,'2013-01-21 17:27:43','USER_LOGIN',1,'2013-01-21 18:27:43',1,'(UserLogged,admin)','127.0.0.1','Mozilla/5.0 (X11; Linux x86_64) AppleWebKit/537.17 (KHTML, like Gecko) Chrome/24.0.1312.52 Safari/537.17',NULL),(278,'2013-01-21 21:48:15','USER_LOGIN',1,'2013-01-21 22:48:15',1,'(UserLogged,admin)','::1','Mozilla/5.0 (X11; Linux x86_64) AppleWebKit/537.17 (KHTML, like Gecko) Chrome/24.0.1312.52 Safari/537.17',NULL),(279,'2013-01-21 21:50:42','USER_LOGIN',1,'2013-01-21 22:50:42',1,'(UserLogged,admin)','127.0.0.1','Mozilla/5.0 (X11; Linux x86_64) AppleWebKit/537.17 (KHTML, like Gecko) Chrome/24.0.1312.52 Safari/537.17',NULL),(280,'2013-01-23 09:28:26','USER_LOGIN',1,'2013-01-23 10:28:26',1,'(UserLogged,admin)','::1','Mozilla/5.0 (X11; Linux x86_64) AppleWebKit/537.17 (KHTML, like Gecko) Chrome/24.0.1312.56 Safari/537.17',NULL),(281,'2013-01-23 13:21:57','USER_LOGIN',1,'2013-01-23 14:21:57',1,'(UserLogged,admin)','::1','Mozilla/5.0 (X11; Linux x86_64) AppleWebKit/537.17 (KHTML, like Gecko) Chrome/24.0.1312.56 Safari/537.17',NULL),(282,'2013-01-23 16:52:00','USER_LOGOUT',1,'2013-01-23 17:52:00',1,'(UserLogoff,admin)','::1','Mozilla/5.0 (X11; Linux x86_64) AppleWebKit/537.17 (KHTML, like Gecko) Chrome/24.0.1312.56 Safari/537.17',NULL),(283,'2013-01-23 16:52:05','USER_LOGIN_FAILED',1,'2013-01-23 17:52:05',NULL,'Bad value for login or password - login=bbb','::1','Mozilla/5.0 (X11; Linux x86_64) AppleWebKit/537.17 (KHTML, like Gecko) Chrome/24.0.1312.56 Safari/537.17',NULL),(284,'2013-01-23 16:52:09','USER_LOGIN',1,'2013-01-23 17:52:09',1,'(UserLogged,admin)','::1','Mozilla/5.0 (X11; Linux x86_64) AppleWebKit/537.17 (KHTML, like Gecko) Chrome/24.0.1312.56 Safari/537.17',NULL),(285,'2013-01-23 16:52:27','USER_CREATE',1,'2013-01-23 17:52:27',1,'Création utilisateur aaa','::1','Mozilla/5.0 (X11; Linux x86_64) AppleWebKit/537.17 (KHTML, like Gecko) Chrome/24.0.1312.56 Safari/537.17',NULL),(286,'2013-01-23 16:52:27','USER_NEW_PASSWORD',1,'2013-01-23 17:52:27',1,'Changement mot de passe de aaa','::1','Mozilla/5.0 (X11; Linux x86_64) AppleWebKit/537.17 (KHTML, like Gecko) Chrome/24.0.1312.56 Safari/537.17',NULL),(287,'2013-01-23 16:52:37','USER_CREATE',1,'2013-01-23 17:52:37',1,'Création utilisateur bbb','::1','Mozilla/5.0 (X11; Linux x86_64) AppleWebKit/537.17 (KHTML, like Gecko) Chrome/24.0.1312.56 Safari/537.17',NULL),(288,'2013-01-23 16:52:37','USER_NEW_PASSWORD',1,'2013-01-23 17:52:37',1,'Changement mot de passe de bbb','::1','Mozilla/5.0 (X11; Linux x86_64) AppleWebKit/537.17 (KHTML, like Gecko) Chrome/24.0.1312.56 Safari/537.17',NULL),(289,'2013-01-23 16:53:15','USER_LOGOUT',1,'2013-01-23 17:53:15',1,'(UserLogoff,admin)','::1','Mozilla/5.0 (X11; Linux x86_64) AppleWebKit/537.17 (KHTML, like Gecko) Chrome/24.0.1312.56 Safari/537.17',NULL),(290,'2013-01-23 16:53:20','USER_LOGIN',1,'2013-01-23 17:53:20',4,'(UserLogged,aaa)','::1','Mozilla/5.0 (X11; Linux x86_64) AppleWebKit/537.17 (KHTML, like Gecko) Chrome/24.0.1312.56 Safari/537.17',NULL),(291,'2013-01-23 19:16:58','USER_LOGIN',1,'2013-01-23 20:16:58',1,'(UserLogged,admin)','::1','Mozilla/5.0 (X11; Linux x86_64) AppleWebKit/537.17 (KHTML, like Gecko) Chrome/24.0.1312.56 Safari/537.17',NULL),(292,'2013-01-26 10:54:07','USER_LOGIN',1,'2013-01-26 11:54:07',1,'(UserLogged,admin)','::1','Mozilla/5.0 (X11; Linux x86_64) AppleWebKit/537.17 (KHTML, like Gecko) Chrome/24.0.1312.56 Safari/537.17',NULL),(293,'2013-01-29 10:15:36','USER_LOGIN',1,'2013-01-29 11:15:36',1,'(UserLogged,admin)','::1','Mozilla/5.0 (X11; Linux x86_64) AppleWebKit/537.17 (KHTML, like Gecko) Chrome/24.0.1312.56 Safari/537.17',NULL),(294,'2013-01-30 17:42:50','USER_LOGIN',1,'2013-01-30 18:42:50',1,'(UserLogged,admin)','::1','Mozilla/5.0 (X11; Linux x86_64) AppleWebKit/537.17 (KHTML, like Gecko) Chrome/24.0.1312.56 Safari/537.17',NULL),(295,'2013-02-01 08:49:55','USER_LOGIN',1,'2013-02-01 09:49:55',1,'(UserLogged,admin)','::1','Mozilla/5.0 (X11; Linux x86_64) AppleWebKit/537.17 (KHTML, like Gecko) Chrome/24.0.1312.57 Safari/537.17',NULL),(296,'2013-02-01 08:51:57','USER_LOGOUT',1,'2013-02-01 09:51:57',1,'(UserLogoff,admin)','::1','Mozilla/5.0 (X11; Linux x86_64) AppleWebKit/537.17 (KHTML, like Gecko) Chrome/24.0.1312.57 Safari/537.17',NULL),(297,'2013-02-01 08:52:39','USER_LOGIN',1,'2013-02-01 09:52:39',1,'(UserLogged,admin)','::1','Mozilla/5.0 (X11; Linux x86_64) AppleWebKit/537.17 (KHTML, like Gecko) Chrome/24.0.1312.57 Safari/537.17',NULL),(298,'2013-02-01 21:03:01','USER_LOGIN',1,'2013-02-01 22:03:01',1,'(UserLogged,admin)','::1','Mozilla/5.0 (X11; Linux x86_64) AppleWebKit/537.17 (KHTML, like Gecko) Chrome/24.0.1312.57 Safari/537.17',NULL),(299,'2013-02-10 19:48:39','USER_LOGIN',1,'2013-02-10 20:48:39',1,'(UserLogged,admin)','::1','Mozilla/5.0 (X11; Linux x86_64) AppleWebKit/537.17 (KHTML, like Gecko) Chrome/24.0.1312.57 Safari/537.17',NULL),(300,'2013-02-10 20:46:48','USER_LOGIN',1,'2013-02-10 21:46:48',1,'(UserLogged,admin)','::1','Mozilla/5.0 (X11; Linux x86_64) AppleWebKit/537.17 (KHTML, like Gecko) Chrome/24.0.1312.57 Safari/537.17',NULL),(301,'2013-02-10 21:39:23','USER_LOGIN',1,'2013-02-10 22:39:23',1,'(UserLogged,admin)','::1','Mozilla/5.0 (X11; Linux x86_64) AppleWebKit/537.17 (KHTML, like Gecko) Chrome/24.0.1312.57 Safari/537.17',NULL),(302,'2013-02-11 19:00:13','USER_LOGIN',1,'2013-02-11 20:00:13',1,'(UserLogged,admin)','::1','Mozilla/5.0 (X11; Linux x86_64) AppleWebKit/537.17 (KHTML, like Gecko) Chrome/24.0.1312.57 Safari/537.17',NULL),(303,'2013-02-11 19:43:44','USER_LOGIN_FAILED',1,'2013-02-11 20:43:44',NULL,'Unknown column \'u.fk_user\' in \'field list\'','::1','Mozilla/5.0 (X11; Linux x86_64) AppleWebKit/537.17 (KHTML, like Gecko) Chrome/24.0.1312.57 Safari/537.17',NULL),(304,'2013-02-11 19:44:01','USER_LOGIN',1,'2013-02-11 20:44:01',1,'(UserLogged,admin)','::1','Mozilla/5.0 (X11; Linux x86_64) AppleWebKit/537.17 (KHTML, like Gecko) Chrome/24.0.1312.57 Safari/537.17',NULL),(305,'2013-02-12 00:27:35','USER_LOGIN',1,'2013-02-12 01:27:35',1,'(UserLogged,admin)','::1','Mozilla/5.0 (X11; Linux x86_64) AppleWebKit/537.17 (KHTML, like Gecko) Chrome/24.0.1312.57 Safari/537.17',NULL),(306,'2013-02-12 00:27:38','USER_LOGOUT',1,'2013-02-12 01:27:38',1,'(UserLogoff,admin)','::1','Mozilla/5.0 (X11; Linux x86_64) AppleWebKit/537.17 (KHTML, like Gecko) Chrome/24.0.1312.57 Safari/537.17',NULL),(307,'2013-02-12 00:28:07','USER_LOGIN',1,'2013-02-12 01:28:07',1,'(UserLogged,admin)','::1','Mozilla/5.0 (X11; Linux x86_64) AppleWebKit/537.17 (KHTML, like Gecko) Chrome/24.0.1312.57 Safari/537.17',NULL),(308,'2013-02-12 00:28:09','USER_LOGOUT',1,'2013-02-12 01:28:09',1,'(UserLogoff,admin)','::1','Mozilla/5.0 (X11; Linux x86_64) AppleWebKit/537.17 (KHTML, like Gecko) Chrome/24.0.1312.57 Safari/537.17',NULL),(309,'2013-02-12 00:28:26','USER_LOGIN',1,'2013-02-12 01:28:26',1,'(UserLogged,admin)','::1','Mozilla/5.0 (X11; Linux x86_64) AppleWebKit/537.17 (KHTML, like Gecko) Chrome/24.0.1312.57 Safari/537.17',NULL),(310,'2013-02-12 00:28:30','USER_LOGOUT',1,'2013-02-12 01:28:30',1,'(UserLogoff,admin)','::1','Mozilla/5.0 (X11; Linux x86_64) AppleWebKit/537.17 (KHTML, like Gecko) Chrome/24.0.1312.57 Safari/537.17',NULL),(311,'2013-02-12 12:42:15','USER_LOGIN',1,'2013-02-12 13:42:15',1,'(UserLogged,admin)','::1','Mozilla/5.0 (X11; Linux x86_64) AppleWebKit/537.17 (KHTML, like Gecko) Chrome/24.0.1312.57 Safari/537.17',NULL),(312,'2013-02-12 13:46:16','USER_LOGIN',1,'2013-02-12 14:46:16',1,'(UserLogged,admin)','::1','Mozilla/5.0 (X11; Linux x86_64) AppleWebKit/537.17 (KHTML, like Gecko) Chrome/24.0.1312.69 Safari/537.17',NULL),(313,'2013-02-12 14:54:28','USER_LOGIN',1,'2013-02-12 15:54:28',1,'(UserLogged,admin)','::1','Mozilla/5.0 (X11; Linux x86_64) AppleWebKit/537.17 (KHTML, like Gecko) Chrome/24.0.1312.69 Safari/537.17',NULL),(314,'2013-02-12 16:04:46','USER_LOGIN',1,'2013-02-12 17:04:46',1,'(UserLogged,admin)','::1','Mozilla/5.0 (X11; Linux x86_64) AppleWebKit/537.17 (KHTML, like Gecko) Chrome/24.0.1312.69 Safari/537.17',NULL),(315,'2013-02-13 14:02:43','USER_LOGIN',1,'2013-02-13 15:02:43',1,'(UserLogged,admin)','::1','Mozilla/5.0 (X11; Linux x86_64) AppleWebKit/537.17 (KHTML, like Gecko) Chrome/24.0.1312.69 Safari/537.17',NULL),(316,'2013-02-13 14:48:30','USER_LOGIN',1,'2013-02-13 15:48:30',1,'(UserLogged,admin)','::1','Mozilla/5.0 (X11; Linux x86_64) AppleWebKit/537.17 (KHTML, like Gecko) Chrome/24.0.1312.69 Safari/537.17',NULL),(317,'2013-02-13 17:44:53','USER_LOGIN',1,'2013-02-13 18:44:53',1,'(UserLogged,admin)','::1','Mozilla/5.0 (X11; Linux x86_64) AppleWebKit/537.17 (KHTML, like Gecko) Chrome/24.0.1312.69 Safari/537.17',NULL),(318,'2013-02-15 08:44:36','USER_LOGIN',1,'2013-02-15 09:44:36',1,'(UserLogged,admin)','::1','Mozilla/5.0 (X11; Linux x86_64) AppleWebKit/537.17 (KHTML, like Gecko) Chrome/24.0.1312.69 Safari/537.17',NULL),(319,'2013-02-15 08:53:20','USER_LOGIN',1,'2013-02-15 09:53:20',1,'(UserLogged,admin)','127.0.0.1','Mozilla/5.0 (X11; Linux x86_64) AppleWebKit/537.17 (KHTML, like Gecko) Chrome/24.0.1312.69 Safari/537.17',NULL),(320,'2013-02-16 19:10:28','USER_LOGIN',1,'2013-02-16 20:10:28',1,'(UserLogged,admin)','127.0.0.1','Mozilla/5.0 (X11; Linux x86_64) AppleWebKit/537.17 (KHTML, like Gecko) Chrome/24.0.1312.69 Safari/537.17',NULL),(321,'2013-02-16 19:22:40','USER_CREATE',1,'2013-02-16 20:22:40',1,'Création utilisateur aaab','127.0.0.1','Mozilla/5.0 (X11; Linux x86_64) AppleWebKit/537.17 (KHTML, like Gecko) Chrome/24.0.1312.69 Safari/537.17',NULL),(322,'2013-02-16 19:22:40','USER_NEW_PASSWORD',1,'2013-02-16 20:22:40',1,'Changement mot de passe de aaab','127.0.0.1','Mozilla/5.0 (X11; Linux x86_64) AppleWebKit/537.17 (KHTML, like Gecko) Chrome/24.0.1312.69 Safari/537.17',NULL),(323,'2013-02-16 19:48:15','USER_CREATE',1,'2013-02-16 20:48:15',1,'Création utilisateur zzz','127.0.0.1','Mozilla/5.0 (X11; Linux x86_64) AppleWebKit/537.17 (KHTML, like Gecko) Chrome/24.0.1312.69 Safari/537.17',NULL),(324,'2013-02-16 19:48:15','USER_NEW_PASSWORD',1,'2013-02-16 20:48:15',1,'Changement mot de passe de zzz','127.0.0.1','Mozilla/5.0 (X11; Linux x86_64) AppleWebKit/537.17 (KHTML, like Gecko) Chrome/24.0.1312.69 Safari/537.17',NULL),(325,'2013-02-16 19:50:08','USER_CREATE',1,'2013-02-16 20:50:08',1,'Création utilisateur zzzg','127.0.0.1','Mozilla/5.0 (X11; Linux x86_64) AppleWebKit/537.17 (KHTML, like Gecko) Chrome/24.0.1312.69 Safari/537.17',NULL),(326,'2013-02-16 19:50:08','USER_NEW_PASSWORD',1,'2013-02-16 20:50:08',1,'Changement mot de passe de zzzg','127.0.0.1','Mozilla/5.0 (X11; Linux x86_64) AppleWebKit/537.17 (KHTML, like Gecko) Chrome/24.0.1312.69 Safari/537.17',NULL),(327,'2013-02-16 21:20:03','USER_LOGIN',1,'2013-02-16 22:20:03',1,'(UserLogged,admin)','127.0.0.1','Mozilla/5.0 (X11; Linux x86_64) AppleWebKit/537.17 (KHTML, like Gecko) Chrome/24.0.1312.69 Safari/537.17',NULL),(328,'2013-02-17 14:30:51','USER_LOGIN',1,'2013-02-17 15:30:51',1,'(UserLogged,admin)','127.0.0.1','Mozilla/5.0 (X11; Linux x86_64) AppleWebKit/537.17 (KHTML, like Gecko) Chrome/24.0.1312.69 Safari/537.17',NULL),(329,'2013-02-17 17:21:22','USER_LOGIN',1,'2013-02-17 18:21:22',1,'(UserLogged,admin)','127.0.0.1','Mozilla/5.0 (X11; Linux x86_64) AppleWebKit/537.17 (KHTML, like Gecko) Chrome/24.0.1312.69 Safari/537.17',NULL),(330,'2013-02-17 17:48:43','USER_MODIFY',1,'2013-02-17 18:48:43',1,'Modification utilisateur aaa','127.0.0.1','Mozilla/5.0 (X11; Linux x86_64) AppleWebKit/537.17 (KHTML, like Gecko) Chrome/24.0.1312.69 Safari/537.17',NULL),(331,'2013-02-17 17:48:47','USER_MODIFY',1,'2013-02-17 18:48:47',1,'Modification utilisateur aaa','127.0.0.1','Mozilla/5.0 (X11; Linux x86_64) AppleWebKit/537.17 (KHTML, like Gecko) Chrome/24.0.1312.69 Safari/537.17',NULL),(332,'2013-02-17 17:48:51','USER_MODIFY',1,'2013-02-17 18:48:51',1,'Modification utilisateur aaa','127.0.0.1','Mozilla/5.0 (X11; Linux x86_64) AppleWebKit/537.17 (KHTML, like Gecko) Chrome/24.0.1312.69 Safari/537.17',NULL),(333,'2013-02-17 17:48:56','USER_MODIFY',1,'2013-02-17 18:48:56',1,'Modification utilisateur aaa','127.0.0.1','Mozilla/5.0 (X11; Linux x86_64) AppleWebKit/537.17 (KHTML, like Gecko) Chrome/24.0.1312.69 Safari/537.17',NULL),(334,'2013-02-18 22:00:01','USER_LOGIN',1,'2013-02-18 23:00:01',1,'(UserLogged,admin)','127.0.0.1','Mozilla/5.0 (X11; Linux x86_64) AppleWebKit/537.17 (KHTML, like Gecko) Chrome/24.0.1312.69 Safari/537.17',NULL),(335,'2013-02-19 08:19:52','USER_LOGIN',1,'2013-02-19 09:19:52',1,'(UserLogged,admin)','127.0.0.1','Mozilla/5.0 (X11; Linux x86_64) AppleWebKit/537.17 (KHTML, like Gecko) Chrome/24.0.1312.69 Safari/537.17',NULL),(336,'2013-02-19 22:00:52','USER_LOGIN',1,'2013-02-19 23:00:52',1,'(UserLogged,admin)','127.0.0.1','Mozilla/5.0 (X11; Linux x86_64) AppleWebKit/537.17 (KHTML, like Gecko) Chrome/24.0.1312.69 Safari/537.17',NULL),(337,'2013-02-20 09:34:52','USER_LOGIN',1,'2013-02-20 10:34:52',1,'(UserLogged,admin)','127.0.0.1','Mozilla/5.0 (X11; Linux x86_64) AppleWebKit/537.17 (KHTML, like Gecko) Chrome/24.0.1312.69 Safari/537.17',NULL),(338,'2013-02-20 13:12:28','USER_LOGIN',1,'2013-02-20 14:12:28',1,'(UserLogged,admin)','127.0.0.1','Mozilla/5.0 (X11; Linux x86_64) AppleWebKit/537.17 (KHTML, like Gecko) Chrome/24.0.1312.69 Safari/537.17',NULL),(339,'2013-02-20 17:19:44','USER_LOGIN',1,'2013-02-20 18:19:44',1,'(UserLogged,admin)','127.0.0.1','Mozilla/5.0 (X11; Linux x86_64) AppleWebKit/537.17 (KHTML, like Gecko) Chrome/24.0.1312.69 Safari/537.17',NULL),(340,'2013-02-20 19:07:21','USER_MODIFY',1,'2013-02-20 20:07:21',1,'Modification utilisateur adupont','127.0.0.1','Mozilla/5.0 (X11; Linux x86_64) AppleWebKit/537.17 (KHTML, like Gecko) Chrome/24.0.1312.69 Safari/537.17',NULL),(341,'2013-02-20 19:47:17','USER_LOGIN',1,'2013-02-20 20:47:17',1,'(UserLogged,admin)','127.0.0.1','Mozilla/5.0 (X11; Linux x86_64) AppleWebKit/537.17 (KHTML, like Gecko) Chrome/24.0.1312.69 Safari/537.17',NULL),(342,'2013-02-20 19:48:01','USER_MODIFY',1,'2013-02-20 20:48:01',1,'Modification utilisateur aaa','127.0.0.1','Mozilla/5.0 (X11; Linux x86_64) AppleWebKit/537.17 (KHTML, like Gecko) Chrome/24.0.1312.69 Safari/537.17',NULL),(343,'2013-02-21 08:27:07','USER_LOGIN',1,'2013-02-21 09:27:07',1,'(UserLogged,admin)','127.0.0.1','Mozilla/5.0 (X11; Linux x86_64) AppleWebKit/537.17 (KHTML, like Gecko) Chrome/24.0.1312.69 Safari/537.17',NULL),(344,'2013-02-23 13:34:13','USER_LOGIN',1,'2013-02-23 14:34:13',1,'(UserLogged,admin)','127.0.0.1','Mozilla/5.0 (X11; Linux x86_64) AppleWebKit/537.17 (KHTML, like Gecko) Chrome/24.0.1312.69 Safari/537.17',NULL),(345,'2013-02-24 01:06:41','USER_LOGIN_FAILED',1,'2013-02-24 02:06:41',NULL,'Bad value for login or password - login=admin','127.0.0.1','Mozilla/5.0 (X11; Linux x86_64) AppleWebKit/537.22 (KHTML, like Gecko) Chrome/25.0.1364.97 Safari/537.22',NULL),(346,'2013-02-24 01:06:45','USER_LOGIN_FAILED',1,'2013-02-24 02:06:45',NULL,'Bad value for login or password - login=admin','127.0.0.1','Mozilla/5.0 (X11; Linux x86_64) AppleWebKit/537.22 (KHTML, like Gecko) Chrome/25.0.1364.97 Safari/537.22',NULL),(347,'2013-02-24 01:06:55','USER_LOGIN_FAILED',1,'2013-02-24 02:06:55',NULL,'Bad value for login or password - login=admin','127.0.0.1','Mozilla/5.0 (X11; Linux x86_64) AppleWebKit/537.22 (KHTML, like Gecko) Chrome/25.0.1364.97 Safari/537.22',NULL),(348,'2013-02-24 01:07:03','USER_LOGIN_FAILED',1,'2013-02-24 02:07:03',NULL,'Bad value for login or password - login=admin','127.0.0.1','Mozilla/5.0 (X11; Linux x86_64) AppleWebKit/537.22 (KHTML, like Gecko) Chrome/25.0.1364.97 Safari/537.22',NULL),(349,'2013-02-24 01:07:21','USER_LOGIN_FAILED',1,'2013-02-24 02:07:21',NULL,'Bad value for login or password - login=admin','127.0.0.1','Mozilla/5.0 (X11; Linux x86_64) AppleWebKit/537.22 (KHTML, like Gecko) Chrome/25.0.1364.97 Safari/537.22',NULL),(350,'2013-02-24 01:08:12','USER_LOGIN_FAILED',1,'2013-02-24 02:08:12',NULL,'Bad value for login or password - login=admin','127.0.0.1','Mozilla/5.0 (X11; Linux x86_64) AppleWebKit/537.22 (KHTML, like Gecko) Chrome/25.0.1364.97 Safari/537.22',NULL),(351,'2013-02-24 01:08:42','USER_LOGIN_FAILED',1,'2013-02-24 02:08:42',NULL,'Bad value for login or password - login=admin','127.0.0.1','Mozilla/5.0 (X11; Linux x86_64) AppleWebKit/537.22 (KHTML, like Gecko) Chrome/25.0.1364.97 Safari/537.22',NULL),(352,'2013-02-24 01:08:50','USER_LOGIN_FAILED',1,'2013-02-24 02:08:50',NULL,'Bad value for login or password - login=admin','127.0.0.1','Mozilla/5.0 (X11; Linux x86_64) AppleWebKit/537.22 (KHTML, like Gecko) Chrome/25.0.1364.97 Safari/537.22',NULL),(353,'2013-02-24 01:09:08','USER_LOGIN_FAILED',1,'2013-02-24 02:09:08',NULL,'Bad value for login or password - login=admin','127.0.0.1','Mozilla/5.0 (X11; Linux x86_64) AppleWebKit/537.22 (KHTML, like Gecko) Chrome/25.0.1364.97 Safari/537.22',NULL),(354,'2013-02-24 01:09:42','USER_LOGIN_FAILED',1,'2013-02-24 02:09:42',NULL,'Bad value for login or password - login=admin','127.0.0.1','Mozilla/5.0 (X11; Linux x86_64) AppleWebKit/537.22 (KHTML, like Gecko) Chrome/25.0.1364.97 Safari/537.22',NULL),(355,'2013-02-24 01:09:50','USER_LOGIN_FAILED',1,'2013-02-24 02:09:50',NULL,'Bad value for login or password - login=admin','127.0.0.1','Mozilla/5.0 (X11; Linux x86_64) AppleWebKit/537.22 (KHTML, like Gecko) Chrome/25.0.1364.97 Safari/537.22',NULL),(356,'2013-02-24 01:10:05','USER_LOGIN_FAILED',1,'2013-02-24 02:10:05',NULL,'Bad value for login or password - login=admin','127.0.0.1','Mozilla/5.0 (X11; Linux x86_64) AppleWebKit/537.22 (KHTML, like Gecko) Chrome/25.0.1364.97 Safari/537.22',NULL),(357,'2013-02-24 01:10:22','USER_LOGIN_FAILED',1,'2013-02-24 02:10:22',NULL,'Bad value for login or password - login=admin','127.0.0.1','Mozilla/5.0 (X11; Linux x86_64) AppleWebKit/537.22 (KHTML, like Gecko) Chrome/25.0.1364.97 Safari/537.22',NULL),(358,'2013-02-24 01:10:30','USER_LOGIN_FAILED',1,'2013-02-24 02:10:30',NULL,'Bad value for login or password - login=admin','127.0.0.1','Mozilla/5.0 (X11; Linux x86_64) AppleWebKit/537.22 (KHTML, like Gecko) Chrome/25.0.1364.97 Safari/537.22',NULL),(359,'2013-02-24 01:10:56','USER_LOGIN_FAILED',1,'2013-02-24 02:10:56',NULL,'Bad value for login or password - login=admin','127.0.0.1','Mozilla/5.0 (X11; Linux x86_64) AppleWebKit/537.22 (KHTML, like Gecko) Chrome/25.0.1364.97 Safari/537.22',NULL),(360,'2013-02-24 01:11:26','USER_LOGIN_FAILED',1,'2013-02-24 02:11:26',NULL,'Bad value for login or password - login=admin','127.0.0.1','Mozilla/5.0 (X11; Linux x86_64) AppleWebKit/537.22 (KHTML, like Gecko) Chrome/25.0.1364.97 Safari/537.22',NULL),(361,'2013-02-24 01:12:06','USER_LOGIN_FAILED',1,'2013-02-24 02:12:06',NULL,'Bad value for login or password - login=admin','127.0.0.1','Mozilla/5.0 (X11; Linux x86_64) AppleWebKit/537.22 (KHTML, like Gecko) Chrome/25.0.1364.97 Safari/537.22',NULL),(362,'2013-02-24 01:21:14','USER_LOGIN_FAILED',1,'2013-02-24 02:21:14',NULL,'Bad value for login or password - login=admin','127.0.0.1','Mozilla/5.0 (X11; Linux x86_64) AppleWebKit/537.22 (KHTML, like Gecko) Chrome/25.0.1364.97 Safari/537.22',NULL),(363,'2013-02-24 01:21:25','USER_LOGIN_FAILED',1,'2013-02-24 02:21:25',NULL,'Bad value for login or password - login=admin','127.0.0.1','Mozilla/5.0 (X11; Linux x86_64) AppleWebKit/537.22 (KHTML, like Gecko) Chrome/25.0.1364.97 Safari/537.22',NULL),(364,'2013-02-24 01:21:54','USER_LOGIN_FAILED',1,'2013-02-24 02:21:54',NULL,'Bad value for login or password - login=admin','127.0.0.1','Mozilla/5.0 (X11; Linux x86_64) AppleWebKit/537.22 (KHTML, like Gecko) Chrome/25.0.1364.97 Safari/537.22',NULL),(365,'2013-02-24 01:22:14','USER_LOGIN_FAILED',1,'2013-02-24 02:22:14',NULL,'Bad value for login or password - login=admin','127.0.0.1','Mozilla/5.0 (X11; Linux x86_64) AppleWebKit/537.22 (KHTML, like Gecko) Chrome/25.0.1364.97 Safari/537.22',NULL),(366,'2013-02-24 01:22:37','USER_LOGIN_FAILED',1,'2013-02-24 02:22:37',NULL,'Bad value for login or password - login=admin','127.0.0.1','Mozilla/5.0 (X11; Linux x86_64) AppleWebKit/537.22 (KHTML, like Gecko) Chrome/25.0.1364.97 Safari/537.22',NULL),(367,'2013-02-24 01:23:01','USER_LOGIN_FAILED',1,'2013-02-24 02:23:01',NULL,'Bad value for login or password - login=admin','127.0.0.1','Mozilla/5.0 (X11; Linux x86_64) AppleWebKit/537.22 (KHTML, like Gecko) Chrome/25.0.1364.97 Safari/537.22',NULL),(368,'2013-02-24 01:23:39','USER_LOGIN_FAILED',1,'2013-02-24 02:23:39',NULL,'Bad value for login or password - login=admin','127.0.0.1','Mozilla/5.0 (X11; Linux x86_64) AppleWebKit/537.22 (KHTML, like Gecko) Chrome/25.0.1364.97 Safari/537.22',NULL),(369,'2013-02-24 01:24:04','USER_LOGIN_FAILED',1,'2013-02-24 02:24:04',NULL,'Bad value for login or password - login=admin','127.0.0.1','Mozilla/5.0 (X11; Linux x86_64) AppleWebKit/537.22 (KHTML, like Gecko) Chrome/25.0.1364.97 Safari/537.22',NULL),(370,'2013-02-24 01:24:39','USER_LOGIN_FAILED',1,'2013-02-24 02:24:39',NULL,'Bad value for login or password - login=aa','127.0.0.1','Mozilla/5.0 (X11; Linux x86_64) AppleWebKit/537.22 (KHTML, like Gecko) Chrome/25.0.1364.97 Safari/537.22',NULL),(371,'2013-02-24 01:25:01','USER_LOGIN_FAILED',1,'2013-02-24 02:25:01',NULL,'Bad value for login or password - login=aa','127.0.0.1','Mozilla/5.0 (X11; Linux x86_64) AppleWebKit/537.22 (KHTML, like Gecko) Chrome/25.0.1364.97 Safari/537.22',NULL),(372,'2013-02-24 01:25:12','USER_LOGIN_FAILED',1,'2013-02-24 02:25:12',NULL,'Bad value for login or password - login=aa','127.0.0.1','Mozilla/5.0 (X11; Linux x86_64) AppleWebKit/537.22 (KHTML, like Gecko) Chrome/25.0.1364.97 Safari/537.22',NULL),(373,'2013-02-24 01:27:30','USER_LOGIN_FAILED',1,'2013-02-24 02:27:30',NULL,'Bad value for login or password - login=aa','127.0.0.1','Mozilla/5.0 (X11; Linux x86_64) AppleWebKit/537.22 (KHTML, like Gecko) Chrome/25.0.1364.97 Safari/537.22',NULL),(374,'2013-02-24 01:28:00','USER_LOGIN_FAILED',1,'2013-02-24 02:28:00',NULL,'Bad value for login or password - login=aa','127.0.0.1','Mozilla/5.0 (X11; Linux x86_64) AppleWebKit/537.22 (KHTML, like Gecko) Chrome/25.0.1364.97 Safari/537.22',NULL),(375,'2013-02-24 01:28:35','USER_LOGIN_FAILED',1,'2013-02-24 02:28:35',NULL,'Bad value for login or password - login=aa','127.0.0.1','Mozilla/5.0 (X11; Linux x86_64) AppleWebKit/537.22 (KHTML, like Gecko) Chrome/25.0.1364.97 Safari/537.22',NULL),(376,'2013-02-24 01:29:03','USER_LOGIN_FAILED',1,'2013-02-24 02:29:03',NULL,'Bad value for login or password - login=aa','127.0.0.1','Mozilla/5.0 (X11; Linux x86_64) AppleWebKit/537.22 (KHTML, like Gecko) Chrome/25.0.1364.97 Safari/537.22',NULL),(377,'2013-02-24 01:29:55','USER_LOGIN_FAILED',1,'2013-02-24 02:29:55',NULL,'Bad value for login or password - login=aa','127.0.0.1','Mozilla/5.0 (X11; Linux x86_64) AppleWebKit/537.22 (KHTML, like Gecko) Chrome/25.0.1364.97 Safari/537.22',NULL),(378,'2013-02-24 01:32:40','USER_LOGIN_FAILED',1,'2013-02-24 02:32:40',NULL,'Bad value for login or password - login=aa','127.0.0.1','Mozilla/5.0 (X11; Linux x86_64) AppleWebKit/537.22 (KHTML, like Gecko) Chrome/25.0.1364.97 Safari/537.22',NULL),(379,'2013-02-24 01:39:33','USER_LOGIN_FAILED',1,'2013-02-24 02:39:33',NULL,'Identifiants login ou mot de passe incorrects - login=aa','127.0.0.1','Mozilla/5.0 (X11; Linux x86_64) AppleWebKit/537.22 (KHTML, like Gecko) Chrome/25.0.1364.97 Safari/537.22',NULL),(380,'2013-02-24 01:39:38','USER_LOGIN_FAILED',1,'2013-02-24 02:39:38',NULL,'Identifiants login ou mot de passe incorrects - login=aa','127.0.0.1','Mozilla/5.0 (X11; Linux x86_64) AppleWebKit/537.22 (KHTML, like Gecko) Chrome/25.0.1364.97 Safari/537.22',NULL),(381,'2013-02-24 01:39:47','USER_LOGIN_FAILED',1,'2013-02-24 02:39:47',NULL,'Identifiants login ou mot de passe incorrects - login=lmkm','127.0.0.1','Mozilla/5.0 (X11; Linux x86_64) AppleWebKit/537.22 (KHTML, like Gecko) Chrome/25.0.1364.97 Safari/537.22',NULL),(382,'2013-02-24 01:40:54','USER_LOGIN_FAILED',1,'2013-02-24 02:40:54',NULL,'Identifiants login ou mot de passe incorrects - login=lmkm','127.0.0.1','Mozilla/5.0 (X11; Linux x86_64) AppleWebKit/537.22 (KHTML, like Gecko) Chrome/25.0.1364.97 Safari/537.22',NULL),(383,'2013-02-24 01:47:57','USER_LOGIN_FAILED',1,'2013-02-24 02:47:57',NULL,'Identifiants login ou mot de passe incorrects - login=lmkm','127.0.0.1','Mozilla/5.0 (X11; Linux x86_64) AppleWebKit/537.22 (KHTML, like Gecko) Chrome/25.0.1364.97 Safari/537.22',NULL),(384,'2013-02-24 01:48:05','USER_LOGIN_FAILED',1,'2013-02-24 02:48:05',NULL,'Identifiants login ou mot de passe incorrects - login=admin','127.0.0.1','Mozilla/5.0 (X11; Linux x86_64) AppleWebKit/537.22 (KHTML, like Gecko) Chrome/25.0.1364.97 Safari/537.22',NULL),(385,'2013-02-24 01:48:07','USER_LOGIN_FAILED',1,'2013-02-24 02:48:07',NULL,'Unknown column \'u.lastname\' in \'field list\'','127.0.0.1','Mozilla/5.0 (X11; Linux x86_64) AppleWebKit/537.22 (KHTML, like Gecko) Chrome/25.0.1364.97 Safari/537.22',NULL),(386,'2013-02-24 01:48:35','USER_LOGIN',1,'2013-02-24 02:48:35',1,'(UserLogged,admin)','127.0.0.1','Mozilla/5.0 (X11; Linux x86_64) AppleWebKit/537.22 (KHTML, like Gecko) Chrome/25.0.1364.97 Safari/537.22',NULL),(387,'2013-02-24 01:56:32','USER_LOGIN',1,'2013-02-24 02:56:32',1,'(UserLogged,admin)','192.168.0.254','Mozilla/5.0 (Linux; U; Android 2.2; en-us; sdk Build/FRF91) AppleWebKit/533.1 (KHTML, like Gecko) Version/4.0 Mobile Safari/533.1',NULL),(388,'2013-02-24 02:05:55','USER_LOGOUT',1,'2013-02-24 03:05:55',1,'(UserLogoff,admin)','127.0.0.1','Mozilla/5.0 (X11; Linux x86_64) AppleWebKit/537.22 (KHTML, like Gecko) Chrome/25.0.1364.97 Safari/537.22',NULL),(389,'2013-02-24 02:39:52','USER_LOGIN',1,'2013-02-24 03:39:52',1,'(UserLogged,admin)','127.0.0.1','Mozilla/5.0 (X11; Linux x86_64) AppleWebKit/537.22 (KHTML, like Gecko) Chrome/25.0.1364.97 Safari/537.22',NULL),(390,'2013-02-24 02:51:10','USER_LOGOUT',1,'2013-02-24 03:51:10',1,'(UserLogoff,admin)','127.0.0.1','Mozilla/5.0 (X11; Linux x86_64) AppleWebKit/537.22 (KHTML, like Gecko) Chrome/25.0.1364.97 Safari/537.22',NULL),(391,'2013-02-24 12:46:41','USER_LOGIN',1,'2013-02-24 13:46:41',1,'(UserLogged,admin)','127.0.0.1','Mozilla/5.0 (X11; Linux x86_64) AppleWebKit/537.22 (KHTML, like Gecko) Chrome/25.0.1364.97 Safari/537.22',NULL),(392,'2013-02-24 12:46:52','USER_LOGOUT',1,'2013-02-24 13:46:52',1,'(UserLogoff,admin)','127.0.0.1','Mozilla/5.0 (X11; Linux x86_64) AppleWebKit/537.22 (KHTML, like Gecko) Chrome/25.0.1364.97 Safari/537.22',NULL),(393,'2013-02-24 12:46:56','USER_LOGIN',1,'2013-02-24 13:46:56',1,'(UserLogged,admin)','127.0.0.1','Mozilla/5.0 (X11; Linux x86_64) AppleWebKit/537.22 (KHTML, like Gecko) Chrome/25.0.1364.97 Safari/537.22',NULL),(394,'2013-02-24 12:47:56','USER_LOGOUT',1,'2013-02-24 13:47:56',1,'(UserLogoff,admin)','127.0.0.1','Mozilla/5.0 (X11; Linux x86_64) AppleWebKit/537.22 (KHTML, like Gecko) Chrome/25.0.1364.97 Safari/537.22',NULL),(395,'2013-02-24 12:48:00','USER_LOGIN',1,'2013-02-24 13:48:00',1,'(UserLogged,admin)','127.0.0.1','Mozilla/5.0 (X11; Linux x86_64) AppleWebKit/537.22 (KHTML, like Gecko) Chrome/25.0.1364.97 Safari/537.22',NULL),(396,'2013-02-24 12:48:11','USER_LOGOUT',1,'2013-02-24 13:48:11',1,'(UserLogoff,admin)','127.0.0.1','Mozilla/5.0 (X11; Linux x86_64) AppleWebKit/537.22 (KHTML, like Gecko) Chrome/25.0.1364.97 Safari/537.22',NULL),(397,'2013-02-24 12:48:32','USER_LOGIN',1,'2013-02-24 13:48:32',1,'(UserLogged,admin)','127.0.0.1','Mozilla/5.0 (X11; Linux x86_64) AppleWebKit/537.22 (KHTML, like Gecko) Chrome/25.0.1364.97 Safari/537.22',NULL),(398,'2013-02-24 12:52:22','USER_LOGOUT',1,'2013-02-24 13:52:22',1,'(UserLogoff,admin)','127.0.0.1','Mozilla/5.0 (X11; Linux x86_64) AppleWebKit/537.22 (KHTML, like Gecko) Chrome/25.0.1364.97 Safari/537.22',NULL),(399,'2013-02-24 12:52:27','USER_LOGIN',1,'2013-02-24 13:52:27',1,'(UserLogged,admin)','127.0.0.1','Mozilla/5.0 (X11; Linux x86_64) AppleWebKit/537.22 (KHTML, like Gecko) Chrome/25.0.1364.97 Safari/537.22',NULL),(400,'2013-02-24 12:52:54','USER_LOGOUT',1,'2013-02-24 13:52:54',1,'(UserLogoff,admin)','127.0.0.1','Mozilla/5.0 (X11; Linux x86_64) AppleWebKit/537.22 (KHTML, like Gecko) Chrome/25.0.1364.97 Safari/537.22',NULL),(401,'2013-02-24 12:52:59','USER_LOGIN',1,'2013-02-24 13:52:59',1,'(UserLogged,admin)','127.0.0.1','Mozilla/5.0 (X11; Linux x86_64) AppleWebKit/537.22 (KHTML, like Gecko) Chrome/25.0.1364.97 Safari/537.22',NULL),(402,'2013-02-24 12:55:39','USER_LOGOUT',1,'2013-02-24 13:55:39',1,'(UserLogoff,admin)','127.0.0.1','Mozilla/5.0 (X11; Linux x86_64) AppleWebKit/537.22 (KHTML, like Gecko) Chrome/25.0.1364.97 Safari/537.22',NULL),(403,'2013-02-24 12:55:59','USER_LOGIN',1,'2013-02-24 13:55:59',1,'(UserLogged,admin)','127.0.0.1','Mozilla/5.0 (X11; Linux x86_64) AppleWebKit/537.22 (KHTML, like Gecko) Chrome/25.0.1364.97 Safari/537.22',NULL),(404,'2013-02-24 12:56:07','USER_LOGOUT',1,'2013-02-24 13:56:07',1,'(UserLogoff,admin)','127.0.0.1','Mozilla/5.0 (X11; Linux x86_64) AppleWebKit/537.22 (KHTML, like Gecko) Chrome/25.0.1364.97 Safari/537.22',NULL),(405,'2013-02-24 12:56:23','USER_LOGIN',1,'2013-02-24 13:56:23',1,'(UserLogged,admin)','127.0.0.1','Mozilla/5.0 (X11; Linux x86_64) AppleWebKit/537.22 (KHTML, like Gecko) Chrome/25.0.1364.97 Safari/537.22',NULL),(406,'2013-02-24 12:56:46','USER_LOGOUT',1,'2013-02-24 13:56:46',1,'(UserLogoff,admin)','127.0.0.1','Mozilla/5.0 (X11; Linux x86_64) AppleWebKit/537.22 (KHTML, like Gecko) Chrome/25.0.1364.97 Safari/537.22',NULL),(407,'2013-02-24 12:58:30','USER_LOGIN',1,'2013-02-24 13:58:30',1,'(UserLogged,admin)','127.0.0.1','Mozilla/5.0 (X11; Linux x86_64) AppleWebKit/537.22 (KHTML, like Gecko) Chrome/25.0.1364.97 Safari/537.22',NULL),(408,'2013-02-24 12:58:33','USER_LOGOUT',1,'2013-02-24 13:58:33',1,'(UserLogoff,admin)','127.0.0.1','Mozilla/5.0 (X11; Linux x86_64) AppleWebKit/537.22 (KHTML, like Gecko) Chrome/25.0.1364.97 Safari/537.22',NULL),(409,'2013-02-24 12:58:51','USER_LOGIN',1,'2013-02-24 13:58:51',1,'(UserLogged,admin)','127.0.0.1','Mozilla/5.0 (X11; Linux x86_64) AppleWebKit/537.22 (KHTML, like Gecko) Chrome/25.0.1364.97 Safari/537.22',NULL),(410,'2013-02-24 12:58:58','USER_LOGOUT',1,'2013-02-24 13:58:58',1,'(UserLogoff,admin)','127.0.0.1','Mozilla/5.0 (X11; Linux x86_64) AppleWebKit/537.22 (KHTML, like Gecko) Chrome/25.0.1364.97 Safari/537.22',NULL),(411,'2013-02-24 13:18:53','USER_LOGIN',1,'2013-02-24 14:18:53',1,'(UserLogged,admin)','127.0.0.1','Mozilla/5.0 (X11; Linux x86_64) AppleWebKit/537.22 (KHTML, like Gecko) Chrome/25.0.1364.97 Safari/537.22',NULL),(412,'2013-02-24 13:19:52','USER_LOGOUT',1,'2013-02-24 14:19:52',1,'(UserLogoff,admin)','127.0.0.1','Mozilla/5.0 (X11; Linux x86_64) AppleWebKit/537.22 (KHTML, like Gecko) Chrome/25.0.1364.97 Safari/537.22',NULL),(413,'2013-02-24 15:39:31','USER_LOGIN_FAILED',1,'2013-02-24 16:39:31',NULL,'ErrorBadValueForCode - login=admin','127.0.0.1',NULL,NULL),(414,'2013-02-24 15:42:07','USER_LOGIN',1,'2013-02-24 16:42:07',1,'(UserLogged,admin)','127.0.0.1',NULL,NULL),(415,'2013-02-24 15:42:52','USER_LOGOUT',1,'2013-02-24 16:42:52',1,'(UserLogoff,admin)','127.0.0.1','Mozilla/5.0 (iPhone; U; CPU iPhone OS 4_0 like Mac OS X; en-us) AppleWebKit/532.9 (KHTML, like Gecko) Version/4.0.5 Mobile/8A293 Safari/6531.22.7',NULL),(416,'2013-02-24 16:04:21','USER_LOGIN',1,'2013-02-24 17:04:21',1,'(UserLogged,admin)','192.168.0.254','Mozilla/5.0 (Linux; U; Android 2.2; en-us; sdk Build/FRF91) AppleWebKit/533.1 (KHTML, like Gecko) Version/4.0 Mobile Safari/533.1',NULL),(417,'2013-02-24 16:11:28','USER_LOGIN_FAILED',1,'2013-02-24 17:11:28',NULL,'ErrorBadValueForCode - login=admin','127.0.0.1','Mozilla/5.0 (iPhone; U; CPU iPhone OS 4_0 like Mac OS X; en-us) AppleWebKit/532.9 (KHTML, like Gecko) Version/4.0.5 Mobile/8A293 Safari/6531.22.7',NULL),(418,'2013-02-24 16:11:37','USER_LOGIN',1,'2013-02-24 17:11:37',1,'(UserLogged,admin)','127.0.0.1','Mozilla/5.0 (iPhone; U; CPU iPhone OS 4_0 like Mac OS X; en-us) AppleWebKit/532.9 (KHTML, like Gecko) Version/4.0.5 Mobile/8A293 Safari/6531.22.7',NULL),(419,'2013-02-24 16:36:52','USER_LOGOUT',1,'2013-02-24 17:36:52',1,'(UserLogoff,admin)','192.168.0.254','Mozilla/5.0 (Linux; U; Android 2.2; en-us; sdk Build/FRF91) AppleWebKit/533.1 (KHTML, like Gecko) Version/4.0 Mobile Safari/533.1',NULL),(420,'2013-02-24 16:40:37','USER_LOGIN',1,'2013-02-24 17:40:37',1,'(UserLogged,admin)','127.0.0.1','Mozilla/5.0 (X11; Linux x86_64) AppleWebKit/537.22 (KHTML, like Gecko) Chrome/25.0.1364.97 Safari/537.22',NULL),(421,'2013-02-24 16:57:16','USER_LOGIN',1,'2013-02-24 17:57:16',1,'(UserLogged,admin)','192.168.0.254','Mozilla/5.0 (Linux; U; Android 2.2; en-us; sdk Build/FRF91) AppleWebKit/533.1 (KHTML, like Gecko) Version/4.0 Mobile Safari/533.1 - 2131034114',NULL),(422,'2013-02-24 17:01:30','USER_LOGOUT',1,'2013-02-24 18:01:30',1,'(UserLogoff,admin)','192.168.0.254','Mozilla/5.0 (Linux; U; Android 2.2; en-us; sdk Build/FRF91) AppleWebKit/533.1 (KHTML, like Gecko) Version/4.0 Mobile Safari/533.1 - 2131034114',NULL),(423,'2013-02-24 17:02:33','USER_LOGIN',1,'2013-02-24 18:02:33',1,'(UserLogged,admin)','127.0.0.1','Mozilla/5.0 (X11; Linux x86_64) AppleWebKit/537.22 (KHTML, like Gecko) Chrome/25.0.1364.97 Safari/537.22',NULL),(424,'2013-02-24 17:14:22','USER_LOGOUT',1,'2013-02-24 18:14:22',1,'(UserLogoff,admin)','127.0.0.1','Mozilla/5.0 (X11; Linux x86_64) AppleWebKit/537.22 (KHTML, like Gecko) Chrome/25.0.1364.97 Safari/537.22',NULL),(425,'2013-02-24 17:15:07','USER_LOGIN_FAILED',1,'2013-02-24 18:15:07',NULL,'Identifiants login ou mot de passe incorrects - login=admin','127.0.0.1','Mozilla/5.0 (X11; Linux x86_64) AppleWebKit/537.22 (KHTML, like Gecko) Chrome/25.0.1364.97 Safari/537.22',NULL),(426,'2013-02-24 17:15:20','USER_LOGIN',1,'2013-02-24 18:15:20',1,'(UserLogged,admin)','127.0.0.1','Mozilla/5.0 (X11; Linux x86_64) AppleWebKit/537.22 (KHTML, like Gecko) Chrome/25.0.1364.97 Safari/537.22',NULL),(427,'2013-02-24 17:20:14','USER_LOGIN',1,'2013-02-24 18:20:14',1,'(UserLogged,admin)','127.0.0.1','Mozilla/5.0 (X11; Linux x86_64) AppleWebKit/537.22 (KHTML, like Gecko) Chrome/25.0.1364.97 Safari/537.22',NULL),(428,'2013-02-24 17:20:51','USER_LOGIN',1,'2013-02-24 18:20:51',1,'(UserLogged,admin)','127.0.0.1','Mozilla/5.0 (X11; Linux x86_64) AppleWebKit/537.22 (KHTML, like Gecko) Chrome/25.0.1364.97 Safari/537.22',NULL),(429,'2013-02-24 17:20:54','USER_LOGOUT',1,'2013-02-24 18:20:54',1,'(UserLogoff,admin)','127.0.0.1','Mozilla/5.0 (X11; Linux x86_64) AppleWebKit/537.22 (KHTML, like Gecko) Chrome/25.0.1364.97 Safari/537.22',NULL),(430,'2013-02-24 17:21:19','USER_LOGIN',1,'2013-02-24 18:21:19',1,'(UserLogged,admin)','127.0.0.1','Mozilla/5.0 (X11; Linux x86_64) AppleWebKit/537.22 (KHTML, like Gecko) Chrome/25.0.1364.97 Safari/537.22',NULL),(431,'2013-02-24 17:32:35','USER_LOGIN',1,'2013-02-24 18:32:35',1,'(UserLogged,admin)','192.168.0.254','Mozilla/5.0 (Linux; U; Android 2.2; en-us; sdk Build/FRF91) AppleWebKit/533.1 (KHTML, like Gecko) Version/4.0 Mobile Safari/533.1 - 2131034114',NULL),(432,'2013-02-24 18:28:48','USER_LOGIN',1,'2013-02-24 19:28:48',1,'(UserLogged,admin)','127.0.0.1','Mozilla/5.0 (X11; Linux x86_64) AppleWebKit/537.22 (KHTML, like Gecko) Chrome/25.0.1364.97 Safari/537.22',NULL),(433,'2013-02-24 18:29:27','USER_LOGOUT',1,'2013-02-24 19:29:27',1,'(UserLogoff,admin)','127.0.0.1','Mozilla/5.0 (iPhone; U; CPU iPhone OS 4_0 like Mac OS X; en-us) AppleWebKit/532.9 (KHTML, like Gecko) Version/4.0.5 Mobile/8A293 Safari/6531.22.7',NULL),(434,'2013-02-24 18:29:32','USER_LOGIN',1,'2013-02-24 19:29:32',1,'(UserLogged,admin)','127.0.0.1','Mozilla/5.0 (iPhone; U; CPU iPhone OS 4_0 like Mac OS X; en-us) AppleWebKit/532.9 (KHTML, like Gecko) Version/4.0.5 Mobile/8A293 Safari/6531.22.7',NULL),(435,'2013-02-24 20:13:13','USER_LOGOUT',1,'2013-02-24 21:13:13',1,'(UserLogoff,admin)','127.0.0.1','Mozilla/5.0 (X11; Linux x86_64) AppleWebKit/537.22 (KHTML, like Gecko) Chrome/25.0.1364.97 Safari/537.22',NULL),(436,'2013-02-24 20:13:17','USER_LOGIN',1,'2013-02-24 21:13:17',1,'(UserLogged,admin)','127.0.0.1','Mozilla/5.0 (X11; Linux x86_64) AppleWebKit/537.22 (KHTML, like Gecko) Chrome/25.0.1364.97 Safari/537.22',NULL),(437,'2013-02-25 08:57:16','USER_LOGIN',1,'2013-02-25 09:57:16',1,'(UserLogged,admin)','127.0.0.1','Mozilla/5.0 (X11; Linux x86_64) AppleWebKit/537.22 (KHTML, like Gecko) Chrome/25.0.1364.97 Safari/537.22',NULL),(438,'2013-02-25 08:57:59','USER_LOGOUT',1,'2013-02-25 09:57:59',1,'(UserLogoff,admin)','127.0.0.1','Mozilla/5.0 (X11; Linux x86_64) AppleWebKit/537.22 (KHTML, like Gecko) Chrome/25.0.1364.97 Safari/537.22',NULL),(439,'2013-02-25 09:15:02','USER_LOGIN',1,'2013-02-25 10:15:02',1,'(UserLogged,admin)','127.0.0.1','Mozilla/5.0 (X11; Linux x86_64) AppleWebKit/537.22 (KHTML, like Gecko) Chrome/25.0.1364.97 Safari/537.22',NULL),(440,'2013-02-25 09:15:50','USER_LOGOUT',1,'2013-02-25 10:15:50',1,'(UserLogoff,admin)','127.0.0.1','Mozilla/5.0 (X11; Linux x86_64) AppleWebKit/537.22 (KHTML, like Gecko) Chrome/25.0.1364.97 Safari/537.22',NULL),(441,'2013-02-25 09:15:57','USER_LOGIN',1,'2013-02-25 10:15:57',1,'(UserLogged,admin)','127.0.0.1','Mozilla/5.0 (X11; Linux x86_64) AppleWebKit/537.22 (KHTML, like Gecko) Chrome/25.0.1364.97 Safari/537.22',NULL),(442,'2013-02-25 09:16:12','USER_LOGOUT',1,'2013-02-25 10:16:12',1,'(UserLogoff,admin)','127.0.0.1','Mozilla/5.0 (X11; Linux x86_64) AppleWebKit/537.22 (KHTML, like Gecko) Chrome/25.0.1364.97 Safari/537.22',NULL),(443,'2013-02-25 09:16:19','USER_LOGIN',1,'2013-02-25 10:16:19',1,'(UserLogged,admin)','127.0.0.1','Mozilla/5.0 (X11; Linux x86_64) AppleWebKit/537.22 (KHTML, like Gecko) Chrome/25.0.1364.97 Safari/537.22',NULL),(444,'2013-02-25 09:16:25','USER_LOGOUT',1,'2013-02-25 10:16:25',1,'(UserLogoff,admin)','127.0.0.1','Mozilla/5.0 (X11; Linux x86_64) AppleWebKit/537.22 (KHTML, like Gecko) Chrome/25.0.1364.97 Safari/537.22',NULL),(445,'2013-02-25 09:16:39','USER_LOGIN_FAILED',1,'2013-02-25 10:16:39',NULL,'Bad value for login or password - login=admin','127.0.0.1','Mozilla/5.0 (X11; Linux x86_64) AppleWebKit/537.22 (KHTML, like Gecko) Chrome/25.0.1364.97 Safari/537.22',NULL),(446,'2013-02-25 09:16:42','USER_LOGIN_FAILED',1,'2013-02-25 10:16:42',NULL,'Bad value for login or password - login=admin','127.0.0.1','Mozilla/5.0 (X11; Linux x86_64) AppleWebKit/537.22 (KHTML, like Gecko) Chrome/25.0.1364.97 Safari/537.22',NULL),(447,'2013-02-25 09:16:54','USER_LOGIN_FAILED',1,'2013-02-25 10:16:54',NULL,'Identificadors d&#039;usuari o contrasenya incorrectes - login=gfdg','127.0.0.1','Mozilla/5.0 (X11; Linux x86_64) AppleWebKit/537.22 (KHTML, like Gecko) Chrome/25.0.1364.97 Safari/537.22',NULL),(448,'2013-02-25 09:17:53','USER_LOGIN',1,'2013-02-25 10:17:53',1,'(UserLogged,admin)','127.0.0.1','Mozilla/5.0 (X11; Linux x86_64) AppleWebKit/537.22 (KHTML, like Gecko) Chrome/25.0.1364.97 Safari/537.22',NULL),(449,'2013-02-25 09:18:37','USER_LOGOUT',1,'2013-02-25 10:18:37',1,'(UserLogoff,admin)','127.0.0.1','Mozilla/5.0 (X11; Linux x86_64) AppleWebKit/537.22 (KHTML, like Gecko) Chrome/25.0.1364.97 Safari/537.22',NULL),(450,'2013-02-25 09:18:41','USER_LOGIN',1,'2013-02-25 10:18:41',4,'(UserLogged,aaa)','127.0.0.1','Mozilla/5.0 (X11; Linux x86_64) AppleWebKit/537.22 (KHTML, like Gecko) Chrome/25.0.1364.97 Safari/537.22',NULL),(451,'2013-02-25 09:18:47','USER_LOGOUT',1,'2013-02-25 10:18:47',4,'(UserLogoff,aaa)','127.0.0.1','Mozilla/5.0 (X11; Linux x86_64) AppleWebKit/537.22 (KHTML, like Gecko) Chrome/25.0.1364.97 Safari/537.22',NULL),(452,'2013-02-25 10:05:34','USER_LOGIN',1,'2013-02-25 11:05:34',1,'(UserLogged,admin)','127.0.0.1','Mozilla/5.0 (X11; Linux x86_64) AppleWebKit/537.22 (KHTML, like Gecko) Chrome/25.0.1364.97 Safari/537.22',NULL),(453,'2013-02-26 21:51:40','USER_LOGIN',1,'2013-02-26 22:51:40',1,'(UserLogged,admin)','127.0.0.1','Mozilla/5.0 (X11; Linux x86_64) AppleWebKit/537.22 (KHTML, like Gecko) Chrome/25.0.1364.97 Safari/537.22',NULL),(454,'2013-02-26 23:30:06','USER_LOGIN',1,'2013-02-27 00:30:06',1,'(UserLogged,admin)','127.0.0.1','Mozilla/5.0 (X11; Linux x86_64) AppleWebKit/537.22 (KHTML, like Gecko) Chrome/25.0.1364.97 Safari/537.22',NULL),(455,'2013-02-27 14:13:11','USER_LOGIN',1,'2013-02-27 15:13:11',1,'(UserLogged,admin)','127.0.0.1','Mozilla/5.0 (X11; Linux x86_64) AppleWebKit/537.22 (KHTML, like Gecko) Chrome/25.0.1364.97 Safari/537.22',NULL),(456,'2013-02-27 18:12:06','USER_LOGIN_FAILED',1,'2013-02-27 19:12:06',NULL,'Identifiants login ou mot de passe incorrects - login=admin','127.0.0.1','Mozilla/5.0 (X11; Linux x86_64) AppleWebKit/537.22 (KHTML, like Gecko) Chrome/25.0.1364.97 Safari/537.22',NULL),(457,'2013-02-27 18:12:10','USER_LOGIN',1,'2013-02-27 19:12:10',1,'(UserLogged,admin)','127.0.0.1','Mozilla/5.0 (X11; Linux x86_64) AppleWebKit/537.22 (KHTML, like Gecko) Chrome/25.0.1364.97 Safari/537.22',NULL),(458,'2013-02-27 20:20:08','USER_LOGIN',1,'2013-02-27 21:20:08',1,'(UserLogged,admin)','127.0.0.1','Mozilla/5.0 (X11; Linux x86_64) AppleWebKit/537.22 (KHTML, like Gecko) Chrome/25.0.1364.97 Safari/537.22',NULL),(459,'2013-03-01 22:12:03','USER_LOGIN',1,'2013-03-01 23:12:03',1,'(UserLogged,admin)','127.0.0.1','Mozilla/5.0 (X11; Linux x86_64) AppleWebKit/537.22 (KHTML, like Gecko) Chrome/25.0.1364.97 Safari/537.22',NULL),(460,'2013-03-02 11:45:50','USER_LOGIN',1,'2013-03-02 12:45:50',1,'(UserLogged,admin)','127.0.0.1','Mozilla/5.0 (X11; Linux x86_64) AppleWebKit/537.22 (KHTML, like Gecko) Chrome/25.0.1364.97 Safari/537.22',NULL),(461,'2013-03-02 15:53:51','USER_LOGIN_FAILED',1,'2013-03-02 16:53:51',NULL,'Identifiants login ou mot de passe incorrects - login=admin','127.0.0.1','Mozilla/5.0 (X11; Linux x86_64) AppleWebKit/537.22 (KHTML, like Gecko) Chrome/25.0.1364.97 Safari/537.22',NULL),(462,'2013-03-02 15:53:53','USER_LOGIN',1,'2013-03-02 16:53:53',1,'(UserLogged,admin)','127.0.0.1','Mozilla/5.0 (X11; Linux x86_64) AppleWebKit/537.22 (KHTML, like Gecko) Chrome/25.0.1364.97 Safari/537.22',NULL),(463,'2013-03-02 18:32:32','USER_LOGIN',1,'2013-03-02 19:32:32',1,'(UserLogged,admin)','127.0.0.1','Mozilla/5.0 (X11; Linux x86_64) AppleWebKit/537.22 (KHTML, like Gecko) Chrome/25.0.1364.97 Safari/537.22',NULL),(464,'2013-03-02 22:59:36','USER_LOGIN',1,'2013-03-02 23:59:36',1,'(UserLogged,admin)','127.0.0.1','Mozilla/5.0 (X11; Linux x86_64) AppleWebKit/537.22 (KHTML, like Gecko) Chrome/25.0.1364.97 Safari/537.22',NULL),(465,'2013-03-03 16:26:26','USER_LOGIN',1,'2013-03-03 17:26:26',1,'(UserLogged,admin)','127.0.0.1','Mozilla/5.0 (X11; Linux x86_64) AppleWebKit/537.22 (KHTML, like Gecko) Chrome/25.0.1364.97 Safari/537.22',NULL),(466,'2013-03-03 22:50:27','USER_LOGIN',1,'2013-03-03 23:50:27',1,'(UserLogged,admin)','127.0.0.1','Mozilla/5.0 (X11; Linux x86_64) AppleWebKit/537.22 (KHTML, like Gecko) Chrome/25.0.1364.97 Safari/537.22',NULL),(467,'2013-03-04 08:29:27','USER_LOGIN',1,'2013-03-04 09:29:27',1,'(UserLogged,admin)','127.0.0.1','Mozilla/5.0 (X11; Linux x86_64) AppleWebKit/537.22 (KHTML, like Gecko) Chrome/25.0.1364.97 Safari/537.22',NULL),(468,'2013-03-04 18:27:28','USER_LOGIN',1,'2013-03-04 19:27:28',1,'(UserLogged,admin)','192.168.0.254','Mozilla/5.0 (compatible; MSIE 9.0; Windows NT 6.1; WOW64; Trident/5.0; NP06)',NULL),(469,'2013-03-04 19:27:23','USER_LOGIN',1,'2013-03-04 20:27:23',1,'(UserLogged,admin)','192.168.0.254','Mozilla/4.0 (compatible; MSIE 6.0; Windows NT 5.1; SV1)',NULL),(470,'2013-03-04 19:35:14','USER_LOGIN',1,'2013-03-04 20:35:14',1,'(UserLogged,admin)','127.0.0.1','Mozilla/5.0 (X11; Linux x86_64) AppleWebKit/537.22 (KHTML, like Gecko) Chrome/25.0.1364.97 Safari/537.22',NULL),(471,'2013-03-04 19:55:49','USER_LOGIN',1,'2013-03-04 20:55:49',1,'(UserLogged,admin)','192.168.0.254','Mozilla/4.0 (compatible; MSIE 8.0; Windows NT 5.1; Trident/4.0)',NULL),(472,'2013-03-04 21:16:13','USER_LOGIN',1,'2013-03-04 22:16:13',1,'(UserLogged,admin)','127.0.0.1','Mozilla/5.0 (X11; Linux x86_64) AppleWebKit/537.22 (KHTML, like Gecko) Chrome/25.0.1364.97 Safari/537.22',NULL),(473,'2013-03-05 10:17:30','USER_LOGIN',1,'2013-03-05 11:17:30',1,'(UserLogged,admin)','127.0.0.1','Mozilla/5.0 (X11; Linux x86_64) AppleWebKit/537.22 (KHTML, like Gecko) Chrome/25.0.1364.97 Safari/537.22',NULL),(474,'2013-03-05 11:02:43','USER_LOGIN',1,'2013-03-05 12:02:43',1,'(UserLogged,admin)','127.0.0.1','Mozilla/5.0 (X11; Linux x86_64) AppleWebKit/537.22 (KHTML, like Gecko) Chrome/25.0.1364.97 Safari/537.22',NULL),(475,'2013-03-05 23:14:39','USER_LOGIN',1,'2013-03-06 00:14:39',1,'(UserLogged,admin)','127.0.0.1','Mozilla/5.0 (X11; Linux x86_64) AppleWebKit/537.22 (KHTML, like Gecko) Chrome/25.0.1364.97 Safari/537.22',NULL),(476,'2013-03-06 08:58:57','USER_LOGIN',1,'2013-03-06 09:58:57',1,'(UserLogged,admin)','127.0.0.1','Mozilla/5.0 (X11; Linux x86_64) AppleWebKit/537.22 (KHTML, like Gecko) Chrome/25.0.1364.97 Safari/537.22',NULL),(477,'2013-03-06 14:29:40','USER_LOGIN',1,'2013-03-06 15:29:40',1,'(UserLogged,admin)','127.0.0.1','Mozilla/5.0 (X11; Linux x86_64) AppleWebKit/537.22 (KHTML, like Gecko) Chrome/25.0.1364.97 Safari/537.22',NULL),(478,'2013-03-06 21:53:02','USER_LOGIN',1,'2013-03-06 22:53:02',1,'(UserLogged,admin)','127.0.0.1','Mozilla/5.0 (X11; Linux x86_64) AppleWebKit/537.22 (KHTML, like Gecko) Chrome/25.0.1364.97 Safari/537.22',NULL),(479,'2013-03-07 21:14:39','USER_LOGIN',1,'2013-03-07 22:14:39',1,'(UserLogged,admin)','127.0.0.1','Mozilla/5.0 (X11; Linux x86_64) AppleWebKit/537.22 (KHTML, like Gecko) Chrome/25.0.1364.97 Safari/537.22',NULL),(480,'2013-03-08 00:06:05','USER_LOGIN',1,'2013-03-08 01:06:05',1,'(UserLogged,admin)','127.0.0.1','Mozilla/5.0 (X11; Linux x86_64) AppleWebKit/537.22 (KHTML, like Gecko) Chrome/25.0.1364.97 Safari/537.22',NULL),(481,'2013-03-08 01:38:13','USER_LOGIN',1,'2013-03-08 02:38:13',1,'(UserLogged,admin)','127.0.0.1','Mozilla/5.0 (X11; Linux x86_64) AppleWebKit/537.22 (KHTML, like Gecko) Chrome/25.0.1364.97 Safari/537.22',NULL),(482,'2013-03-08 08:59:50','USER_LOGIN',1,'2013-03-08 09:59:50',1,'(UserLogged,admin)','127.0.0.1','Mozilla/5.0 (X11; Linux x86_64) AppleWebKit/537.22 (KHTML, like Gecko) Chrome/25.0.1364.97 Safari/537.22',NULL),(483,'2013-03-09 12:08:51','USER_LOGIN',1,'2013-03-09 13:08:51',1,'(UserLogged,admin)','::1','Mozilla/5.0 (X11; Linux x86_64) AppleWebKit/537.22 (KHTML, like Gecko) Chrome/25.0.1364.97 Safari/537.22',NULL),(484,'2013-03-09 15:19:53','USER_LOGIN',1,'2013-03-09 16:19:53',1,'(UserLogged,admin)','::1','Mozilla/5.0 (X11; Linux x86_64) AppleWebKit/537.22 (KHTML, like Gecko) Chrome/25.0.1364.97 Safari/537.22',NULL),(495,'2013-03-09 18:06:21','USER_LOGIN',1,'2013-03-09 19:06:21',1,'(UserLogged,admin)','::1','Mozilla/5.0 (X11; Linux x86_64) AppleWebKit/537.22 (KHTML, like Gecko) Chrome/25.0.1364.97 Safari/537.22',NULL),(496,'2013-03-09 20:01:24','USER_LOGIN',1,'2013-03-09 21:01:24',1,'(UserLogged,admin)','::1','Mozilla/5.0 (X11; Linux x86_64) AppleWebKit/537.22 (KHTML, like Gecko) Chrome/25.0.1364.97 Safari/537.22',NULL),(497,'2013-03-09 23:36:45','USER_LOGIN',1,'2013-03-10 00:36:45',1,'(UserLogged,admin)','::1','Mozilla/5.0 (X11; Linux x86_64) AppleWebKit/537.22 (KHTML, like Gecko) Chrome/25.0.1364.97 Safari/537.22',NULL),(498,'2013-03-10 14:37:13','USER_LOGIN',1,'2013-03-10 15:37:13',1,'(UserLogged,admin)','127.0.0.1','Mozilla/5.0 (X11; Linux x86_64) AppleWebKit/537.22 (KHTML, like Gecko) Chrome/25.0.1364.97 Safari/537.22',NULL),(499,'2013-03-10 17:54:12','USER_LOGIN',1,'2013-03-10 18:54:12',1,'(UserLogged,admin)','127.0.0.1','Mozilla/5.0 (X11; Linux x86_64) AppleWebKit/537.22 (KHTML, like Gecko) Chrome/25.0.1364.97 Safari/537.22',NULL),(500,'2013-03-11 08:57:09','USER_LOGIN',1,'2013-03-11 09:57:09',1,'(UserLogged,admin)','127.0.0.1','Mozilla/5.0 (X11; Linux x86_64) AppleWebKit/537.22 (KHTML, like Gecko) Chrome/25.0.1364.97 Safari/537.22',NULL),(501,'2013-03-11 22:05:13','USER_LOGIN',1,'2013-03-11 23:05:13',1,'(UserLogged,admin)','127.0.0.1','Mozilla/5.0 (X11; Linux x86_64) AppleWebKit/537.22 (KHTML, like Gecko) Chrome/25.0.1364.97 Safari/537.22',NULL),(502,'2013-03-12 08:34:27','USER_LOGIN',1,'2013-03-12 09:34:27',1,'(UserLogged,admin)','127.0.0.1','Mozilla/5.0 (X11; Linux x86_64) AppleWebKit/537.22 (KHTML, like Gecko) Chrome/25.0.1364.97 Safari/537.22',NULL),(503,'2013-03-13 09:11:02','USER_LOGIN',1,'2013-03-13 10:11:02',1,'(UserLogged,admin)','127.0.0.1','Mozilla/5.0 (X11; Linux x86_64) AppleWebKit/537.22 (KHTML, like Gecko) Chrome/25.0.1364.97 Safari/537.22',NULL),(504,'2013-03-13 10:02:11','USER_LOGIN',1,'2013-03-13 11:02:11',1,'(UserLogged,admin)','127.0.0.1','Mozilla/5.0 (X11; Linux x86_64) AppleWebKit/537.22 (KHTML, like Gecko) Chrome/25.0.1364.97 Safari/537.22',NULL),(505,'2013-03-13 13:20:58','USER_LOGIN',1,'2013-03-13 14:20:58',1,'(UserLogged,admin)','127.0.0.1','Mozilla/5.0 (X11; Linux x86_64) AppleWebKit/537.22 (KHTML, like Gecko) Chrome/25.0.1364.97 Safari/537.22',NULL),(506,'2013-03-13 16:19:28','USER_LOGIN',1,'2013-03-13 17:19:28',1,'(UserLogged,admin)','127.0.0.1','Mozilla/5.0 (X11; Linux x86_64) AppleWebKit/537.22 (KHTML, like Gecko) Chrome/25.0.1364.97 Safari/537.22',NULL),(507,'2013-03-13 18:34:30','USER_LOGIN',1,'2013-03-13 19:34:30',1,'(UserLogged,admin)','127.0.0.1','Mozilla/5.0 (X11; Linux x86_64) AppleWebKit/537.22 (KHTML, like Gecko) Chrome/25.0.1364.97 Safari/537.22',NULL),(508,'2013-03-14 08:25:02','USER_LOGIN',1,'2013-03-14 09:25:02',1,'(UserLogged,admin)','127.0.0.1','Mozilla/5.0 (X11; Linux x86_64) AppleWebKit/537.22 (KHTML, like Gecko) Chrome/25.0.1364.97 Safari/537.22',NULL),(509,'2013-03-14 19:15:22','USER_LOGIN',1,'2013-03-14 20:15:22',1,'(UserLogged,admin)','127.0.0.1','Mozilla/5.0 (X11; Linux x86_64) AppleWebKit/537.22 (KHTML, like Gecko) Chrome/25.0.1364.97 Safari/537.22',NULL),(510,'2013-03-14 21:58:53','USER_LOGIN',1,'2013-03-14 22:58:53',1,'(UserLogged,admin)','127.0.0.1','Mozilla/5.0 (X11; Linux x86_64) AppleWebKit/537.22 (KHTML, like Gecko) Chrome/25.0.1364.97 Safari/537.22',NULL),(511,'2013-03-14 21:58:59','USER_LOGOUT',1,'2013-03-14 22:58:59',1,'(UserLogoff,admin)','127.0.0.1','Mozilla/5.0 (X11; Linux x86_64) AppleWebKit/537.22 (KHTML, like Gecko) Chrome/25.0.1364.97 Safari/537.22',NULL),(512,'2013-03-14 21:59:07','USER_LOGIN',1,'2013-03-14 22:59:07',1,'(UserLogged,admin)','127.0.0.1','Mozilla/5.0 (X11; Linux x86_64) AppleWebKit/537.22 (KHTML, like Gecko) Chrome/25.0.1364.97 Safari/537.22',NULL),(513,'2013-03-14 22:58:22','USER_LOGOUT',1,'2013-03-14 23:58:22',1,'(UserLogoff,admin)','127.0.0.1','Mozilla/5.0 (X11; Linux x86_64) AppleWebKit/537.22 (KHTML, like Gecko) Chrome/25.0.1364.97 Safari/537.22',NULL),(514,'2013-03-14 23:00:25','USER_LOGIN',1,'2013-03-15 00:00:25',1,'(UserLogged,admin)','127.0.0.1','Mozilla/5.0 (X11; Linux x86_64) AppleWebKit/537.22 (KHTML, like Gecko) Chrome/25.0.1364.97 Safari/537.22',NULL),(515,'2013-03-16 12:14:28','USER_LOGIN',1,'2013-03-16 13:14:28',1,'(UserLogged,admin)','127.0.0.1','Mozilla/5.0 (X11; Linux x86_64) AppleWebKit/537.22 (KHTML, like Gecko) Chrome/25.0.1364.97 Safari/537.22',NULL),(516,'2013-03-16 16:09:01','USER_LOGIN',1,'2013-03-16 17:09:01',1,'(UserLogged,admin)','127.0.0.1','Mozilla/5.0 (X11; Linux x86_64) AppleWebKit/537.22 (KHTML, like Gecko) Chrome/25.0.1364.97 Safari/537.22',NULL),(517,'2013-03-16 16:57:11','USER_LOGIN',1,'2013-03-16 17:57:11',1,'(UserLogged,admin)','127.0.0.1','Mozilla/5.0 (X11; Linux x86_64) AppleWebKit/537.22 (KHTML, like Gecko) Chrome/25.0.1364.97 Safari/537.22',NULL),(518,'2013-03-16 19:31:31','USER_LOGIN',1,'2013-03-16 20:31:31',1,'(UserLogged,admin)','::1','Mozilla/5.0 (X11; Linux x86_64) AppleWebKit/537.22 (KHTML, like Gecko) Chrome/25.0.1364.97 Safari/537.22',NULL),(519,'2013-03-17 17:44:39','USER_LOGIN',1,'2013-03-17 18:44:39',1,'(UserLogged,admin)','::1','Mozilla/5.0 (X11; Linux x86_64) AppleWebKit/537.22 (KHTML, like Gecko) Chrome/25.0.1364.172 Safari/537.22',NULL),(520,'2013-03-17 20:40:57','USER_LOGIN',1,'2013-03-17 21:40:57',1,'(UserLogged,admin)','::1','Mozilla/5.0 (X11; Linux x86_64) AppleWebKit/537.22 (KHTML, like Gecko) Chrome/25.0.1364.172 Safari/537.22',NULL),(521,'2013-03-17 23:14:05','USER_LOGIN',1,'2013-03-18 00:14:05',1,'(UserLogged,admin)','::1','Mozilla/5.0 (X11; Linux x86_64) AppleWebKit/537.22 (KHTML, like Gecko) Chrome/25.0.1364.172 Safari/537.22',NULL),(522,'2013-03-17 23:28:47','USER_LOGOUT',1,'2013-03-18 00:28:47',1,'(UserLogoff,admin)','::1','Mozilla/5.0 (X11; Linux x86_64) AppleWebKit/537.22 (KHTML, like Gecko) Chrome/25.0.1364.172 Safari/537.22',NULL),(523,'2013-03-17 23:28:54','USER_LOGIN',1,'2013-03-18 00:28:54',1,'(UserLogged,admin)','::1','Mozilla/5.0 (X11; Linux x86_64) AppleWebKit/537.22 (KHTML, like Gecko) Chrome/25.0.1364.172 Safari/537.22',NULL),(524,'2013-03-18 17:37:30','USER_LOGIN',1,'2013-03-18 18:37:30',1,'(UserLogged,admin)','::1','Mozilla/5.0 (X11; Linux x86_64) AppleWebKit/537.22 (KHTML, like Gecko) Chrome/25.0.1364.172 Safari/537.22',NULL),(525,'2013-03-18 18:11:37','USER_LOGIN',1,'2013-03-18 19:11:37',1,'(UserLogged,admin)','::1','Mozilla/5.0 (X11; Linux x86_64) AppleWebKit/537.22 (KHTML, like Gecko) Chrome/25.0.1364.172 Safari/537.22',NULL),(526,'2013-03-19 08:35:08','USER_LOGIN',1,'2013-03-19 09:35:08',1,'(UserLogged,admin)','::1','Mozilla/5.0 (X11; Linux x86_64) AppleWebKit/537.22 (KHTML, like Gecko) Chrome/25.0.1364.172 Safari/537.22',NULL),(527,'2013-03-19 09:20:23','USER_LOGIN',1,'2013-03-19 10:20:23',1,'(UserLogged,admin)','::1','Mozilla/5.0 (X11; Linux x86_64) AppleWebKit/537.22 (KHTML, like Gecko) Chrome/25.0.1364.172 Safari/537.22',NULL),(528,'2013-03-20 13:17:13','USER_LOGIN',1,'2013-03-20 14:17:13',1,'(UserLogged,admin)','::1','Mozilla/5.0 (X11; Linux x86_64) AppleWebKit/537.22 (KHTML, like Gecko) Chrome/25.0.1364.172 Safari/537.22',NULL),(529,'2013-03-20 14:44:31','USER_LOGIN',1,'2013-03-20 15:44:31',1,'(UserLogged,admin)','::1','Mozilla/5.0 (X11; Linux x86_64) AppleWebKit/537.22 (KHTML, like Gecko) Chrome/25.0.1364.172 Safari/537.22',NULL),(530,'2013-03-20 18:24:25','USER_LOGIN',1,'2013-03-20 19:24:25',1,'(UserLogged,admin)','::1','Mozilla/5.0 (X11; Linux x86_64) AppleWebKit/537.22 (KHTML, like Gecko) Chrome/25.0.1364.172 Safari/537.22',NULL),(531,'2013-03-20 19:15:54','USER_LOGIN',1,'2013-03-20 20:15:54',1,'(UserLogged,admin)','::1','Mozilla/5.0 (X11; Linux x86_64) AppleWebKit/537.22 (KHTML, like Gecko) Chrome/25.0.1364.172 Safari/537.22',NULL),(532,'2013-03-21 18:40:47','USER_LOGIN',1,'2013-03-21 19:40:47',1,'(UserLogged,admin)','::1','Mozilla/5.0 (X11; Linux x86_64) AppleWebKit/537.22 (KHTML, like Gecko) Chrome/25.0.1364.172 Safari/537.22',NULL),(533,'2013-03-21 21:42:24','USER_LOGIN',1,'2013-03-21 22:42:24',1,'(UserLogged,admin)','::1','Mozilla/5.0 (X11; Linux x86_64) AppleWebKit/537.22 (KHTML, like Gecko) Chrome/25.0.1364.172 Safari/537.22',NULL),(534,'2013-03-22 08:39:23','USER_LOGIN',1,'2013-03-22 09:39:23',1,'(UserLogged,admin)','::1','Mozilla/5.0 (X11; Linux x86_64) AppleWebKit/537.22 (KHTML, like Gecko) Chrome/25.0.1364.172 Safari/537.22',NULL),(535,'2013-03-23 13:04:55','USER_LOGIN',1,'2013-03-23 14:04:55',1,'(UserLogged,admin)','::1','Mozilla/5.0 (X11; Linux x86_64) AppleWebKit/537.22 (KHTML, like Gecko) Chrome/25.0.1364.172 Safari/537.22',NULL),(536,'2013-03-23 15:47:43','USER_LOGIN',1,'2013-03-23 16:47:43',1,'(UserLogged,admin)','::1','Mozilla/5.0 (X11; Linux x86_64) AppleWebKit/537.22 (KHTML, like Gecko) Chrome/25.0.1364.172 Safari/537.22',NULL),(537,'2013-03-23 22:56:36','USER_LOGIN',1,'2013-03-23 23:56:36',1,'(UserLogged,admin)','::1','Mozilla/5.0 (X11; Linux x86_64) AppleWebKit/537.22 (KHTML, like Gecko) Chrome/25.0.1364.172 Safari/537.22',NULL),(538,'2013-03-24 01:22:32','USER_LOGIN',1,'2013-03-24 02:22:32',1,'(UserLogged,admin)','::1','Mozilla/5.0 (X11; Linux x86_64) AppleWebKit/537.22 (KHTML, like Gecko) Chrome/25.0.1364.172 Safari/537.22',NULL),(539,'2013-03-24 14:40:42','USER_LOGIN',1,'2013-03-24 15:40:42',1,'(UserLogged,admin)','::1','Mozilla/5.0 (X11; Linux x86_64) AppleWebKit/537.22 (KHTML, like Gecko) Chrome/25.0.1364.172 Safari/537.22',NULL),(540,'2013-03-24 15:30:26','USER_LOGOUT',1,'2013-03-24 16:30:26',1,'(UserLogoff,admin)','::1','Mozilla/5.0 (X11; Linux x86_64) AppleWebKit/537.22 (KHTML, like Gecko) Chrome/25.0.1364.172 Safari/537.22',NULL),(541,'2013-03-24 15:30:29','USER_LOGIN',1,'2013-03-24 16:30:29',2,'(UserLogged,demo)','::1','Mozilla/5.0 (X11; Linux x86_64) AppleWebKit/537.22 (KHTML, like Gecko) Chrome/25.0.1364.172 Safari/537.22',NULL),(542,'2013-03-24 15:49:40','USER_LOGOUT',1,'2013-03-24 16:49:40',2,'(UserLogoff,demo)','::1','Mozilla/5.0 (X11; Linux x86_64) AppleWebKit/537.22 (KHTML, like Gecko) Chrome/25.0.1364.172 Safari/537.22',NULL),(543,'2013-03-24 15:49:48','USER_LOGIN',1,'2013-03-24 16:49:48',1,'(UserLogged,admin)','::1','Mozilla/5.0 (X11; Linux x86_64) AppleWebKit/537.22 (KHTML, like Gecko) Chrome/25.0.1364.172 Safari/537.22',NULL),(544,'2013-03-24 15:52:35','USER_MODIFY',1,'2013-03-24 16:52:35',1,'Modification utilisateur zzzg','::1','Mozilla/5.0 (X11; Linux x86_64) AppleWebKit/537.22 (KHTML, like Gecko) Chrome/25.0.1364.172 Safari/537.22',NULL),(545,'2013-03-24 15:52:52','USER_MODIFY',1,'2013-03-24 16:52:52',1,'Modification utilisateur zzzg','::1','Mozilla/5.0 (X11; Linux x86_64) AppleWebKit/537.22 (KHTML, like Gecko) Chrome/25.0.1364.172 Safari/537.22',NULL),(546,'2013-03-24 15:53:09','USER_MODIFY',1,'2013-03-24 16:53:09',1,'Modification utilisateur zzzg','::1','Mozilla/5.0 (X11; Linux x86_64) AppleWebKit/537.22 (KHTML, like Gecko) Chrome/25.0.1364.172 Safari/537.22',NULL),(547,'2013-03-24 15:53:23','USER_MODIFY',1,'2013-03-24 16:53:23',1,'Modification utilisateur zzzg','::1','Mozilla/5.0 (X11; Linux x86_64) AppleWebKit/537.22 (KHTML, like Gecko) Chrome/25.0.1364.172 Safari/537.22',NULL),(548,'2013-03-24 16:00:04','USER_MODIFY',1,'2013-03-24 17:00:04',1,'Modification utilisateur zzzg','::1','Mozilla/5.0 (X11; Linux x86_64) AppleWebKit/537.22 (KHTML, like Gecko) Chrome/25.0.1364.172 Safari/537.22',NULL),(549,'2013-03-24 16:01:50','USER_MODIFY',1,'2013-03-24 17:01:50',1,'Modification utilisateur zzzg','::1','Mozilla/5.0 (X11; Linux x86_64) AppleWebKit/537.22 (KHTML, like Gecko) Chrome/25.0.1364.172 Safari/537.22',NULL),(550,'2013-03-24 16:10:14','USER_MODIFY',1,'2013-03-24 17:10:14',1,'Modification utilisateur zzzg','::1','Mozilla/5.0 (X11; Linux x86_64) AppleWebKit/537.22 (KHTML, like Gecko) Chrome/25.0.1364.172 Safari/537.22',NULL),(551,'2013-03-24 16:55:13','USER_LOGIN',1,'2013-03-24 17:55:13',1,'(UserLogged,admin)','::1','Mozilla/5.0 (X11; Linux x86_64) AppleWebKit/537.22 (KHTML, like Gecko) Chrome/25.0.1364.172 Safari/537.22',NULL),(552,'2013-03-24 17:44:29','USER_LOGIN',1,'2013-03-24 18:44:29',1,'(UserLogged,admin)','::1','Mozilla/5.0 (X11; Linux x86_64) AppleWebKit/537.22 (KHTML, like Gecko) Chrome/25.0.1364.172 Safari/537.22',NULL),(553,'2013-09-08 23:06:26','USER_LOGIN',1,'2013-09-09 01:06:26',1,'(UserLogged,admin)','127.0.0.1','Mozilla/5.0 (X11; Linux x86_64) AppleWebKit/537.36 (KHTML, like Gecko) Chrome/29.0.1547.57 Safari/537.36',NULL),(554,'2013-10-21 22:32:28','USER_LOGIN',1,'2013-10-22 00:32:28',1,'(UserLogged,admin)','127.0.0.1','Mozilla/5.0 (X11; Linux x86_64) AppleWebKit/537.36 (KHTML, like Gecko) Chrome/30.0.1599.66 Safari/537.36',NULL),(555,'2013-10-21 22:32:48','USER_LOGIN',1,'2013-10-22 00:32:48',1,'(UserLogged,admin)','127.0.0.1','Mozilla/5.0 (X11; Linux x86_64) AppleWebKit/537.36 (KHTML, like Gecko) Chrome/30.0.1599.66 Safari/537.36',NULL),(556,'2013-11-07 00:01:51','USER_LOGIN',1,'2013-11-07 01:01:51',1,'(UserLogged,admin)','127.0.0.1','Mozilla/5.0 (X11; Linux x86_64) AppleWebKit/537.36 (KHTML, like Gecko) Chrome/30.0.1599.114 Safari/537.36',NULL),(557,'2014-04-05 14:19:30','USER_LOGIN',1,'2014-04-05 16:19:30',1,'(UserLogged,admin)','127.0.0.1','Mozilla/5.0 (X11; Linux x86_64) AppleWebKit/537.36 (KHTML, like Gecko) Chrome/33.0.1750.152 Safari/537.36',NULL);

--
-- Table structure for table `llx_expedition`
--

CREATE TABLE `llx_expedition` (
  `rowid` int(11) NOT NULL AUTO_INCREMENT,
  `tms` timestamp NOT NULL DEFAULT CURRENT_TIMESTAMP ON UPDATE CURRENT_TIMESTAMP,
  `ref` varchar(30) NOT NULL,
  `entity` int(11) NOT NULL DEFAULT '1',
  `ref_customer` varchar(30) DEFAULT NULL,
  `fk_soc` int(11) NOT NULL,
  `ref_ext` varchar(30) DEFAULT NULL,
  `ref_int` varchar(30) DEFAULT NULL,
  `date_creation` datetime DEFAULT NULL,
  `fk_user_author` int(11) DEFAULT NULL,
  `date_valid` datetime DEFAULT NULL,
  `fk_user_valid` int(11) DEFAULT NULL,
  `date_expedition` datetime DEFAULT NULL,
  `date_delivery` datetime DEFAULT NULL,
  `fk_address` int(11) DEFAULT NULL,
  `fk_shipping_method` int(11) DEFAULT NULL,
  `tracking_number` varchar(50) DEFAULT NULL,
  `fk_statut` smallint(6) DEFAULT '0',
  `height` int(11) DEFAULT NULL,
  `height_unit` int(11) DEFAULT NULL,
  `width` int(11) DEFAULT NULL,
  `size_units` int(11) DEFAULT NULL,
  `size` int(11) DEFAULT NULL,
  `weight_units` int(11) DEFAULT NULL,
  `weight` int(11) DEFAULT NULL,
  `note_private` text,
  `note_public` text,
  `model_pdf` varchar(255) DEFAULT NULL,
  PRIMARY KEY (`rowid`),
  UNIQUE KEY `idx_expedition_uk_ref` (`ref`,`entity`),
  KEY `idx_expedition_fk_soc` (`fk_soc`),
  KEY `idx_expedition_fk_user_author` (`fk_user_author`),
  KEY `idx_expedition_fk_user_valid` (`fk_user_valid`),
  KEY `idx_expedition_fk_shipping_method` (`fk_shipping_method`),
  CONSTRAINT `fk_expedition_fk_shipping_method` FOREIGN KEY (`fk_shipping_method`) REFERENCES `llx_c_shipment_mode` (`rowid`),
  CONSTRAINT `fk_expedition_fk_soc` FOREIGN KEY (`fk_soc`) REFERENCES `llx_societe` (`rowid`),
  CONSTRAINT `fk_expedition_fk_user_author` FOREIGN KEY (`fk_user_author`) REFERENCES `llx_user` (`rowid`),
  CONSTRAINT `fk_expedition_fk_user_valid` FOREIGN KEY (`fk_user_valid`) REFERENCES `llx_user` (`rowid`)
) ENGINE=InnoDB AUTO_INCREMENT=3 DEFAULT CHARSET=utf8;

--
-- Dumping data for table `llx_expedition`
--

INSERT INTO `llx_expedition` VALUES (1,'2013-02-17 17:22:51','SH1302-0001',1,NULL,1,NULL,NULL,'2011-08-08 03:05:34',1,'2013-02-17 18:22:51',1,NULL,'2011-08-09 00:00:00',NULL,NULL,'',1,NULL,NULL,NULL,0,NULL,0,NULL,NULL,NULL,NULL),(2,'2013-02-17 17:38:47','SH1302-0002',1,'gfdf',18,NULL,NULL,'2013-02-17 18:38:37',1,'2013-02-17 18:38:47',1,NULL,NULL,NULL,NULL,'',1,NULL,NULL,NULL,0,NULL,0,NULL,NULL,NULL,NULL);

--
-- Table structure for table `llx_expedition_methode`
--

CREATE TABLE `llx_expedition_methode` (
  `rowid` int(11) NOT NULL,
  `tms` timestamp NOT NULL DEFAULT CURRENT_TIMESTAMP ON UPDATE CURRENT_TIMESTAMP,
  `code` varchar(30) NOT NULL,
  `libelle` varchar(50) NOT NULL,
  `description` text,
  `active` tinyint(4) DEFAULT '0',
  PRIMARY KEY (`rowid`)
) ENGINE=InnoDB DEFAULT CHARSET=utf8;

--
-- Dumping data for table `llx_expedition_methode`
--

INSERT INTO `llx_expedition_methode` VALUES (1,'2010-07-08 11:18:00','CATCH','Catch','Catch by client',1),(2,'2010-07-08 11:18:00','TRANS','Transporter','Generic transporter',1),(3,'2010-07-08 11:18:01','COLSUI','Colissimo Suivi','Colissimo Suivi',0);

--
-- Table structure for table `llx_expeditiondet`
--

CREATE TABLE `llx_expeditiondet` (
  `rowid` int(11) NOT NULL AUTO_INCREMENT,
  `fk_expedition` int(11) NOT NULL,
  `fk_origin_line` int(11) DEFAULT NULL,
  `fk_entrepot` int(11) DEFAULT NULL,
  `qty` double DEFAULT NULL,
  `rang` int(11) DEFAULT '0',
  PRIMARY KEY (`rowid`),
  KEY `idx_expeditiondet_fk_expedition` (`fk_expedition`),
  CONSTRAINT `fk_expeditiondet_fk_expedition` FOREIGN KEY (`fk_expedition`) REFERENCES `llx_expedition` (`rowid`)
) ENGINE=InnoDB AUTO_INCREMENT=5 DEFAULT CHARSET=utf8;

--
-- Dumping data for table `llx_expeditiondet`
--

INSERT INTO `llx_expeditiondet` VALUES (1,1,10,3,1,0),(2,2,13,NULL,1,0),(3,2,16,NULL,1,0),(4,2,17,NULL,1,0);

--
-- Table structure for table `llx_export_compta`
--

CREATE TABLE `llx_export_compta` (
  `rowid` int(11) NOT NULL AUTO_INCREMENT,
  `ref` varchar(12) NOT NULL,
  `date_export` datetime NOT NULL,
  `fk_user` int(11) NOT NULL,
  `note` text,
  PRIMARY KEY (`rowid`)
) ENGINE=InnoDB DEFAULT CHARSET=utf8;

--
-- Dumping data for table `llx_export_compta`
--


--
-- Table structure for table `llx_export_model`
--

CREATE TABLE `llx_export_model` (
  `rowid` int(11) NOT NULL AUTO_INCREMENT,
  `fk_user` int(11) NOT NULL DEFAULT '0',
  `label` varchar(50) NOT NULL,
  `type` varchar(20) NOT NULL,
  `field` text NOT NULL,
  `filter` text,
  PRIMARY KEY (`rowid`),
  UNIQUE KEY `uk_export_model` (`label`,`type`)
) ENGINE=InnoDB DEFAULT CHARSET=utf8;

--
-- Dumping data for table `llx_export_model`
--


--
-- Table structure for table `llx_extrafields`
--

CREATE TABLE `llx_extrafields` (
  `rowid` int(11) NOT NULL AUTO_INCREMENT,
  `elementtype` varchar(64) NOT NULL DEFAULT 'member',
  `name` varchar(64) NOT NULL,
  `entity` int(11) NOT NULL DEFAULT '1',
  `tms` timestamp NOT NULL DEFAULT CURRENT_TIMESTAMP ON UPDATE CURRENT_TIMESTAMP,
  `label` varchar(255) NOT NULL,
  `type` varchar(8) DEFAULT NULL,
  `size` varchar(8) DEFAULT NULL,
  `pos` int(11) DEFAULT '0',
  `param` text,
  `fieldunique` int(11) DEFAULT '0',
  `fieldrequired` int(11) DEFAULT '0',
  PRIMARY KEY (`rowid`),
  UNIQUE KEY `uk_extrafields_name` (`name`,`entity`,`elementtype`)
) ENGINE=InnoDB AUTO_INCREMENT=23 DEFAULT CHARSET=utf8;

--
-- Dumping data for table `llx_extrafields`
--

INSERT INTO `llx_extrafields` VALUES (2,'adherent','zzz',1,'2013-09-08 23:04:20','zzz','varchar','255',0,NULL,0,0),(22,'societe','jjjj',1,'2013-09-08 23:04:20','jjj','varchar','255',0,NULL,0,0);

--
-- Table structure for table `llx_facture`
--

CREATE TABLE `llx_facture` (
  `rowid` int(11) NOT NULL AUTO_INCREMENT,
  `facnumber` varchar(30) NOT NULL,
  `entity` int(11) NOT NULL DEFAULT '1',
  `ref_ext` varchar(255) DEFAULT NULL,
  `ref_int` varchar(255) DEFAULT NULL,
  `type` smallint(6) NOT NULL DEFAULT '0',
  `ref_client` varchar(255) DEFAULT NULL,
  `increment` varchar(10) DEFAULT NULL,
  `fk_soc` int(11) NOT NULL,
  `datec` datetime DEFAULT NULL,
  `datef` date DEFAULT NULL,
  `date_valid` date DEFAULT NULL,
  `tms` timestamp NOT NULL DEFAULT CURRENT_TIMESTAMP ON UPDATE CURRENT_TIMESTAMP,
  `paye` smallint(6) NOT NULL DEFAULT '0',
  `amount` double(24,8) NOT NULL DEFAULT '0.00000000',
  `remise_percent` double DEFAULT '0',
  `remise_absolue` double DEFAULT '0',
  `remise` double DEFAULT '0',
  `close_code` varchar(16) DEFAULT NULL,
  `close_note` varchar(128) DEFAULT NULL,
  `tva` double(24,8) DEFAULT '0.00000000',
  `localtax1` double(24,8) DEFAULT '0.00000000',
  `localtax2` double(24,8) DEFAULT '0.00000000',
  `revenuestamp` double(24,8) DEFAULT '0.00000000',
  `total` double(24,8) DEFAULT '0.00000000',
  `total_ttc` double(24,8) DEFAULT '0.00000000',
  `fk_statut` smallint(6) NOT NULL DEFAULT '0',
  `fk_user_author` int(11) DEFAULT NULL,
  `fk_user_valid` int(11) DEFAULT NULL,
  `fk_facture_source` int(11) DEFAULT NULL,
  `fk_projet` int(11) DEFAULT NULL,
  `fk_account` int(11) DEFAULT NULL,
  `fk_currency` varchar(2) DEFAULT NULL,
  `fk_cond_reglement` int(11) NOT NULL DEFAULT '1',
  `fk_mode_reglement` int(11) DEFAULT NULL,
  `date_lim_reglement` date DEFAULT NULL,
  `note_private` text,
  `note_public` text,
  `model_pdf` varchar(255) DEFAULT NULL,
  `import_key` varchar(14) DEFAULT NULL,
  `extraparams` varchar(255) DEFAULT NULL,
  PRIMARY KEY (`rowid`),
  UNIQUE KEY `idx_facture_uk_facnumber` (`facnumber`,`entity`),
  KEY `idx_facture_fk_soc` (`fk_soc`),
  KEY `idx_facture_fk_user_author` (`fk_user_author`),
  KEY `idx_facture_fk_user_valid` (`fk_user_valid`),
  KEY `idx_facture_fk_facture_source` (`fk_facture_source`),
  KEY `idx_facture_fk_projet` (`fk_projet`),
  KEY `idx_facture_fk_account` (`fk_account`),
  KEY `idx_facture_fk_currency` (`fk_currency`),
  CONSTRAINT `fk_facture_fk_facture_source` FOREIGN KEY (`fk_facture_source`) REFERENCES `llx_facture` (`rowid`),
  CONSTRAINT `fk_facture_fk_projet` FOREIGN KEY (`fk_projet`) REFERENCES `llx_projet` (`rowid`),
  CONSTRAINT `fk_facture_fk_soc` FOREIGN KEY (`fk_soc`) REFERENCES `llx_societe` (`rowid`),
  CONSTRAINT `fk_facture_fk_user_author` FOREIGN KEY (`fk_user_author`) REFERENCES `llx_user` (`rowid`),
  CONSTRAINT `fk_facture_fk_user_valid` FOREIGN KEY (`fk_user_valid`) REFERENCES `llx_user` (`rowid`)
) ENGINE=InnoDB AUTO_INCREMENT=329 DEFAULT CHARSET=utf8;

--
-- Dumping data for table `llx_facture`
--

INSERT INTO `llx_facture` VALUES (1,'FA1007-0001',1,NULL,NULL,0,NULL,NULL,9,'2010-07-10 14:55:26','2010-07-10',NULL,'2011-07-20 11:18:39',0,0.00000000,NULL,NULL,0,NULL,NULL,0.00000000,0.00000000,0.00000000,0.00000000,0.02000000,0.02000000,1,1,1,NULL,1,NULL,NULL,1,0,'2010-07-10',NULL,NULL,'crabe',NULL,NULL),(2,'FA1007-0002',1,NULL,NULL,0,NULL,NULL,2,'2010-07-10 18:20:13','2010-07-10',NULL,'2011-08-08 00:54:05',1,10.00000000,NULL,NULL,0,NULL,NULL,0.10000000,0.00000000,0.00000000,0.00000000,46.00000000,46.10000000,2,1,1,NULL,NULL,NULL,NULL,1,0,'2010-07-10',NULL,NULL,'crabe',NULL,NULL),(3,'FA1107-0006',1,NULL,NULL,0,NULL,NULL,10,'2011-07-18 20:33:35','2011-07-18',NULL,'2012-12-08 16:39:01',1,0.00000000,NULL,NULL,0,NULL,NULL,0.00000000,0.00000000,0.00000000,0.00000000,15.00000000,15.00000000,2,1,1,NULL,1,NULL,NULL,1,0,'2011-07-18',NULL,NULL,'crabe',NULL,NULL),(5,'FA1108-0003',1,NULL,NULL,0,NULL,NULL,7,'2011-08-01 03:34:11','2011-08-01',NULL,'2011-08-01 01:34:11',1,0.00000000,NULL,NULL,0,NULL,NULL,0.63000000,0.00000000,0.00000000,0.00000000,5.00000000,5.63000000,2,1,1,NULL,NULL,NULL,NULL,0,6,'2011-08-01',NULL,NULL,'',NULL,NULL),(6,'FA1108-0004',1,NULL,NULL,0,NULL,NULL,7,'2011-08-06 20:33:53','2011-08-06',NULL,'2011-08-06 18:35:13',1,0.00000000,NULL,NULL,0,NULL,NULL,0.98000000,0.00000000,0.00000000,0.00000000,5.00000000,5.98000000,2,1,1,NULL,NULL,NULL,NULL,0,4,'2011-08-06','Cash\nReceived : 6 EUR\nRendu : 0.02 EUR\n\n--------------------------------------',NULL,'crabe',NULL,NULL),(8,'FA1108-0005',1,NULL,NULL,3,NULL,NULL,2,'2011-08-08 02:41:44','2011-08-08',NULL,'2011-08-08 00:53:40',1,0.00000000,NULL,NULL,0,NULL,NULL,0.00000000,0.00000000,0.00000000,0.00000000,10.00000000,10.00000000,2,1,1,NULL,NULL,NULL,NULL,1,0,'2011-08-08',NULL,NULL,'crabe',NULL,NULL),(9,'FA1108-0007',1,NULL,NULL,3,NULL,NULL,10,'2011-08-08 02:55:14','2011-08-08',NULL,'2011-08-08 00:55:26',0,0.00000000,NULL,NULL,0,NULL,NULL,1.96000000,0.00000000,0.00000000,0.00000000,10.00000000,11.96000000,1,1,1,NULL,NULL,NULL,NULL,1,0,'2011-08-08',NULL,NULL,'crabe',NULL,NULL),(10,'AV1212-0001',1,NULL,NULL,2,NULL,NULL,10,'2012-12-08 17:45:20','2012-12-08','2012-12-08','2012-12-08 16:57:11',0,0.00000000,NULL,NULL,0,NULL,NULL,-0.63000000,0.00000000,0.00000000,0.00000000,-11.00000000,-11.63000000,1,1,1,3,NULL,NULL,NULL,0,0,'2012-12-08',NULL,NULL,'crabe',NULL,NULL),(11,'FA1212-0008',1,NULL,NULL,0,NULL,NULL,10,'2012-12-08 17:58:13','2012-12-08','2012-12-08','2012-12-08 16:58:27',0,0.00000000,NULL,NULL,0,NULL,NULL,0.63000000,0.00000000,0.00000000,0.00000000,5.00000000,5.63000000,1,1,1,NULL,NULL,NULL,NULL,1,0,'2012-12-08',NULL,NULL,'crabe',NULL,NULL),(12,'AV1212-0002',1,NULL,NULL,2,NULL,NULL,10,'2012-12-08 18:20:14','2012-12-08','2012-12-08','2012-12-09 17:35:07',1,0.00000000,NULL,NULL,0,NULL,NULL,0.00000000,0.00000000,0.00000000,0.00000000,-5.00000000,-5.00000000,2,1,1,3,NULL,NULL,NULL,0,0,'2012-12-08',NULL,NULL,'crabe',NULL,NULL),(13,'FA1212-0011',1,NULL,NULL,0,NULL,NULL,7,'2012-12-09 20:04:19','2012-12-09','2013-02-12','2013-02-12 14:54:37',0,0.00000000,NULL,NULL,0,NULL,NULL,2.74000000,0.00000000,0.00000000,0.00000000,14.00000000,16.74000000,1,1,1,NULL,NULL,NULL,NULL,1,0,'2012-12-09',NULL,NULL,'crabe',NULL,NULL),(32,'FA1212-0021',1,NULL,NULL,0,NULL,NULL,1,'2012-12-11 09:34:23','2012-12-11','2013-03-24','2013-03-24 14:54:00',0,0.00000000,NULL,NULL,0,NULL,NULL,90.00000000,0.00000000,0.00000000,0.60000000,520.00000000,610.60000000,1,1,1,NULL,NULL,NULL,NULL,1,0,'2012-12-11','This is a comment (private)','This is a comment (public)','crabe',NULL,NULL),(33,'(PROV33)',1,NULL,NULL,0,NULL,NULL,1,'2012-12-11 09:34:23','2012-12-11',NULL,'2012-12-11 08:34:23',0,0.00000000,NULL,NULL,0,NULL,NULL,0.24000000,0.00000000,0.00000000,0.00000000,2.48000000,2.72000000,0,1,NULL,NULL,NULL,NULL,NULL,1,0,'2012-12-11','This is a comment (private)','This is a comment (public)','',NULL,NULL),(55,'FA1212-0009',1,NULL,NULL,0,NULL,NULL,1,'2012-12-11 09:35:51','2012-12-11','2012-12-12','2012-12-12 17:54:19',0,0.00000000,NULL,NULL,0,NULL,NULL,0.24000000,0.00000000,0.00000000,0.00000000,2.48000000,2.72000000,1,1,1,NULL,NULL,NULL,NULL,1,0,'2012-12-11','This is a comment (private)','This is a comment (public)','',NULL,NULL),(56,'(PROV56)',1,NULL,NULL,0,NULL,NULL,1,'2012-12-11 09:35:52','2012-12-11',NULL,'2012-12-11 08:35:52',0,0.00000000,NULL,NULL,0,NULL,NULL,0.24000000,0.00000000,0.00000000,0.00000000,2.48000000,2.72000000,0,1,NULL,NULL,NULL,NULL,NULL,1,0,'2012-12-11','This is a comment (private)','This is a comment (public)','',NULL,NULL),(78,'(PROV78)',1,NULL,NULL,0,NULL,NULL,1,'2012-12-11 09:36:41','2012-12-11',NULL,'2012-12-11 08:36:41',0,0.00000000,NULL,NULL,0,NULL,NULL,0.24000000,0.00000000,0.00000000,0.00000000,2.48000000,2.72000000,0,1,NULL,NULL,NULL,NULL,NULL,1,0,'2012-12-11','This is a comment (private)','This is a comment (public)','',NULL,NULL),(79,'(PROV79)',1,NULL,NULL,0,NULL,NULL,1,'2012-12-11 09:36:41','2012-12-11',NULL,'2012-12-19 16:56:16',0,0.00000000,NULL,NULL,0,NULL,NULL,7.60000000,0.66000000,-3.00000000,0.00000000,50.00000000,55.26000000,0,1,NULL,NULL,NULL,NULL,NULL,1,0,'2012-12-11','This is a comment (private)','This is a comment (public)','',NULL,NULL),(121,'(PROV121)',1,NULL,NULL,0,NULL,NULL,1,'2012-12-19 18:39:38','2012-12-19',NULL,'2012-12-19 17:39:38',0,0.00000000,NULL,NULL,0,NULL,NULL,0.24000000,0.00000000,0.00000000,0.00000000,2.48000000,2.72000000,0,1,NULL,NULL,NULL,NULL,NULL,1,0,'2012-12-19','This is a comment (private)','This is a comment (public)','',NULL,NULL),(122,'(PROV122)',1,NULL,NULL,0,NULL,NULL,1,'2012-12-19 18:39:38','2012-12-19',NULL,'2012-12-19 17:39:38',0,0.00000000,NULL,NULL,0,NULL,NULL,0.24000000,0.00000000,0.00000000,0.00000000,2.48000000,2.72000000,0,1,NULL,NULL,NULL,NULL,NULL,1,0,'2012-12-19','This is a comment (private)','This is a comment (public)','',NULL,NULL),(146,'(PROV146)',1,NULL,NULL,0,NULL,NULL,1,'2012-12-19 18:48:41','2012-12-19',NULL,'2013-01-18 14:51:01',0,0.00000000,NULL,NULL,0,NULL,NULL,0.24000000,0.00000000,0.00000000,0.00000000,2.48000000,2.72000000,0,1,NULL,NULL,NULL,NULL,NULL,1,0,'2012-12-19','This is a comment (private)','This is a comment (public)','crabe',NULL,NULL),(147,'(PROV147)',1,NULL,NULL,0,NULL,NULL,1,'2012-12-19 18:48:42','2012-12-19',NULL,'2012-12-19 17:48:42',0,0.00000000,NULL,NULL,0,NULL,NULL,0.24000000,0.00000000,0.00000000,0.00000000,2.48000000,2.72000000,0,1,NULL,NULL,NULL,NULL,NULL,1,0,'2012-12-19','This is a comment (private)','This is a comment (public)','',NULL,NULL),(148,'FS1301-0001',1,NULL,NULL,0,NULL,NULL,1,'2013-01-19 18:22:48','2013-01-19','2013-01-19','2013-01-19 17:22:48',0,0.00000000,NULL,NULL,0,NULL,NULL,0.63000000,0.00000000,0.00000000,0.00000000,5.00000000,5.63000000,1,1,1,NULL,NULL,NULL,NULL,0,1,'2013-01-19',NULL,NULL,'',NULL,NULL),(149,'(PROV149)',1,NULL,NULL,0,NULL,NULL,1,'2013-01-19 18:30:05','2013-01-19',NULL,'2013-02-13 14:02:53',0,0.00000000,NULL,NULL,0,NULL,NULL,1.96000000,0.00000000,0.00000000,0.00000000,10.00000000,11.96000000,0,1,NULL,NULL,NULL,NULL,NULL,0,0,'2013-01-19',NULL,NULL,'crabe',NULL,NULL),(150,'FA6801-0010',1,NULL,NULL,0,NULL,NULL,1,'2013-01-19 18:31:10','2013-01-19','2013-01-19','2013-01-19 17:31:10',1,0.00000000,NULL,NULL,0,NULL,NULL,0.00000000,0.00000000,0.00000000,0.00000000,0.00000000,0.00000000,2,1,1,NULL,NULL,NULL,NULL,0,1,'2013-01-19',NULL,NULL,'',NULL,NULL),(151,'FS1301-0002',1,NULL,NULL,0,NULL,NULL,1,'2013-01-19 18:31:58','2013-01-19','2013-01-19','2013-01-19 17:31:58',1,0.00000000,NULL,NULL,0,NULL,NULL,0.00000000,0.00000000,0.00000000,0.00000000,0.00000000,0.00000000,2,1,1,NULL,NULL,NULL,NULL,0,1,'2013-01-19',NULL,NULL,'',NULL,NULL),(152,'FA1302-0012',1,NULL,NULL,0,NULL,NULL,18,'2013-02-17 16:26:53','2013-02-17','2013-02-17','2013-02-17 15:27:00',0,0.00000000,NULL,NULL,0,NULL,NULL,1.96000000,0.00000000,0.00000000,0.00000000,10.00000000,11.96000000,1,1,1,NULL,NULL,NULL,NULL,1,0,'2013-02-17',NULL,NULL,'crabe',NULL,NULL),(153,'(PROV153)',1,NULL,NULL,0,NULL,NULL,1,'2013-02-17 18:22:24','2013-02-17',NULL,'2013-02-17 17:22:24',0,0.00000000,NULL,NULL,0,NULL,NULL,0.00000000,0.00000000,0.00000000,0.00000000,10.00000000,10.00000000,0,1,NULL,NULL,NULL,NULL,NULL,1,0,'2013-02-17',NULL,NULL,'crabe',NULL,NULL),(154,'(PROV154)',1,NULL,NULL,0,NULL,NULL,1,'2013-02-17 18:24:21','2013-02-17',NULL,'2013-02-17 17:24:21',0,0.00000000,NULL,NULL,0,NULL,NULL,0.00000000,0.00000000,0.00000000,0.00000000,10.00000000,10.00000000,0,1,NULL,NULL,NULL,NULL,NULL,1,0,'2013-02-17',NULL,NULL,'crabe',NULL,NULL),(155,'(PROV155)',1,NULL,NULL,0,NULL,NULL,1,'2013-02-17 18:30:30','2013-02-17',NULL,'2013-02-17 17:30:30',0,0.00000000,NULL,NULL,0,NULL,NULL,0.00000000,0.00000000,0.00000000,0.00000000,10.00000000,10.00000000,0,1,NULL,NULL,NULL,NULL,NULL,1,0,'2013-02-17',NULL,NULL,'crabe',NULL,NULL),(156,'(PROV156)',1,NULL,NULL,0,NULL,NULL,1,'2013-02-17 18:37:01','2013-02-17',NULL,'2013-02-17 17:37:01',0,0.00000000,NULL,NULL,0,NULL,NULL,0.00000000,0.00000000,0.00000000,0.00000000,10.00000000,10.00000000,0,1,NULL,NULL,NULL,NULL,NULL,1,0,'2013-02-17',NULL,NULL,'crabe',NULL,NULL),(157,'(PROV157)',1,NULL,NULL,0,NULL,NULL,18,'2013-02-17 18:39:23','2013-02-17',NULL,'2013-02-17 17:39:23',0,0.00000000,NULL,NULL,0,NULL,NULL,3.22000000,0.00000000,0.00000000,0.00000000,20.00000000,23.22000000,0,1,NULL,NULL,NULL,NULL,NULL,1,0,'2013-02-17',NULL,NULL,'crabe',NULL,NULL),(158,'FA1307-0013',1,NULL,NULL,0,NULL,NULL,12,'2013-03-06 16:43:37','2013-07-18','2013-03-23','2013-03-23 17:23:03',0,0.00000000,NULL,NULL,0,NULL,NULL,0.00000000,0.00000000,0.00000000,0.00000000,10.00000000,10.00000000,1,1,1,NULL,NULL,NULL,NULL,1,0,'2013-07-18',NULL,NULL,'crabe',NULL,NULL),(159,'FA1407-0014',1,NULL,NULL,0,NULL,NULL,12,'2013-03-06 16:44:12','2014-07-18','2013-03-06','2013-03-06 15:44:12',0,0.00000000,NULL,NULL,0,NULL,NULL,0.00000000,0.00000000,0.00000000,0.00000000,11.00000000,11.00000000,1,1,1,NULL,NULL,NULL,NULL,1,0,'2014-07-18',NULL,NULL,'',NULL,NULL),(160,'FA1507-0015',1,NULL,NULL,0,NULL,NULL,12,'2013-03-06 16:47:48','2015-07-18','2013-03-06','2013-03-06 15:47:48',0,0.00000000,NULL,NULL,0,NULL,NULL,1.11000000,0.00000000,0.00000000,0.00000000,8.89000000,10.00000000,1,1,1,NULL,NULL,NULL,NULL,1,0,'2015-07-18',NULL,NULL,'',NULL,NULL),(161,'FA1607-0016',1,NULL,NULL,0,NULL,NULL,12,'2013-03-06 16:48:16','2016-07-18','2013-03-06','2013-03-06 15:48:16',0,0.00000000,NULL,NULL,0,NULL,NULL,2.22000000,0.00000000,0.00000000,0.00000000,17.78000000,20.00000000,1,1,1,NULL,NULL,NULL,NULL,1,0,'2016-07-18',NULL,NULL,'',NULL,NULL),(162,'(PROV162)',1,NULL,NULL,0,'fdfs',NULL,23,'2013-03-08 10:02:54','2013-03-08',NULL,'2013-03-08 09:02:54',0,0.00000000,NULL,NULL,0,NULL,NULL,0.00000000,0.00000000,0.00000000,0.00000000,5.00000000,5.00000000,0,1,NULL,NULL,NULL,NULL,NULL,1,0,'2013-03-08',NULL,NULL,'crabe',NULL,NULL),(184,'(PROV184)',1,NULL,NULL,0,NULL,NULL,1,'2013-03-09 18:19:36','2013-03-09',NULL,'2013-03-09 17:19:36',0,0.00000000,NULL,NULL,0,NULL,NULL,0.24000000,0.00000000,0.00000000,0.00000000,2.48000000,2.72000000,0,1,NULL,NULL,NULL,NULL,NULL,1,0,'2013-03-09','This is a comment (private)','This is a comment (public)','',NULL,NULL),(185,'(PROV185)',1,NULL,NULL,0,NULL,NULL,1,'2013-03-09 18:19:36','2013-03-09',NULL,'2013-03-09 17:19:36',0,0.00000000,NULL,NULL,0,NULL,NULL,0.24000000,0.00000000,0.00000000,0.00000000,2.48000000,2.72000000,0,1,NULL,NULL,NULL,NULL,NULL,1,0,'2013-03-09','This is a comment (private)','This is a comment (public)','',NULL,NULL),(186,'(PROV186)',1,NULL,NULL,0,NULL,NULL,1,'2013-03-09 18:26:56','2013-03-09',NULL,'2013-03-09 17:26:56',0,0.00000000,NULL,NULL,0,NULL,NULL,0.24000000,0.00000000,0.00000000,0.00000000,2.48000000,2.72000000,0,1,NULL,NULL,NULL,NULL,NULL,1,0,'2013-03-09','This is a comment (private)','This is a comment (public)','',NULL,NULL),(187,'(PROV187)',1,NULL,NULL,0,NULL,NULL,1,'2013-03-09 18:26:56','2013-03-09',NULL,'2013-03-09 17:26:56',0,0.00000000,NULL,NULL,0,NULL,NULL,0.24000000,0.00000000,0.00000000,0.00000000,2.48000000,2.72000000,0,1,NULL,NULL,NULL,NULL,NULL,1,0,'2013-03-09','This is a comment (private)','This is a comment (public)','',NULL,NULL),(206,'(PROV206)',1,NULL,NULL,0,NULL,NULL,1,'2013-03-09 18:34:05','2013-03-09',NULL,'2013-03-09 17:34:05',0,0.00000000,NULL,NULL,0,NULL,NULL,0.24000000,0.00000000,0.00000000,0.00000000,2.48000000,2.72000000,0,1,NULL,NULL,NULL,NULL,NULL,1,0,'2013-03-09','This is a comment (private)','This is a comment (public)','',NULL,NULL),(207,'(PROV207)',1,NULL,NULL,0,NULL,NULL,1,'2013-03-09 18:34:05','2013-03-09',NULL,'2013-03-10 14:45:36',0,0.00000000,NULL,NULL,0,NULL,NULL,0.24000000,0.00000000,0.00000000,0.00000000,2.48000000,2.72000000,0,1,NULL,NULL,NULL,NULL,NULL,1,0,'2013-03-09','This is a comment (private)','This is a comment (public)','generic_invoice_odt:/var/www/dolibarrnew/documents/doctemplates/invoices/template_invoice.odt',NULL,NULL),(208,'FA1303-0017',1,NULL,NULL,0,NULL,NULL,26,'2013-03-10 15:58:11','2013-03-10','2013-03-10','2013-03-10 14:58:34',0,0.00000000,NULL,NULL,0,NULL,NULL,1.25000000,0.00000000,0.00000000,0.00000000,10.00000000,11.25000000,1,1,1,NULL,NULL,NULL,NULL,1,0,'2013-03-10',NULL,NULL,'generic_invoice_odt:/var/www/dolibarrnew/documents/doctemplates/invoices/template_invoice.odt',NULL,NULL),(209,'FA1303-0018',1,NULL,NULL,0,NULL,NULL,19,'2013-03-19 09:37:51','2013-03-19','2013-03-19','2013-03-19 08:38:10',0,0.00000000,NULL,NULL,0,NULL,NULL,-1.25000000,0.00000000,0.00000000,0.00000000,10.00000000,8.75000000,1,1,1,NULL,NULL,NULL,NULL,1,0,'2013-03-19',NULL,NULL,'crabe',NULL,NULL),(210,'FA1107-0019',1,NULL,NULL,0,NULL,NULL,10,'2013-03-20 14:30:11','2011-07-10','2013-03-20','2013-03-20 13:30:11',0,0.00000000,NULL,NULL,0,NULL,NULL,0.00000000,0.00000000,0.00000000,0.00000000,10.00000000,10.00000000,1,1,1,NULL,NULL,NULL,NULL,1,0,'2011-07-10',NULL,NULL,'',NULL,NULL),(211,'FA1303-0020',1,NULL,NULL,0,NULL,NULL,19,'2013-03-22 09:40:10','2013-03-22','2013-03-23','2013-03-23 16:31:13',0,0.00000000,NULL,NULL,0,NULL,NULL,0.60000000,0.00000000,0.00000000,0.40000000,110.00000000,111.00000000,0,1,NULL,NULL,NULL,NULL,NULL,1,0,'2013-03-22',NULL,NULL,'crabe',NULL,NULL),(239,'(PROV239)',1,NULL,NULL,0,NULL,NULL,1,'2014-04-05 16:20:58','2014-04-05',NULL,'2014-04-05 14:20:58',0,0.00000000,NULL,NULL,0,NULL,NULL,0.24000000,0.00000000,0.00000000,0.00000000,2.48000000,2.72000000,0,1,NULL,NULL,NULL,NULL,NULL,1,0,'2014-04-05','This is a comment (private)','This is a comment (public)','',NULL,NULL),(240,'(PROV240)',1,NULL,NULL,0,NULL,NULL,1,'2014-04-05 16:20:58','2014-04-05',NULL,'2014-04-05 14:20:58',0,0.00000000,NULL,NULL,0,NULL,NULL,0.24000000,0.00000000,0.00000000,0.00000000,2.48000000,2.72000000,0,1,NULL,NULL,NULL,NULL,NULL,1,0,'2014-04-05','This is a comment (private)','This is a comment (public)','',NULL,NULL),(278,'(PROV278)',1,NULL,NULL,0,NULL,NULL,1,'2014-04-05 16:22:42','2014-04-05',NULL,'2014-04-05 14:22:42',0,0.00000000,NULL,NULL,0,NULL,NULL,0.24000000,0.00000000,0.00000000,0.00000000,2.48000000,2.72000000,0,1,NULL,NULL,NULL,NULL,NULL,1,0,'2014-04-05','This is a comment (private)','This is a comment (public)','',NULL,NULL),(279,'(PROV279)',1,NULL,NULL,0,NULL,NULL,1,'2014-04-05 16:22:42','2014-04-05',NULL,'2014-04-05 14:22:42',0,0.00000000,NULL,NULL,0,NULL,NULL,0.24000000,0.00000000,0.00000000,0.00000000,2.48000000,2.72000000,0,1,NULL,NULL,NULL,NULL,NULL,1,0,'2014-04-05','This is a comment (private)','This is a comment (public)','',NULL,NULL),(317,'(PROV317)',1,NULL,NULL,0,NULL,NULL,1,'2014-04-05 16:27:28','2014-04-05',NULL,'2014-04-05 14:27:28',0,0.00000000,NULL,NULL,0,NULL,NULL,0.24000000,0.00000000,0.00000000,0.00000000,2.48000000,2.72000000,0,1,NULL,NULL,NULL,NULL,NULL,1,0,'2014-04-05','This is a comment (private)','This is a comment (public)','',NULL,NULL),(318,'(PROV318)',1,NULL,NULL,0,NULL,NULL,1,'2014-04-05 16:27:28','2014-04-05',NULL,'2014-04-05 14:27:28',0,0.00000000,NULL,NULL,0,NULL,NULL,0.24000000,0.00000000,0.00000000,0.00000000,2.48000000,2.72000000,0,1,NULL,NULL,NULL,NULL,NULL,1,0,'2014-04-05','This is a comment (private)','This is a comment (public)','',NULL,NULL);

--
-- Table structure for table `llx_facture_extrafields`
--

CREATE TABLE `llx_facture_extrafields` (
  `rowid` int(11) NOT NULL AUTO_INCREMENT,
  `tms` timestamp NOT NULL DEFAULT CURRENT_TIMESTAMP ON UPDATE CURRENT_TIMESTAMP,
  `fk_object` int(11) NOT NULL,
  `import_key` varchar(14) DEFAULT NULL,
  PRIMARY KEY (`rowid`),
  KEY `idx_facture_extrafields` (`fk_object`)
) ENGINE=InnoDB DEFAULT CHARSET=utf8;

--
-- Dumping data for table `llx_facture_extrafields`
--


--
-- Table structure for table `llx_facture_fourn`
--

CREATE TABLE `llx_facture_fourn` (
  `rowid` int(11) NOT NULL AUTO_INCREMENT,
  `ref` varchar(30) DEFAULT NULL,
  `ref_supplier` varchar(30) DEFAULT NULL,
  `entity` int(11) NOT NULL DEFAULT '1',
  `ref_ext` varchar(30) DEFAULT NULL,
  `type` smallint(6) NOT NULL DEFAULT '0',
  `fk_soc` int(11) NOT NULL,
  `datec` datetime DEFAULT NULL,
  `datef` date DEFAULT NULL,
  `tms` timestamp NOT NULL DEFAULT CURRENT_TIMESTAMP ON UPDATE CURRENT_TIMESTAMP,
  `libelle` varchar(255) DEFAULT NULL,
  `paye` smallint(6) NOT NULL DEFAULT '0',
  `amount` double(24,8) NOT NULL DEFAULT '0.00000000',
  `remise` double(24,8) DEFAULT '0.00000000',
  `close_code` varchar(16) DEFAULT NULL,
  `close_note` varchar(128) DEFAULT NULL,
  `tva` double(24,8) DEFAULT '0.00000000',
  `localtax1` double(24,8) DEFAULT '0.00000000',
  `localtax2` double(24,8) DEFAULT '0.00000000',
  `total` double(24,8) DEFAULT '0.00000000',
  `total_ht` double(24,8) DEFAULT '0.00000000',
  `total_tva` double(24,8) DEFAULT '0.00000000',
  `total_ttc` double(24,8) DEFAULT '0.00000000',
  `fk_statut` smallint(6) NOT NULL DEFAULT '0',
  `fk_user_author` int(11) DEFAULT NULL,
  `fk_user_valid` int(11) DEFAULT NULL,
  `fk_facture_source` int(11) DEFAULT NULL,
  `fk_projet` int(11) DEFAULT NULL,
  `fk_cond_reglement` int(11) DEFAULT NULL,
  `fk_mode_reglement` int(11) DEFAULT NULL,
  `date_lim_reglement` date DEFAULT NULL,
  `note_private` text,
  `note_public` text,
  `model_pdf` varchar(255) DEFAULT NULL,
  `import_key` varchar(14) DEFAULT NULL,
  `extraparams` varchar(255) DEFAULT NULL,
  PRIMARY KEY (`rowid`),
  UNIQUE KEY `uk_facture_fourn_ref_supplier` (`ref_supplier`,`fk_soc`,`entity`),
  UNIQUE KEY `uk_facture_fourn_ref` (`ref`,`entity`),
  KEY `idx_facture_fourn_date_lim_reglement` (`date_lim_reglement`),
  KEY `idx_facture_fourn_fk_soc` (`fk_soc`),
  KEY `idx_facture_fourn_fk_user_author` (`fk_user_author`),
  KEY `idx_facture_fourn_fk_user_valid` (`fk_user_valid`),
  KEY `idx_facture_fourn_fk_projet` (`fk_projet`),
  CONSTRAINT `fk_facture_fourn_fk_projet` FOREIGN KEY (`fk_projet`) REFERENCES `llx_projet` (`rowid`),
  CONSTRAINT `fk_facture_fourn_fk_soc` FOREIGN KEY (`fk_soc`) REFERENCES `llx_societe` (`rowid`),
  CONSTRAINT `fk_facture_fourn_fk_user_author` FOREIGN KEY (`fk_user_author`) REFERENCES `llx_user` (`rowid`),
  CONSTRAINT `fk_facture_fourn_fk_user_valid` FOREIGN KEY (`fk_user_valid`) REFERENCES `llx_user` (`rowid`)
) ENGINE=InnoDB AUTO_INCREMENT=23 DEFAULT CHARSET=utf8;

--
-- Dumping data for table `llx_facture_fourn`
--

INSERT INTO `llx_facture_fourn` VALUES (1,NULL,'aaa',1,NULL,0,17,'2011-08-04 22:21:18','2011-08-04','2012-12-09 19:03:52','',0,0.00000000,0.00000000,NULL,NULL,0.00000000,0.00000000,0.00000000,0.00000000,16.00000000,3.14000000,19.14000000,0,1,NULL,NULL,NULL,1,NULL,NULL,'','',NULL,NULL,NULL),(16,NULL,'FR70813',1,NULL,0,1,'2012-12-19 15:24:11','2003-04-11','2013-02-10 20:55:42','OVH FR70813',0,0.00000000,0.00000000,NULL,NULL,0.00000000,0.00000000,0.00000000,0.00000000,829.00000000,162.48000000,991.48000000,1,1,1,NULL,NULL,1,NULL,'2003-04-11','','',NULL,NULL,NULL),(17,NULL,'FR81385',1,NULL,0,1,'2013-02-13 17:19:35','2003-06-04','2013-02-13 16:19:35','OVH FR81385',0,0.00000000,0.00000000,NULL,NULL,0.00000000,0.00000000,0.00000000,0.00000000,26.00000000,5.10000000,31.10000000,0,1,NULL,NULL,NULL,1,NULL,'2003-06-04','','',NULL,NULL,NULL),(18,NULL,'FR81385',1,NULL,0,2,'2013-02-13 17:20:25','2003-06-04','2013-02-13 16:20:25','OVH FR81385',0,0.00000000,0.00000000,NULL,NULL,0.00000000,0.00000000,0.00000000,0.00000000,26.00000000,5.10000000,31.10000000,0,1,NULL,NULL,NULL,1,NULL,'2003-06-04','','',NULL,NULL,NULL),(19,NULL,'FR813852',1,NULL,0,2,'2013-03-16 17:59:02','2013-03-16','2013-03-16 16:59:11','OVH FR81385',0,0.00000000,0.00000000,NULL,NULL,0.00000000,0.00000000,0.00000000,0.00000000,26.00000000,5.10000000,31.10000000,0,1,NULL,NULL,NULL,1,NULL,NULL,'','',NULL,NULL,NULL);

--
-- Table structure for table `llx_facture_fourn_det`
--

CREATE TABLE `llx_facture_fourn_det` (
  `rowid` int(11) NOT NULL AUTO_INCREMENT,
  `fk_facture_fourn` int(11) NOT NULL,
  `fk_product` int(11) DEFAULT NULL,
  `ref` varchar(50) DEFAULT NULL,
  `label` varchar(255) DEFAULT NULL,
  `description` text,
  `pu_ht` double(24,8) DEFAULT NULL,
  `pu_ttc` double(24,8) DEFAULT NULL,
  `qty` double DEFAULT NULL,
  `remise_percent` double DEFAULT '0',
  `tva_tx` double(6,3) DEFAULT NULL,
  `localtax1_tx` double(6,3) DEFAULT '0.000',
  `localtax1_type` varchar(10) NOT NULL DEFAULT '0',
  `localtax2_tx` double(6,3) DEFAULT '0.000',
  `localtax2_type` varchar(10) NOT NULL DEFAULT '0',
  `total_ht` double(24,8) DEFAULT NULL,
  `tva` double(24,8) DEFAULT NULL,
  `total_localtax1` double(24,8) DEFAULT '0.00000000',
  `total_localtax2` double(24,8) DEFAULT '0.00000000',
  `total_ttc` double(24,8) DEFAULT NULL,
  `product_type` int(11) DEFAULT '0',
  `date_start` datetime DEFAULT NULL,
  `date_end` datetime DEFAULT NULL,
  `info_bits` int(11) NOT NULL DEFAULT '0',
  `import_key` varchar(14) DEFAULT NULL,
  `fk_code_ventilation` int(11) NOT NULL DEFAULT '0',
  PRIMARY KEY (`rowid`),
  KEY `idx_facture_fourn_det_fk_facture` (`fk_facture_fourn`),
  CONSTRAINT `fk_facture_fourn_det_fk_facture` FOREIGN KEY (`fk_facture_fourn`) REFERENCES `llx_facture_fourn` (`rowid`)
) ENGINE=InnoDB AUTO_INCREMENT=68 DEFAULT CHARSET=utf8;

--
-- Dumping data for table `llx_facture_fourn_det`
--

INSERT INTO `llx_facture_fourn_det` VALUES (1,1,NULL,NULL,NULL,'aaa',10.00000000,11.96000000,1.6,0,19.600,0.000,'',0.000,'',16.00000000,3.14000000,0.00000000,0.00000000,19.14000000,0,NULL,NULL,0,NULL,0),(44,16,NULL,NULL,NULL,'<strong>ref :sd.loc.sp.512.6</strong><br>6 mois - Location de SuperPlan avec la connexion 512kbs<br>Du 11/04/2003 &agrave; 11/10/2003',414.00000000,495.14400000,1,0,19.600,0.000,'',0.000,'',414.00000000,81.14000000,0.00000000,0.00000000,495.14000000,0,NULL,NULL,0,NULL,0),(45,16,NULL,NULL,NULL,'<strong>ref :sd.loc.sp.512.6</strong><br>6 mois - Location de SuperPlan avec la connexion 512kbs<br>Du 11/10/2003 &agrave; 11/04/2004',414.00000000,495.14400000,1,0,19.600,0.000,'',0.000,'',414.00000000,81.14000000,0.00000000,0.00000000,495.14000000,0,NULL,NULL,0,NULL,0),(46,16,NULL,NULL,NULL,'<strong>ref :sd.installation.annuel</strong><br>Frais de mise en service d\'un serveur dédié pour un paiement annuel<br>',1.00000000,1.19600000,1,0,19.600,0.000,'',0.000,'',1.00000000,0.20000000,0.00000000,0.00000000,1.20000000,0,NULL,NULL,0,NULL,0),(47,17,NULL,NULL,NULL,'<strong>ref :bk.full250.creation</strong><br>Création du compte backup ftp 250Mo.<br>',1.00000000,1.19600000,1,0,19.600,0.000,'',0.000,'',1.00000000,0.20000000,0.00000000,0.00000000,1.20000000,0,NULL,NULL,0,NULL,0),(48,17,NULL,NULL,NULL,'<strong>ref :bk.full250.12</strong><br>Redevance pour un backup de 250Mo sur 12 mois<br>',25.00000000,29.90000000,1,0,19.600,0.000,'',0.000,'',25.00000000,4.90000000,0.00000000,0.00000000,29.90000000,0,NULL,NULL,0,NULL,0),(49,18,NULL,NULL,NULL,'<strong>ref :bk.full250.creation</strong><br>Création du compte backup ftp 250Mo.<br>',1.00000000,1.19600000,1,0,19.600,0.000,'',0.000,'',1.00000000,0.20000000,0.00000000,0.00000000,1.20000000,0,NULL,NULL,0,NULL,0),(50,18,NULL,NULL,NULL,'<strong>ref :bk.full250.12</strong><br>Redevance pour un backup de 250Mo sur 12 mois<br>',25.00000000,29.90000000,1,0,19.600,0.000,'',0.000,'',25.00000000,4.90000000,0.00000000,0.00000000,29.90000000,0,NULL,NULL,0,NULL,0),(51,19,NULL,NULL,NULL,'<strong>ref :bk.full250.creation</strong><br>Création du compte backup ftp 250Mo.<br>',1.00000000,1.19600000,1,0,19.600,0.000,'0',0.000,'0',1.00000000,0.20000000,0.00000000,0.00000000,1.20000000,0,NULL,NULL,0,NULL,0),(52,19,NULL,NULL,NULL,'<strong>ref :bk.full250.12</strong><br>Redevance pour un backup de 250Mo sur 12 mois<br>',25.00000000,29.90000000,1,0,19.600,0.000,'0',0.000,'0',25.00000000,4.90000000,0.00000000,0.00000000,29.90000000,0,NULL,NULL,0,NULL,0);

--
-- Table structure for table `llx_facture_fourn_extrafields`
--

CREATE TABLE `llx_facture_fourn_extrafields` (
  `rowid` int(11) NOT NULL AUTO_INCREMENT,
  `tms` timestamp NOT NULL DEFAULT CURRENT_TIMESTAMP ON UPDATE CURRENT_TIMESTAMP,
  `fk_object` int(11) NOT NULL,
  `import_key` varchar(14) DEFAULT NULL,
  PRIMARY KEY (`rowid`),
  KEY `idx_facture_fourn_extrafields` (`fk_object`)
) ENGINE=InnoDB DEFAULT CHARSET=latin1;

--
-- Dumping data for table `llx_facture_fourn_extrafields`
--


--
-- Table structure for table `llx_facture_rec`
--

CREATE TABLE `llx_facture_rec` (
  `rowid` int(11) NOT NULL AUTO_INCREMENT,
  `titre` varchar(50) NOT NULL,
  `entity` int(11) NOT NULL DEFAULT '1',
  `fk_soc` int(11) NOT NULL,
  `datec` datetime DEFAULT NULL,
  `amount` double(24,8) NOT NULL DEFAULT '0.00000000',
  `remise` double DEFAULT '0',
  `remise_percent` double DEFAULT '0',
  `remise_absolue` double DEFAULT '0',
  `tva` double(24,8) DEFAULT '0.00000000',
  `localtax1` double(24,8) DEFAULT '0.00000000',
  `localtax2` double(24,8) DEFAULT '0.00000000',
  `total` double(24,8) DEFAULT '0.00000000',
  `total_ttc` double(24,8) DEFAULT '0.00000000',
  `fk_user_author` int(11) DEFAULT NULL,
  `fk_projet` int(11) DEFAULT NULL,
  `fk_cond_reglement` int(11) DEFAULT '0',
  `fk_mode_reglement` int(11) DEFAULT '0',
  `date_lim_reglement` date DEFAULT NULL,
  `note_private` text,
  `note_public` text,
  `last_gen` varchar(7) DEFAULT NULL,
  `unit_frequency` varchar(2) DEFAULT 'd',
  `date_when` datetime DEFAULT NULL,
  `date_last_gen` datetime DEFAULT NULL,
  `nb_gen_done` int(11) DEFAULT NULL,
  `nb_gen_max` int(11) DEFAULT NULL,
  `frequency` int(11) DEFAULT NULL,
  `usenewprice` int(11) DEFAULT NULL,
  PRIMARY KEY (`rowid`),
  UNIQUE KEY `idx_facture_rec_uk_titre` (`titre`,`entity`),
  KEY `idx_facture_rec_fk_soc` (`fk_soc`),
  KEY `idx_facture_rec_fk_user_author` (`fk_user_author`),
  KEY `idx_facture_rec_fk_projet` (`fk_projet`),
  CONSTRAINT `fk_facture_rec_fk_projet` FOREIGN KEY (`fk_projet`) REFERENCES `llx_projet` (`rowid`),
  CONSTRAINT `fk_facture_rec_fk_soc` FOREIGN KEY (`fk_soc`) REFERENCES `llx_societe` (`rowid`),
  CONSTRAINT `fk_facture_rec_fk_user_author` FOREIGN KEY (`fk_user_author`) REFERENCES `llx_user` (`rowid`)
) ENGINE=InnoDB AUTO_INCREMENT=4 DEFAULT CHARSET=utf8;

--
-- Dumping data for table `llx_facture_rec`
--


--
-- Table structure for table `llx_facturedet`
--

CREATE TABLE `llx_facturedet` (
  `rowid` int(11) NOT NULL AUTO_INCREMENT,
  `fk_facture` int(11) NOT NULL,
  `fk_parent_line` int(11) DEFAULT NULL,
  `fk_product` int(11) DEFAULT NULL,
  `label` varchar(255) DEFAULT NULL,
  `description` text,
  `tva_tx` double(6,3) DEFAULT NULL,
  `localtax1_tx` double(6,3) DEFAULT '0.000',
  `localtax1_type` varchar(10) NOT NULL DEFAULT '0',
  `localtax2_tx` double(6,3) DEFAULT '0.000',
  `localtax2_type` varchar(10) NOT NULL DEFAULT '0',
  `qty` double DEFAULT NULL,
  `remise_percent` double DEFAULT '0',
  `remise` double DEFAULT '0',
  `fk_remise_except` int(11) DEFAULT NULL,
  `subprice` double(24,8) DEFAULT NULL,
  `price` double(24,8) DEFAULT NULL,
  `total_ht` double(24,8) DEFAULT NULL,
  `total_tva` double(24,8) DEFAULT NULL,
  `total_localtax1` double(24,8) DEFAULT '0.00000000',
  `total_localtax2` double(24,8) DEFAULT '0.00000000',
  `total_ttc` double(24,8) DEFAULT NULL,
  `product_type` int(11) DEFAULT '0',
  `date_start` datetime DEFAULT NULL,
  `date_end` datetime DEFAULT NULL,
  `info_bits` int(11) DEFAULT '0',
  `fk_product_fournisseur_price` int(11) DEFAULT NULL,
  `buy_price_ht` double(24,8) DEFAULT '0.00000000',
  `fk_code_ventilation` int(11) NOT NULL DEFAULT '0',
  `special_code` int(10) unsigned DEFAULT '0',
  `rang` int(11) DEFAULT '0',
  `import_key` varchar(14) DEFAULT NULL,
  PRIMARY KEY (`rowid`),
  UNIQUE KEY `uk_fk_remise_except` (`fk_remise_except`,`fk_facture`),
  KEY `idx_facturedet_fk_facture` (`fk_facture`),
  KEY `idx_facturedet_fk_product` (`fk_product`),
  CONSTRAINT `fk_facturedet_fk_facture` FOREIGN KEY (`fk_facture`) REFERENCES `llx_facture` (`rowid`)
) ENGINE=InnoDB AUTO_INCREMENT=1622 DEFAULT CHARSET=utf8;

--
-- Dumping data for table `llx_facturedet`
--

INSERT INTO `llx_facturedet` VALUES (1,1,NULL,4,NULL,'',0.000,0.000,'',0.000,'',2,0,0,NULL,0.01000000,0.01000000,0.02000000,0.00000000,0.00000000,0.00000000,0.02000000,0,NULL,NULL,0,NULL,0.00000000,0,0,1,NULL),(3,2,NULL,3,NULL,'Service S1',0.000,0.000,'',0.000,'',1,10,4,NULL,40.00000000,36.00000000,36.00000000,0.00000000,0.00000000,0.00000000,36.00000000,1,'2010-07-10 00:00:00',NULL,0,NULL,0.00000000,0,0,2,NULL),(4,2,NULL,NULL,NULL,'Abonnement annuel assurance',1.000,0.000,'',0.000,'',1,0,0,NULL,10.00000000,10.00000000,10.00000000,0.10000000,0.00000000,0.00000000,10.10000000,0,'2010-07-10 00:00:00','2011-07-10 00:00:00',0,NULL,0.00000000,0,0,3,NULL),(11,3,NULL,4,NULL,'afsdfsdfsdfsdf',0.000,0.000,'',0.000,'',1,0,0,NULL,5.00000000,5.00000000,5.00000000,0.00000000,0.00000000,0.00000000,5.00000000,0,NULL,NULL,0,NULL,0.00000000,0,0,0,NULL),(12,3,NULL,NULL,NULL,'dfdfd',0.000,0.000,'',0.000,'',1,0,0,NULL,10.00000000,10.00000000,10.00000000,0.00000000,0.00000000,0.00000000,10.00000000,0,NULL,NULL,0,NULL,0.00000000,0,0,2,NULL),(13,5,NULL,4,NULL,'Decapsuleur',12.500,0.000,'',0.000,'',1,0,0,NULL,5.00000000,5.00000000,5.00000000,0.63000000,0.00000000,0.00000000,5.63000000,0,NULL,NULL,0,NULL,0.00000000,0,0,0,NULL),(14,6,NULL,4,NULL,'Decapsuleur',19.600,0.000,'',0.000,'',1,0,0,NULL,5.00000000,5.00000000,5.00000000,0.98000000,0.00000000,0.00000000,5.98000000,0,NULL,NULL,0,NULL,0.00000000,0,0,0,NULL),(21,8,NULL,NULL,NULL,'dddd',0.000,0.000,'',0.000,'',1,0,0,NULL,10.00000000,10.00000000,10.00000000,0.00000000,0.00000000,0.00000000,10.00000000,0,NULL,NULL,0,NULL,0.00000000,0,0,1,NULL),(22,9,NULL,NULL,NULL,'ggg',19.600,0.000,'',0.000,'',1,0,0,NULL,10.00000000,10.00000000,10.00000000,1.96000000,0.00000000,0.00000000,11.96000000,0,NULL,NULL,0,NULL,0.00000000,0,0,1,NULL),(23,10,NULL,4,NULL,'',12.500,0.000,'',0.000,'',1,0,0,NULL,-5.00000000,NULL,-5.00000000,-0.63000000,0.00000000,0.00000000,-5.63000000,0,NULL,NULL,0,NULL,12.00000000,0,0,1,NULL),(24,10,NULL,1,NULL,'A beatifull pink dress\r\nlkm',0.000,0.000,'',0.000,'',1,0,0,NULL,-6.00000000,NULL,-6.00000000,0.00000000,0.00000000,0.00000000,-6.00000000,0,NULL,NULL,0,0,0.00000000,0,0,2,NULL),(25,11,NULL,4,NULL,'jljk',12.500,0.000,'',0.000,'',1,0,0,NULL,5.00000000,NULL,5.00000000,0.63000000,0.00000000,0.00000000,5.63000000,0,NULL,NULL,0,NULL,0.00000000,0,0,1,NULL),(26,12,NULL,1,NULL,'A beatifull pink dress\r\nhfghf',0.000,0.000,'',0.000,'',1,0,0,NULL,-5.00000000,NULL,-5.00000000,0.00000000,0.00000000,0.00000000,-5.00000000,0,NULL,NULL,0,0,0.00000000,0,0,1,NULL),(27,13,NULL,NULL,NULL,'gdfgdf',19.600,0.000,'',0.000,'',1.4,0,0,NULL,10.00000000,NULL,14.00000000,2.74000000,0.00000000,0.00000000,16.74000000,0,NULL,NULL,0,NULL,0.00000000,0,0,1,NULL),(137,33,NULL,NULL,NULL,'Desc',10.000,0.000,'',0.000,'',1,0,0,NULL,1.24000000,NULL,1.24000000,0.12000000,0.00000000,0.00000000,1.36000000,0,NULL,NULL,0,NULL,0.00000000,0,0,1,NULL),(138,33,NULL,NULL,NULL,'Desc',10.000,0.000,'',0.000,'',1,0,0,NULL,1.24000000,NULL,1.24000000,0.12000000,0.00000000,0.00000000,1.36000000,0,NULL,NULL,0,NULL,0.00000000,0,0,2,NULL),(256,55,NULL,NULL,NULL,'Desc',10.000,0.000,'',0.000,'',1,0,0,NULL,1.24000000,NULL,1.24000000,0.12000000,0.00000000,0.00000000,1.36000000,0,NULL,NULL,0,NULL,0.00000000,0,0,1,NULL),(257,55,NULL,NULL,NULL,'Desc',10.000,0.000,'',0.000,'',1,0,0,NULL,1.24000000,NULL,1.24000000,0.12000000,0.00000000,0.00000000,1.36000000,0,NULL,NULL,0,NULL,0.00000000,0,0,2,NULL),(258,56,NULL,NULL,NULL,'Desc',10.000,0.000,'',0.000,'',1,0,0,NULL,1.24000000,NULL,1.24000000,0.12000000,0.00000000,0.00000000,1.36000000,0,NULL,NULL,0,NULL,0.00000000,0,0,1,NULL),(259,56,NULL,NULL,NULL,'Desc',10.000,0.000,'',0.000,'',1,0,0,NULL,1.24000000,NULL,1.24000000,0.12000000,0.00000000,0.00000000,1.36000000,0,NULL,NULL,0,NULL,0.00000000,0,0,2,NULL),(377,78,NULL,NULL,NULL,'Desc',10.000,0.000,'',0.000,'',1,0,0,NULL,1.24000000,NULL,1.24000000,0.12000000,0.00000000,0.00000000,1.36000000,0,NULL,NULL,0,NULL,0.00000000,0,0,1,NULL),(378,78,NULL,NULL,NULL,'Desc',10.000,0.000,'',0.000,'',1,0,0,NULL,1.24000000,NULL,1.24000000,0.12000000,0.00000000,0.00000000,1.36000000,0,NULL,NULL,0,NULL,0.00000000,0,0,2,NULL),(385,79,NULL,NULL,NULL,'hfghfg',10.000,1.400,'',-15.000,'',1,0,0,NULL,10.00000000,NULL,10.00000000,1.00000000,0.14000000,-1.50000000,9.64000000,0,NULL,NULL,0,NULL,0.00000000,0,0,1,NULL),(386,79,NULL,NULL,NULL,'gdfg',15.000,0.000,'',0.000,'',1,0,0,NULL,10.00000000,NULL,10.00000000,1.50000000,0.00000000,0.00000000,11.50000000,0,NULL,NULL,0,NULL,0.00000000,0,0,2,NULL),(387,79,NULL,NULL,NULL,'fdsf',21.000,5.200,'',-15.000,'',1,0,0,NULL,10.00000000,NULL,10.00000000,2.10000000,0.52000000,-1.50000000,11.12000000,0,NULL,NULL,0,NULL,0.00000000,0,0,3,NULL),(388,79,NULL,NULL,NULL,'ghfgh',15.000,0.000,'',0.000,'',1,0,0,NULL,10.00000000,NULL,10.00000000,1.50000000,0.00000000,0.00000000,11.50000000,0,NULL,NULL,0,NULL,0.00000000,0,0,4,NULL),(389,79,NULL,NULL,NULL,'ghfgh',15.000,0.000,'',0.000,'',1,0,0,NULL,10.00000000,NULL,10.00000000,1.50000000,0.00000000,0.00000000,11.50000000,0,NULL,NULL,0,NULL,0.00000000,0,0,5,NULL),(618,121,NULL,NULL,NULL,'Desc',10.000,0.000,'',0.000,'',1,0,0,NULL,1.24000000,NULL,1.24000000,0.12000000,0.00000000,0.00000000,1.36000000,0,NULL,NULL,0,NULL,0.00000000,0,0,1,NULL),(619,121,NULL,NULL,NULL,'Desc',10.000,0.000,'',0.000,'',1,0,0,NULL,1.24000000,NULL,1.24000000,0.12000000,0.00000000,0.00000000,1.36000000,0,NULL,NULL,0,NULL,0.00000000,0,0,2,NULL),(620,122,NULL,NULL,NULL,'Desc',10.000,0.000,'',0.000,'',1,0,0,NULL,1.24000000,NULL,1.24000000,0.12000000,0.00000000,0.00000000,1.36000000,0,NULL,NULL,0,NULL,0.00000000,0,0,1,NULL),(621,122,NULL,NULL,NULL,'Desc',10.000,0.000,'',0.000,'',1,0,0,NULL,1.24000000,NULL,1.24000000,0.12000000,0.00000000,0.00000000,1.36000000,0,NULL,NULL,0,NULL,0.00000000,0,0,2,NULL),(749,146,NULL,NULL,NULL,'Desc',10.000,0.000,'',0.000,'',1,0,0,NULL,1.24000000,NULL,1.24000000,0.12000000,0.00000000,0.00000000,1.36000000,0,NULL,NULL,0,NULL,0.00000000,0,0,1,NULL),(750,146,NULL,NULL,NULL,'Desc',10.000,0.000,'',0.000,'',1,0,0,NULL,1.24000000,NULL,1.24000000,0.12000000,0.00000000,0.00000000,1.36000000,0,NULL,NULL,0,NULL,0.00000000,0,0,2,NULL),(751,147,NULL,NULL,NULL,'Desc',10.000,0.000,'',0.000,'',1,0,0,NULL,1.24000000,NULL,1.24000000,0.12000000,0.00000000,0.00000000,1.36000000,0,NULL,NULL,0,NULL,0.00000000,0,0,1,NULL),(752,147,NULL,NULL,NULL,'Desc',10.000,0.000,'',0.000,'',1,0,0,NULL,1.24000000,NULL,1.24000000,0.12000000,0.00000000,0.00000000,1.36000000,0,NULL,NULL,0,NULL,0.00000000,0,0,2,NULL),(753,13,NULL,2,NULL,'(Pays d\'origine: Albanie)',0.000,0.000,'',0.000,'',1,0,0,NULL,0.00000000,NULL,0.00000000,0.00000000,0.00000000,0.00000000,0.00000000,0,NULL,NULL,0,0,0.00000000,0,0,2,NULL),(754,148,NULL,11,NULL,'hfghf',0.000,0.000,'',0.000,'',1,0,0,NULL,0.00000000,NULL,0.00000000,0.00000000,0.00000000,0.00000000,0.00000000,0,NULL,NULL,0,NULL,0.00000000,0,0,1,NULL),(755,148,NULL,4,NULL,'Decapsuleur',12.500,0.000,'',0.000,'',1,0,0,NULL,5.00000000,NULL,5.00000000,0.63000000,0.00000000,0.00000000,5.63000000,0,NULL,NULL,0,NULL,0.00000000,0,0,2,NULL),(756,149,NULL,5,NULL,'aaaa',19.600,0.000,'',0.000,'',1,0,0,NULL,10.00000000,NULL,10.00000000,1.96000000,0.00000000,0.00000000,11.96000000,0,NULL,NULL,0,NULL,0.00000000,0,0,1,NULL),(757,150,NULL,2,NULL,'Product P1',12.500,0.000,'',0.000,'',1,0,0,NULL,0.00000000,NULL,0.00000000,0.00000000,0.00000000,0.00000000,0.00000000,0,NULL,NULL,0,NULL,0.00000000,0,0,1,NULL),(758,151,NULL,2,NULL,'Product P1',12.500,0.000,'',0.000,'',1,0,0,NULL,0.00000000,NULL,0.00000000,0.00000000,0.00000000,0.00000000,0.00000000,0,NULL,NULL,0,NULL,0.00000000,0,0,1,NULL),(759,152,NULL,NULL,NULL,'gdfgfd',19.600,0.000,'',0.000,'',1,0,0,NULL,10.00000000,NULL,10.00000000,1.96000000,0.00000000,0.00000000,11.96000000,0,NULL,NULL,0,NULL,0.00000000,0,0,1,NULL),(760,153,NULL,NULL,NULL,'gfdgdf',0.000,0.000,'',0.000,'',1,0,0,NULL,10.00000000,NULL,10.00000000,0.00000000,0.00000000,0.00000000,10.00000000,0,NULL,NULL,0,NULL,0.00000000,0,0,1,NULL),(761,154,NULL,NULL,NULL,'',0.000,0.000,'',0.000,'',1,0,0,NULL,10.00000000,NULL,10.00000000,0.00000000,0.00000000,0.00000000,10.00000000,0,NULL,NULL,0,NULL,0.00000000,0,0,0,NULL),(762,155,NULL,NULL,NULL,'',0.000,0.000,'',0.000,'',1,0,0,NULL,10.00000000,NULL,10.00000000,0.00000000,0.00000000,0.00000000,10.00000000,0,NULL,NULL,0,NULL,0.00000000,0,0,0,NULL),(763,156,NULL,NULL,NULL,'gfdgdf',0.000,0.000,'',0.000,'',1,0,0,NULL,10.00000000,NULL,10.00000000,0.00000000,0.00000000,0.00000000,10.00000000,0,NULL,NULL,0,NULL,0.00000000,0,0,0,NULL),(764,157,NULL,NULL,NULL,'gfdg',19.600,0.000,'',0.000,'',1,0,0,NULL,10.00000000,NULL,10.00000000,1.96000000,0.00000000,0.00000000,11.96000000,0,NULL,NULL,0,NULL,0.00000000,0,0,0,NULL),(765,157,NULL,4,NULL,'Decapsuleur',12.500,0.000,'',0.000,'',1,0,0,NULL,5.00000000,NULL,5.00000000,0.63000000,0.00000000,0.00000000,5.63000000,0,NULL,NULL,0,NULL,0.00000000,0,0,0,NULL),(766,157,NULL,4,NULL,'eeee',12.500,0.000,'',0.000,'',1,0,0,NULL,5.00000000,NULL,5.00000000,0.63000000,0.00000000,0.00000000,5.63000000,0,NULL,NULL,0,NULL,0.00000000,0,0,0,NULL),(768,32,NULL,NULL,NULL,'mlml',18.000,0.000,'',0.000,'',1,0,0,NULL,100.00000000,NULL,100.00000000,18.00000000,0.00000000,0.00000000,118.00000000,0,NULL,NULL,0,NULL,0.00000000,0,0,3,NULL),(769,32,NULL,NULL,NULL,'mlkml',18.000,0.000,'',0.000,'',1,0,0,NULL,400.00000000,NULL,400.00000000,72.00000000,0.00000000,0.00000000,472.00000000,0,NULL,NULL,0,NULL,0.00000000,0,0,4,NULL),(770,158,NULL,NULL,NULL,'Adhésion/cotisation 2013',0.000,0.000,'',0.000,'',1,0,0,NULL,10.00000000,NULL,10.00000000,0.00000000,0.00000000,0.00000000,10.00000000,1,'2013-07-18 00:00:00','2014-07-17 00:00:00',0,NULL,0.00000000,0,0,1,NULL),(771,159,NULL,NULL,NULL,'Adhésion/cotisation 2014',0.000,0.000,'',0.000,'',1,0,0,NULL,11.00000000,NULL,11.00000000,0.00000000,0.00000000,0.00000000,11.00000000,1,'2014-07-18 00:00:00','2015-07-17 00:00:00',0,NULL,0.00000000,0,0,1,NULL),(772,160,NULL,NULL,NULL,'Adhésion/cotisation 2015',12.500,0.000,'',0.000,'',1,0,0,NULL,8.88889000,NULL,8.89000000,1.11000000,0.00000000,0.00000000,10.00000000,1,'2015-07-18 00:00:00','2016-07-17 00:00:00',0,NULL,0.00000000,0,0,1,NULL),(773,161,NULL,NULL,NULL,'Adhésion/cotisation 2016',12.500,0.000,'',0.000,'',1,0,0,NULL,17.77778000,NULL,17.78000000,2.22000000,0.00000000,0.00000000,20.00000000,1,'2016-07-18 00:00:00','2017-07-17 00:00:00',0,NULL,0.00000000,0,0,1,NULL),(774,162,NULL,NULL,NULL,'fdsfs',0.000,0.000,'',0.000,'',1,0,0,NULL,10.00000000,NULL,10.00000000,0.00000000,0.00000000,0.00000000,10.00000000,0,NULL,NULL,0,NULL,0.00000000,0,0,3,NULL),(775,162,NULL,NULL,NULL,'fsdfsf',0.000,0.000,'',0.000,'',1,0,0,1,-5.00000000,NULL,-5.00000000,0.00000000,0.00000000,0.00000000,-5.00000000,0,NULL,NULL,2,NULL,0.00000000,0,0,1,NULL),(776,32,NULL,NULL,NULL,'fsdfsdfds',0.000,0.000,'0',0.000,'0',1,0,0,NULL,10.00000000,NULL,10.00000000,0.00000000,0.00000000,0.00000000,10.00000000,0,NULL,NULL,0,NULL,0.00000000,0,0,5,NULL),(777,32,NULL,NULL,NULL,'fsdfsdfds',0.000,0.000,'0',0.000,'0',1,0,0,NULL,10.00000000,NULL,10.00000000,0.00000000,0.00000000,0.00000000,10.00000000,0,NULL,NULL,0,NULL,0.00000000,0,0,6,NULL),(779,32,NULL,NULL,NULL,'fsdfds',0.000,0.000,'0',0.000,'0',0,0,0,NULL,0.00000000,NULL,0.00000000,0.00000000,0.00000000,0.00000000,0.00000000,9,NULL,NULL,0,0,0.00000000,0,0,2,NULL),(780,32,NULL,NULL,NULL,'ffsdf',0.000,0.000,'0',0.000,'0',0,0,0,NULL,0.00000000,NULL,0.00000000,0.00000000,0.00000000,0.00000000,0.00000000,9,NULL,NULL,0,NULL,0.00000000,0,1790,1,NULL),(781,162,NULL,NULL,NULL,'hh',0.000,0.000,'0',0.000,'0',0,0,0,NULL,0.00000000,NULL,0.00000000,0.00000000,0.00000000,0.00000000,0.00000000,9,NULL,NULL,0,NULL,0.00000000,0,1790,2,NULL),(899,184,NULL,NULL,NULL,'Desc',10.000,0.000,'0',0.000,'0',1,0,0,NULL,1.24000000,NULL,1.24000000,0.12000000,0.00000000,0.00000000,1.36000000,0,NULL,NULL,0,NULL,0.00000000,0,0,1,NULL),(900,184,NULL,NULL,NULL,'Desc',10.000,0.000,'0',0.000,'0',1,0,0,NULL,1.24000000,NULL,1.24000000,0.12000000,0.00000000,0.00000000,1.36000000,0,NULL,NULL,0,NULL,0.00000000,0,0,2,NULL),(901,185,NULL,NULL,NULL,'Desc',10.000,0.000,'0',0.000,'0',1,0,0,NULL,1.24000000,NULL,1.24000000,0.12000000,0.00000000,0.00000000,1.36000000,0,NULL,NULL,0,NULL,0.00000000,0,0,1,NULL),(902,185,NULL,NULL,NULL,'Desc',10.000,0.000,'0',0.000,'0',1,0,0,NULL,1.24000000,NULL,1.24000000,0.12000000,0.00000000,0.00000000,1.36000000,0,NULL,NULL,0,NULL,0.00000000,0,0,2,NULL),(903,186,NULL,NULL,NULL,'Desc',10.000,0.000,'0',0.000,'0',1,0,0,NULL,1.24000000,NULL,1.24000000,0.12000000,0.00000000,0.00000000,1.36000000,0,NULL,NULL,0,NULL,0.00000000,0,0,1,NULL),(904,186,NULL,NULL,NULL,'Desc',10.000,0.000,'0',0.000,'0',1,0,0,NULL,1.24000000,NULL,1.24000000,0.12000000,0.00000000,0.00000000,1.36000000,0,NULL,NULL,0,NULL,0.00000000,0,0,2,NULL),(905,187,NULL,NULL,NULL,'Desc',10.000,0.000,'0',0.000,'0',1,0,0,NULL,1.24000000,NULL,1.24000000,0.12000000,0.00000000,0.00000000,1.36000000,0,NULL,NULL,0,NULL,0.00000000,0,0,1,NULL),(906,187,NULL,NULL,NULL,'Desc',10.000,0.000,'0',0.000,'0',1,0,0,NULL,1.24000000,NULL,1.24000000,0.12000000,0.00000000,0.00000000,1.36000000,0,NULL,NULL,0,NULL,0.00000000,0,0,2,NULL),(1014,206,NULL,NULL,NULL,'Desc',10.000,0.000,'0',0.000,'0',1,0,0,NULL,1.24000000,NULL,1.24000000,0.12000000,0.00000000,0.00000000,1.36000000,0,NULL,NULL,0,NULL,0.00000000,0,0,1,NULL),(1015,206,NULL,NULL,NULL,'Desc',10.000,0.000,'0',0.000,'0',1,0,0,NULL,1.24000000,NULL,1.24000000,0.12000000,0.00000000,0.00000000,1.36000000,0,NULL,NULL,0,NULL,0.00000000,0,0,2,NULL),(1016,207,NULL,NULL,NULL,'Desc',10.000,0.000,'0',0.000,'0',1,0,0,NULL,1.24000000,NULL,1.24000000,0.12000000,0.00000000,0.00000000,1.36000000,0,NULL,NULL,0,NULL,0.00000000,0,0,1,NULL),(1017,207,NULL,NULL,NULL,'Desc',10.000,0.000,'0',0.000,'0',1,0,0,NULL,1.24000000,NULL,1.24000000,0.12000000,0.00000000,0.00000000,1.36000000,0,NULL,NULL,0,NULL,0.00000000,0,0,2,NULL),(1018,208,NULL,NULL,NULL,'ggdfg',12.500,0.000,'0',0.000,'0',1,0,0,NULL,10.00000000,NULL,10.00000000,1.25000000,0.00000000,0.00000000,11.25000000,0,NULL,NULL,0,NULL,0.00000000,0,0,1,NULL),(1019,209,NULL,NULL,NULL,'hfghgf',12.500,0.000,'0',0.000,'0',1,0,0,2,-10.00000000,NULL,-10.00000000,-1.25000000,0.00000000,0.00000000,-11.25000000,0,NULL,NULL,2,NULL,0.00000000,0,0,-1,NULL),(1020,209,NULL,NULL,NULL,'fsdfsd',0.000,0.000,'0',0.000,'0',1,0,0,NULL,10.00000000,NULL,10.00000000,0.00000000,0.00000000,0.00000000,10.00000000,0,NULL,NULL,0,NULL,0.00000000,0,0,0,NULL),(1021,209,NULL,NULL,NULL,'hfg',0.000,0.000,'0',0.000,'0',1,0,0,NULL,10.00000000,NULL,10.00000000,0.00000000,0.00000000,0.00000000,10.00000000,0,NULL,NULL,0,NULL,0.00000000,0,0,1,NULL),(1022,210,NULL,NULL,NULL,'Adhésion/cotisation 2011',0.000,0.000,'0',0.000,'0',1,0,0,NULL,10.00000000,NULL,10.00000000,0.00000000,0.00000000,0.00000000,10.00000000,1,'2011-07-10 00:00:00','2012-07-09 00:00:00',0,NULL,0.00000000,0,0,1,NULL),(1023,211,NULL,NULL,NULL,'gfdg',6.000,0.000,'0',0.000,'0',1,0,0,NULL,10.00000000,NULL,10.00000000,0.60000000,0.00000000,0.00000000,10.60000000,0,NULL,NULL,0,0,0.00000000,0,0,1,NULL),(1024,211,NULL,1,NULL,'A beatifull pink dress\nghkhgj',0.000,0.000,'0',0.000,'0',1,0,0,NULL,100.00000000,NULL,100.00000000,0.00000000,0.00000000,0.00000000,100.00000000,0,NULL,NULL,0,NULL,0.00000000,0,0,2,NULL),(1186,239,NULL,NULL,NULL,'Desc',10.000,0.000,'3',0.000,'1',1,0,0,NULL,1.24000000,NULL,1.24000000,0.12000000,0.00000000,0.00000000,1.36000000,0,NULL,NULL,0,NULL,0.00000000,0,0,1,NULL),(1187,239,NULL,NULL,NULL,'Desc',10.000,0.000,'3',0.000,'1',1,0,0,NULL,1.24000000,NULL,1.24000000,0.12000000,0.00000000,0.00000000,1.36000000,0,NULL,NULL,0,NULL,0.00000000,0,0,2,NULL),(1188,240,NULL,NULL,NULL,'Desc',10.000,0.000,'3',0.000,'1',1,0,0,NULL,1.24000000,NULL,1.24000000,0.12000000,0.00000000,0.00000000,1.36000000,0,NULL,NULL,0,NULL,0.00000000,0,0,1,NULL),(1189,240,NULL,NULL,NULL,'Desc',10.000,0.000,'3',0.000,'1',1,0,0,NULL,1.24000000,NULL,1.24000000,0.12000000,0.00000000,0.00000000,1.36000000,0,NULL,NULL,0,NULL,0.00000000,0,0,2,NULL),(1385,278,NULL,NULL,NULL,'Desc',10.000,0.000,'3',0.000,'1',1,0,0,NULL,1.24000000,NULL,1.24000000,0.12000000,0.00000000,0.00000000,1.36000000,0,NULL,NULL,0,NULL,0.00000000,0,0,1,NULL),(1386,278,NULL,NULL,NULL,'Desc',10.000,0.000,'3',0.000,'1',1,0,0,NULL,1.24000000,NULL,1.24000000,0.12000000,0.00000000,0.00000000,1.36000000,0,NULL,NULL,0,NULL,0.00000000,0,0,2,NULL),(1387,279,NULL,NULL,NULL,'Desc',10.000,0.000,'3',0.000,'1',1,0,0,NULL,1.24000000,NULL,1.24000000,0.12000000,0.00000000,0.00000000,1.36000000,0,NULL,NULL,0,NULL,0.00000000,0,0,1,NULL),(1388,279,NULL,NULL,NULL,'Desc',10.000,0.000,'3',0.000,'1',1,0,0,NULL,1.24000000,NULL,1.24000000,0.12000000,0.00000000,0.00000000,1.36000000,0,NULL,NULL,0,NULL,0.00000000,0,0,2,NULL),(1584,317,NULL,NULL,NULL,'Desc',10.000,0.000,'3',0.000,'1',1,0,0,NULL,1.24000000,NULL,1.24000000,0.12000000,0.00000000,0.00000000,1.36000000,0,NULL,NULL,0,NULL,0.00000000,0,0,1,NULL),(1585,317,NULL,NULL,NULL,'Desc',10.000,0.000,'3',0.000,'1',1,0,0,NULL,1.24000000,NULL,1.24000000,0.12000000,0.00000000,0.00000000,1.36000000,0,NULL,NULL,0,NULL,0.00000000,0,0,2,NULL),(1586,318,NULL,NULL,NULL,'Desc',10.000,0.000,'3',0.000,'1',1,0,0,NULL,1.24000000,NULL,1.24000000,0.12000000,0.00000000,0.00000000,1.36000000,0,NULL,NULL,0,NULL,0.00000000,0,0,1,NULL),(1587,318,NULL,NULL,NULL,'Desc',10.000,0.000,'3',0.000,'1',1,0,0,NULL,1.24000000,NULL,1.24000000,0.12000000,0.00000000,0.00000000,1.36000000,0,NULL,NULL,0,NULL,0.00000000,0,0,2,NULL);

--
-- Table structure for table `llx_facturedet_extrafields`
--

CREATE TABLE `llx_facturedet_extrafields` (
  `rowid` int(11) NOT NULL AUTO_INCREMENT,
  `tms` timestamp NOT NULL DEFAULT CURRENT_TIMESTAMP ON UPDATE CURRENT_TIMESTAMP,
  `fk_object` int(11) NOT NULL,
  `import_key` varchar(14) DEFAULT NULL,
  PRIMARY KEY (`rowid`),
  KEY `idx_facturedet_extrafields` (`fk_object`)
) ENGINE=InnoDB DEFAULT CHARSET=latin1;

--
-- Dumping data for table `llx_facturedet_extrafields`
--


--
-- Table structure for table `llx_facturedet_rec`
--

CREATE TABLE `llx_facturedet_rec` (
  `rowid` int(11) NOT NULL AUTO_INCREMENT,
  `fk_facture` int(11) NOT NULL,
  `fk_parent_line` int(11) DEFAULT NULL,
  `fk_product` int(11) DEFAULT NULL,
  `product_type` int(11) DEFAULT '0',
  `label` varchar(255) DEFAULT NULL,
  `description` text,
  `tva_tx` double(6,3) DEFAULT NULL,
  `localtax1_tx` double(6,3) DEFAULT '0.000',
  `localtax1_type` varchar(10) NOT NULL DEFAULT '0',
  `localtax2_tx` double(6,3) DEFAULT '0.000',
  `localtax2_type` varchar(10) NOT NULL DEFAULT '0',
  `qty` double DEFAULT NULL,
  `remise_percent` double DEFAULT '0',
  `remise` double DEFAULT '0',
  `subprice` double(24,8) DEFAULT NULL,
  `price` double(24,8) DEFAULT NULL,
  `total_ht` double(24,8) DEFAULT NULL,
  `total_tva` double(24,8) DEFAULT NULL,
  `total_localtax1` double(24,8) DEFAULT '0.00000000',
  `total_localtax2` double(24,8) DEFAULT '0.00000000',
  `total_ttc` double(24,8) DEFAULT NULL,
  `info_bits` int(11) DEFAULT '0',
  `special_code` int(10) unsigned DEFAULT '0',
  `rang` int(11) DEFAULT '0',
  PRIMARY KEY (`rowid`)
) ENGINE=InnoDB AUTO_INCREMENT=19 DEFAULT CHARSET=utf8;

--
-- Dumping data for table `llx_facturedet_rec`
--


--
-- Table structure for table `llx_fichinter`
--

CREATE TABLE `llx_fichinter` (
  `rowid` int(11) NOT NULL AUTO_INCREMENT,
  `fk_soc` int(11) NOT NULL,
  `fk_projet` int(11) DEFAULT '0',
  `fk_contrat` int(11) DEFAULT '0',
  `ref` varchar(30) NOT NULL,
  `entity` int(11) NOT NULL DEFAULT '1',
  `tms` timestamp NOT NULL DEFAULT CURRENT_TIMESTAMP ON UPDATE CURRENT_TIMESTAMP,
  `datec` datetime DEFAULT NULL,
  `date_valid` datetime DEFAULT NULL,
  `datei` date DEFAULT NULL,
  `fk_user_author` int(11) DEFAULT NULL,
  `fk_user_valid` int(11) DEFAULT NULL,
  `fk_statut` smallint(6) DEFAULT '0',
  `duree` double DEFAULT NULL,
  `description` text,
  `note_private` text,
  `note_public` text,
  `model_pdf` varchar(255) DEFAULT NULL,
  `extraparams` varchar(255) DEFAULT NULL,
  PRIMARY KEY (`rowid`),
  UNIQUE KEY `uk_fichinter_ref` (`ref`,`entity`),
  KEY `idx_fichinter_fk_soc` (`fk_soc`),
  CONSTRAINT `fk_fichinter_fk_soc` FOREIGN KEY (`fk_soc`) REFERENCES `llx_societe` (`rowid`)
) ENGINE=InnoDB AUTO_INCREMENT=3 DEFAULT CHARSET=utf8;

--
-- Dumping data for table `llx_fichinter`
--

INSERT INTO `llx_fichinter` VALUES (1,2,1,0,'FI1007-0001',1,'2010-07-08 23:51:54','2010-07-09 01:42:41','2010-07-09 01:51:54',NULL,1,1,1,51000,NULL,NULL,NULL,'soleil',NULL),(2,1,NULL,0,'FI1007-0002',1,'2012-12-08 13:11:07','2010-07-11 16:07:51',NULL,NULL,1,NULL,0,3600,'ferfrefeferf',NULL,NULL,'soleil',NULL);

--
-- Table structure for table `llx_fichinter_extrafields`
--

CREATE TABLE `llx_fichinter_extrafields` (
  `rowid` int(11) NOT NULL AUTO_INCREMENT,
  `tms` timestamp NOT NULL DEFAULT CURRENT_TIMESTAMP ON UPDATE CURRENT_TIMESTAMP,
  `fk_object` int(11) NOT NULL,
  `import_key` varchar(14) DEFAULT NULL,
  PRIMARY KEY (`rowid`),
  KEY `idx_ficheinter_extrafields` (`fk_object`)
) ENGINE=InnoDB DEFAULT CHARSET=latin1;

--
-- Dumping data for table `llx_fichinter_extrafields`
--


--
-- Table structure for table `llx_fichinterdet`
--

CREATE TABLE `llx_fichinterdet` (
  `rowid` int(11) NOT NULL AUTO_INCREMENT,
  `fk_fichinter` int(11) DEFAULT NULL,
  `fk_parent_line` int(11) DEFAULT NULL,
  `date` datetime DEFAULT NULL,
  `description` text,
  `duree` int(11) DEFAULT NULL,
  `rang` int(11) DEFAULT '0',
  PRIMARY KEY (`rowid`),
  KEY `idx_fichinterdet_fk_fichinter` (`fk_fichinter`),
  CONSTRAINT `fk_fichinterdet_fk_fichinter` FOREIGN KEY (`fk_fichinter`) REFERENCES `llx_fichinter` (`rowid`)
) ENGINE=InnoDB AUTO_INCREMENT=4 DEFAULT CHARSET=utf8;

--
-- Dumping data for table `llx_fichinterdet`
--

INSERT INTO `llx_fichinterdet` VALUES (1,1,NULL,'2010-07-07 04:00:00','Intervention sur site',3600,0),(2,1,NULL,'2010-07-08 11:00:00','Autre',47400,0),(3,2,NULL,'2010-07-11 05:00:00','Pres',3600,0);

--
-- Table structure for table `llx_filemanager_roots`
--

CREATE TABLE `llx_filemanager_roots` (
  `rowid` int(11) NOT NULL AUTO_INCREMENT,
  `datec` datetime DEFAULT NULL,
  `rootlabel` varchar(64) DEFAULT NULL,
  `rootpath` text,
  `note` text,
  `position` int(11) DEFAULT NULL,
  `entity` int(11) DEFAULT NULL,
  PRIMARY KEY (`rowid`),
  UNIQUE KEY `idx_filemanager_root` (`rootlabel`)
) ENGINE=InnoDB DEFAULT CHARSET=utf8;

--
-- Dumping data for table `llx_filemanager_roots`
--


--
-- Table structure for table `llx_holiday`
--

CREATE TABLE `llx_holiday` (
  `rowid` int(11) NOT NULL AUTO_INCREMENT,
  `fk_user` int(11) NOT NULL,
  `date_create` datetime NOT NULL,
  `description` varchar(255) NOT NULL,
  `date_debut` date NOT NULL,
  `date_fin` date NOT NULL,
  `halfday` int(11) DEFAULT '0',
  `statut` int(11) NOT NULL DEFAULT '1',
  `fk_validator` int(11) NOT NULL,
  `date_valid` datetime DEFAULT NULL,
  `fk_user_valid` int(11) DEFAULT NULL,
  `date_refuse` datetime DEFAULT NULL,
  `fk_user_refuse` int(11) DEFAULT NULL,
  `date_cancel` datetime DEFAULT NULL,
  `fk_user_cancel` int(11) DEFAULT NULL,
  `detail_refuse` varchar(250) DEFAULT NULL,
  `note_private` text,
  `note_public` text,
  `note` text,
  PRIMARY KEY (`rowid`),
  KEY `idx_holiday_fk_user` (`fk_user`),
  KEY `idx_holiday_date_debut` (`date_debut`),
  KEY `idx_holiday_date_fin` (`date_fin`)
) ENGINE=InnoDB AUTO_INCREMENT=5 DEFAULT CHARSET=utf8;

--
-- Dumping data for table `llx_holiday`
--

INSERT INTO `llx_holiday` VALUES (1,1,'2013-02-17 19:06:35','gdf','2013-02-10','2013-02-11',0,3,1,'2013-02-17 19:06:57',1,NULL,NULL,NULL,NULL,NULL,NULL,NULL,NULL);

--
-- Table structure for table `llx_holiday_config`
--

CREATE TABLE `llx_holiday_config` (
  `rowid` int(11) NOT NULL AUTO_INCREMENT,
  `name` varchar(255) NOT NULL,
  `value` text,
  PRIMARY KEY (`rowid`),
  UNIQUE KEY `name` (`name`)
) ENGINE=InnoDB AUTO_INCREMENT=9 DEFAULT CHARSET=utf8;

--
-- Dumping data for table `llx_holiday_config`
--

INSERT INTO `llx_holiday_config` VALUES (1,'userGroup','1'),(2,'lastUpdate','20130301231231'),(3,'nbUser','8'),(4,'delayForRequest','31'),(5,'AlertValidatorDelay','0'),(6,'AlertValidatorSolde','0'),(7,'nbHolidayDeducted','1'),(8,'nbHolidayEveryMonth','2.08334');

--
-- Table structure for table `llx_holiday_events`
--

CREATE TABLE `llx_holiday_events` (
  `rowid` int(11) NOT NULL AUTO_INCREMENT,
  `entity` int(11) NOT NULL DEFAULT '1',
  `name` varchar(255) NOT NULL,
  `value` text NOT NULL,
  PRIMARY KEY (`rowid`),
  UNIQUE KEY `uk_holiday_name` (`name`,`entity`)
) ENGINE=InnoDB DEFAULT CHARSET=utf8;

--
-- Dumping data for table `llx_holiday_events`
--


--
-- Table structure for table `llx_holiday_logs`
--

CREATE TABLE `llx_holiday_logs` (
  `rowid` int(11) NOT NULL AUTO_INCREMENT,
  `date_action` datetime NOT NULL,
  `fk_user_action` int(11) NOT NULL,
  `fk_user_update` int(11) NOT NULL,
  `type_action` varchar(255) NOT NULL,
  `prev_solde` varchar(255) NOT NULL,
  `new_solde` varchar(255) NOT NULL,
  PRIMARY KEY (`rowid`)
) ENGINE=InnoDB AUTO_INCREMENT=145 DEFAULT CHARSET=utf8;

--
-- Dumping data for table `llx_holiday_logs`
--

INSERT INTO `llx_holiday_logs` VALUES (1,'2013-01-17 21:03:15',1,1,'Event : Mise à jour mensuelle','0.00','2.08'),(2,'2013-01-17 21:03:15',1,2,'Event : Mise à jour mensuelle','0.00','2.08'),(3,'2013-01-17 21:03:15',1,3,'Event : Mise à jour mensuelle','0.00','2.08'),(4,'2013-02-01 09:53:26',1,1,'Event : Mise à jour mensuelle','2.08','4.16'),(5,'2013-02-01 09:53:26',1,2,'Event : Mise à jour mensuelle','2.08','4.16'),(6,'2013-02-01 09:53:26',1,3,'Event : Mise à jour mensuelle','2.08','4.16'),(7,'2013-02-01 09:53:26',1,1,'Event : Mise à jour mensuelle','4.17','6.25'),(8,'2013-02-01 09:53:26',1,2,'Event : Mise à jour mensuelle','4.17','6.25'),(9,'2013-02-01 09:53:26',1,3,'Event : Mise à jour mensuelle','4.17','6.25'),(10,'2013-02-01 09:53:26',1,4,'Event : Mise à jour mensuelle','0.00','2.08'),(11,'2013-02-01 09:53:31',1,1,'Event : Mise à jour mensuelle','6.25','8.33'),(12,'2013-02-01 09:53:31',1,2,'Event : Mise à jour mensuelle','6.25','8.33'),(13,'2013-02-01 09:53:31',1,3,'Event : Mise à jour mensuelle','6.25','8.33'),(14,'2013-02-01 09:53:31',1,4,'Event : Mise à jour mensuelle','2.08','4.16'),(15,'2013-02-01 09:53:31',1,1,'Event : Mise à jour mensuelle','8.33','10.41'),(16,'2013-02-01 09:53:31',1,2,'Event : Mise à jour mensuelle','8.33','10.41'),(17,'2013-02-01 09:53:31',1,3,'Event : Mise à jour mensuelle','8.33','10.41'),(18,'2013-02-01 09:53:31',1,4,'Event : Mise à jour mensuelle','4.17','6.25'),(19,'2013-02-01 09:53:33',1,1,'Event : Mise à jour mensuelle','10.42','12.50'),(20,'2013-02-01 09:53:33',1,2,'Event : Mise à jour mensuelle','10.42','12.50'),(21,'2013-02-01 09:53:33',1,3,'Event : Mise à jour mensuelle','10.42','12.50'),(22,'2013-02-01 09:53:33',1,4,'Event : Mise à jour mensuelle','6.25','8.33'),(23,'2013-02-01 09:53:34',1,1,'Event : Mise à jour mensuelle','12.50','14.58'),(24,'2013-02-01 09:53:34',1,2,'Event : Mise à jour mensuelle','12.50','14.58'),(25,'2013-02-01 09:53:34',1,3,'Event : Mise à jour mensuelle','12.50','14.58'),(26,'2013-02-01 09:53:34',1,4,'Event : Mise à jour mensuelle','8.33','10.41'),(27,'2013-02-01 09:53:34',1,1,'Event : Mise à jour mensuelle','14.58','16.66'),(28,'2013-02-01 09:53:34',1,2,'Event : Mise à jour mensuelle','14.58','16.66'),(29,'2013-02-01 09:53:34',1,3,'Event : Mise à jour mensuelle','14.58','16.66'),(30,'2013-02-01 09:53:34',1,4,'Event : Mise à jour mensuelle','10.42','12.50'),(31,'2013-02-01 09:53:36',1,1,'Event : Mise à jour mensuelle','16.67','18.75'),(32,'2013-02-01 09:53:36',1,2,'Event : Mise à jour mensuelle','16.67','18.75'),(33,'2013-02-01 09:53:36',1,3,'Event : Mise à jour mensuelle','16.67','18.75'),(34,'2013-02-01 09:53:36',1,4,'Event : Mise à jour mensuelle','12.50','14.58'),(35,'2013-02-01 09:53:36',1,1,'Event : Mise à jour mensuelle','18.75','20.83'),(36,'2013-02-01 09:53:36',1,2,'Event : Mise à jour mensuelle','18.75','20.83'),(37,'2013-02-01 09:53:36',1,3,'Event : Mise à jour mensuelle','18.75','20.83'),(38,'2013-02-01 09:53:36',1,4,'Event : Mise à jour mensuelle','14.58','16.66'),(39,'2013-02-01 09:53:37',1,1,'Event : Mise à jour mensuelle','20.83','22.91'),(40,'2013-02-01 09:53:37',1,2,'Event : Mise à jour mensuelle','20.83','22.91'),(41,'2013-02-01 09:53:37',1,3,'Event : Mise à jour mensuelle','20.83','22.91'),(42,'2013-02-01 09:53:37',1,4,'Event : Mise à jour mensuelle','16.67','18.75'),(43,'2013-02-01 09:53:37',1,1,'Event : Mise à jour mensuelle','22.92','25.00'),(44,'2013-02-01 09:53:37',1,2,'Event : Mise à jour mensuelle','22.92','25.00'),(45,'2013-02-01 09:53:37',1,3,'Event : Mise à jour mensuelle','22.92','25.00'),(46,'2013-02-01 09:53:37',1,4,'Event : Mise à jour mensuelle','18.75','20.83'),(47,'2013-02-01 09:53:44',1,1,'Event : Mise à jour mensuelle','25.00','27.08'),(48,'2013-02-01 09:53:44',1,2,'Event : Mise à jour mensuelle','25.00','27.08'),(49,'2013-02-01 09:53:44',1,3,'Event : Mise à jour mensuelle','25.00','27.08'),(50,'2013-02-01 09:53:44',1,4,'Event : Mise à jour mensuelle','20.83','22.91'),(51,'2013-02-01 09:53:47',1,1,'Event : Mise à jour mensuelle','27.08','29.16'),(52,'2013-02-01 09:53:47',1,2,'Event : Mise à jour mensuelle','27.08','29.16'),(53,'2013-02-01 09:53:47',1,3,'Event : Mise à jour mensuelle','27.08','29.16'),(54,'2013-02-01 09:53:47',1,4,'Event : Mise à jour mensuelle','22.92','25.00'),(55,'2013-02-01 09:53:47',1,1,'Event : Mise à jour mensuelle','29.17','31.25'),(56,'2013-02-01 09:53:47',1,2,'Event : Mise à jour mensuelle','29.17','31.25'),(57,'2013-02-01 09:53:47',1,3,'Event : Mise à jour mensuelle','29.17','31.25'),(58,'2013-02-01 09:53:47',1,4,'Event : Mise à jour mensuelle','25.00','27.08'),(59,'2013-02-01 09:53:49',1,1,'Event : Mise à jour mensuelle','31.25','33.33'),(60,'2013-02-01 09:53:49',1,2,'Event : Mise à jour mensuelle','31.25','33.33'),(61,'2013-02-01 09:53:49',1,3,'Event : Mise à jour mensuelle','31.25','33.33'),(62,'2013-02-01 09:53:49',1,4,'Event : Mise à jour mensuelle','27.08','29.16'),(63,'2013-02-01 09:53:52',1,1,'Event : Mise à jour mensuelle','33.33','35.41'),(64,'2013-02-01 09:53:52',1,2,'Event : Mise à jour mensuelle','33.33','35.41'),(65,'2013-02-01 09:53:52',1,3,'Event : Mise à jour mensuelle','33.33','35.41'),(66,'2013-02-01 09:53:52',1,4,'Event : Mise à jour mensuelle','29.17','31.25'),(67,'2013-02-01 09:53:52',1,1,'Event : Mise à jour mensuelle','35.42','37.50'),(68,'2013-02-01 09:53:52',1,2,'Event : Mise à jour mensuelle','35.42','37.50'),(69,'2013-02-01 09:53:52',1,3,'Event : Mise à jour mensuelle','35.42','37.50'),(70,'2013-02-01 09:53:52',1,4,'Event : Mise à jour mensuelle','31.25','33.33'),(71,'2013-02-01 09:53:53',1,1,'Event : Mise à jour mensuelle','37.50','39.58'),(72,'2013-02-01 09:53:53',1,2,'Event : Mise à jour mensuelle','37.50','39.58'),(73,'2013-02-01 09:53:53',1,3,'Event : Mise à jour mensuelle','37.50','39.58'),(74,'2013-02-01 09:53:53',1,4,'Event : Mise à jour mensuelle','33.33','35.41'),(75,'2013-02-01 09:53:54',1,1,'Event : Mise à jour mensuelle','39.58','41.66'),(76,'2013-02-01 09:53:54',1,2,'Event : Mise à jour mensuelle','39.58','41.66'),(77,'2013-02-01 09:53:54',1,3,'Event : Mise à jour mensuelle','39.58','41.66'),(78,'2013-02-01 09:53:54',1,4,'Event : Mise à jour mensuelle','35.42','37.50'),(79,'2013-02-01 09:53:54',1,1,'Event : Mise à jour mensuelle','41.67','43.75'),(80,'2013-02-01 09:53:54',1,2,'Event : Mise à jour mensuelle','41.67','43.75'),(81,'2013-02-01 09:53:54',1,3,'Event : Mise à jour mensuelle','41.67','43.75'),(82,'2013-02-01 09:53:54',1,4,'Event : Mise à jour mensuelle','37.50','39.58'),(83,'2013-02-01 09:55:49',1,1,'Event : Mise à jour mensuelle','43.75','45.83'),(84,'2013-02-01 09:55:49',1,2,'Event : Mise à jour mensuelle','43.75','45.83'),(85,'2013-02-01 09:55:49',1,3,'Event : Mise à jour mensuelle','43.75','45.83'),(86,'2013-02-01 09:55:49',1,4,'Event : Mise à jour mensuelle','39.58','41.66'),(87,'2013-02-01 09:55:56',1,1,'Event : Mise à jour mensuelle','45.83','47.91'),(88,'2013-02-01 09:55:56',1,2,'Event : Mise à jour mensuelle','45.83','47.91'),(89,'2013-02-01 09:55:56',1,3,'Event : Mise à jour mensuelle','45.83','47.91'),(90,'2013-02-01 09:55:56',1,4,'Event : Mise à jour mensuelle','41.67','43.75'),(91,'2013-02-01 09:56:01',1,1,'Event : Mise à jour mensuelle','47.92','50.00'),(92,'2013-02-01 09:56:01',1,2,'Event : Mise à jour mensuelle','47.92','50.00'),(93,'2013-02-01 09:56:01',1,3,'Event : Mise à jour mensuelle','47.92','50.00'),(94,'2013-02-01 09:56:01',1,4,'Event : Mise à jour mensuelle','43.75','45.83'),(95,'2013-02-01 09:56:01',1,1,'Event : Mise à jour mensuelle','50.00','52.08'),(96,'2013-02-01 09:56:01',1,2,'Event : Mise à jour mensuelle','50.00','52.08'),(97,'2013-02-01 09:56:01',1,3,'Event : Mise à jour mensuelle','50.00','52.08'),(98,'2013-02-01 09:56:01',1,4,'Event : Mise à jour mensuelle','45.83','47.91'),(99,'2013-02-01 09:56:03',1,1,'Event : Mise à jour mensuelle','52.08','54.16'),(100,'2013-02-01 09:56:03',1,2,'Event : Mise à jour mensuelle','52.08','54.16'),(101,'2013-02-01 09:56:03',1,3,'Event : Mise à jour mensuelle','52.08','54.16'),(102,'2013-02-01 09:56:03',1,4,'Event : Mise à jour mensuelle','47.92','50.00'),(103,'2013-02-01 09:56:03',1,1,'Event : Mise à jour mensuelle','54.17','56.25'),(104,'2013-02-01 09:56:03',1,2,'Event : Mise à jour mensuelle','54.17','56.25'),(105,'2013-02-01 09:56:03',1,3,'Event : Mise à jour mensuelle','54.17','56.25'),(106,'2013-02-01 09:56:03',1,4,'Event : Mise à jour mensuelle','50.00','52.08'),(107,'2013-02-01 09:56:05',1,1,'Event : Mise à jour mensuelle','56.25','58.33'),(108,'2013-02-01 09:56:05',1,2,'Event : Mise à jour mensuelle','56.25','58.33'),(109,'2013-02-01 09:56:05',1,3,'Event : Mise à jour mensuelle','56.25','58.33'),(110,'2013-02-01 09:56:05',1,4,'Event : Mise à jour mensuelle','52.08','54.16'),(111,'2013-02-01 09:56:06',1,1,'Event : Mise à jour mensuelle','58.33','60.41'),(112,'2013-02-01 09:56:06',1,2,'Event : Mise à jour mensuelle','58.33','60.41'),(113,'2013-02-01 09:56:06',1,3,'Event : Mise à jour mensuelle','58.33','60.41'),(114,'2013-02-01 09:56:06',1,4,'Event : Mise à jour mensuelle','54.17','56.25'),(115,'2013-02-01 09:56:06',1,1,'Event : Mise à jour mensuelle','60.42','62.50'),(116,'2013-02-01 09:56:06',1,2,'Event : Mise à jour mensuelle','60.42','62.50'),(117,'2013-02-01 09:56:06',1,3,'Event : Mise à jour mensuelle','60.42','62.50'),(118,'2013-02-01 09:56:06',1,4,'Event : Mise à jour mensuelle','56.25','58.33'),(119,'2013-02-01 09:56:07',1,1,'Event : Mise à jour mensuelle','62.50','64.58'),(120,'2013-02-01 09:56:07',1,2,'Event : Mise à jour mensuelle','62.50','64.58'),(121,'2013-02-01 09:56:07',1,3,'Event : Mise à jour mensuelle','62.50','64.58'),(122,'2013-02-01 09:56:07',1,4,'Event : Mise à jour mensuelle','58.33','60.41'),(123,'2013-02-01 09:56:07',1,1,'Event : Mise à jour mensuelle','64.58','66.66'),(124,'2013-02-01 09:56:07',1,2,'Event : Mise à jour mensuelle','64.58','66.66'),(125,'2013-02-01 09:56:07',1,3,'Event : Mise à jour mensuelle','64.58','66.66'),(126,'2013-02-01 09:56:07',1,4,'Event : Mise à jour mensuelle','60.42','62.50'),(127,'2013-02-01 09:56:50',1,1,'Event : Mise à jour mensuelle','66.67','68.75'),(128,'2013-02-01 09:56:50',1,2,'Event : Mise à jour mensuelle','66.67','68.75'),(129,'2013-02-01 09:56:50',1,3,'Event : Mise à jour mensuelle','66.67','68.75'),(130,'2013-02-01 09:56:50',1,4,'Event : Mise à jour mensuelle','62.50','64.58'),(131,'2013-02-01 09:56:50',1,1,'Event : Mise à jour mensuelle','68.75','70.83'),(132,'2013-02-01 09:56:50',1,2,'Event : Mise à jour mensuelle','68.75','70.83'),(133,'2013-02-01 09:56:50',1,3,'Event : Mise à jour mensuelle','68.75','70.83'),(134,'2013-02-01 09:56:50',1,4,'Event : Mise à jour mensuelle','64.58','66.66'),(135,'2013-02-17 18:49:21',1,1,'Event : Mise à jour mensuelle','70.83','72.91'),(136,'2013-02-17 18:49:21',1,2,'Event : Mise à jour mensuelle','70.83','72.91'),(137,'2013-02-17 18:49:21',1,3,'Event : Mise à jour mensuelle','70.83','72.91'),(138,'2013-02-17 18:49:21',1,4,'Event : Mise à jour mensuelle','66.67','68.75'),(139,'2013-02-17 19:06:57',1,1,'Event : Holiday','72.92','71.92'),(140,'2013-03-01 23:12:31',1,1,'Event : Mise à jour mensuelle','71.92','74.00'),(141,'2013-03-01 23:12:31',1,2,'Event : Mise à jour mensuelle','72.92','75.00'),(142,'2013-03-01 23:12:31',1,3,'Event : Mise à jour mensuelle','72.92','75.00'),(143,'2013-03-01 23:12:31',1,4,'Event : Mise à jour mensuelle','68.75','70.83'),(144,'2013-03-01 23:12:31',1,5,'Event : Mise à jour mensuelle','0.00','2.08');

--
